{"id":1647,"date":"2026-04-22T06:42:54","date_gmt":"2026-04-22T06:42:54","guid":{"rendered":""},"modified":"2026-04-22T06:43:04","modified_gmt":"2026-04-22T06:43:04","slug":"cialis-super-active-3","status":"publish","type":"product","link":"https:\/\/pharmacy-content.com\/?product=cialis-super-active-3&lang=fr","title":{"rendered":"Cialis Super Active"},"content":{"rendered":"<p>Cialis Super Active \u2013 (compos\u00e9 actif \u2014 Tadalafin 20 mg), identique au Cialis original, la particularit\u00e9 de ce m\u00e9dicament, consid\u00e9r\u00e9 comme une formule am\u00e9lior\u00e9e, est qu&#8217;il est commercialis\u00e9 sous forme de gel. Cette formule du m\u00e9dicament lui permet de p\u00e9n\u00e9trer imm\u00e9diatement dans le sang et garantit une grande efficacit\u00e9 contre les troubles de l&#8217;\u00e9rection. 1 comprim\u00e9 de Cialis Super Active agit pendant 36 heures. Dans ce laps de temps, il provoque 8 \u00e0 16 \u00e9rections. La dur\u00e9e de chaque rapport sexuel apr\u00e8s la prise de ce m\u00e9dicament est d&#8217;au moins 40 minutes. Principaux avantages de ce m\u00e9dicament : l&#8217;effet appara\u00eet en seulement 5 \u00e0 6 minutes avec un effet pouvant durer jusqu&#8217;\u00e0 2 jours. Cialis Super Active est efficace pour traiter les troubles de l&#8217;\u00e9rection provoqu\u00e9s par diff\u00e9rentes causes. Les hommes en bonne sant\u00e9 peuvent aussi prendre ce m\u00e9dicament pour am\u00e9liorer leurs \u00e9rections.<\/p>\n","protected":false},"excerpt":{"rendered":"<p>Cialis Super Active est un m\u00e9dicament g\u00e9n\u00e9rique indiqu\u00e9 contre la dysfonction \u00e9rectile qui contient 20 mg de tadalafil. Ce m\u00e9dicament est constitu\u00e9 de gel. Cette forme permet au compos\u00e9 actif, le tadalafil, d&#8217;entrer imm\u00e9diatement dans le flux sanguin pour un effet imm\u00e9diat. Les effets du Cialis Super Active apparaissent en 5 minutes ! L&#8217;effet dure deux jours. Ce m\u00e9dicament est s\u00fbr et n&#8217;a pas de contre-indications.<\/p>\n","protected":false},"featured_media":1631,"comment_status":"open","ping_status":"closed","template":"","meta":[],"product_brand":[],"product_cat":[120],"product_tag":[],"class_list":{"0":"post-1647","1":"product","2":"type-product","3":"status-publish","4":"has-post-thumbnail","6":"product_cat-dysfonction-erectile-fr","7":"pa_active_substance-tadalafil","9":"first","10":"instock","11":"shipping-taxable","12":"product-type-variable"},"jetpack_sharing_enabled":true,"_links":{"self":[{"href":"https:\/\/pharmacy-content.com\/index.php?rest_route=\/wp\/v2\/product\/1647","targetHints":{"allow":["GET"]}}],"collection":[{"href":"https:\/\/pharmacy-content.com\/index.php?rest_route=\/wp\/v2\/product"}],"about":[{"href":"https:\/\/pharmacy-content.com\/index.php?rest_route=\/wp\/v2\/types\/product"}],"replies":[{"embeddable":true,"href":"https:\/\/pharmacy-content.com\/index.php?rest_route=%2Fwp%2Fv2%2Fcomments&post=1647"}],"wp:featuredmedia":[{"embeddable":true,"href":"https:\/\/pharmacy-content.com\/index.php?rest_route=\/wp\/v2\/media\/1631"}],"wp:attachment":[{"href":"https:\/\/pharmacy-content.com\/index.php?rest_route=%2Fwp%2Fv2%2Fmedia&parent=1647"}],"wp:term":[{"taxonomy":"product_brand","embeddable":true,"href":"https:\/\/pharmacy-content.com\/index.php?rest_route=%2Fwp%2Fv2%2Fproduct_brand&post=1647"},{"taxonomy":"product_cat","embeddable":true,"href":"https:\/\/pharmacy-content.com\/index.php?rest_route=%2Fwp%2Fv2%2Fproduct_cat&post=1647"},{"taxonomy":"product_tag","embeddable":true,"href":"https:\/\/pharmacy-content.com\/index.php?rest_route=%2Fwp%2Fv2%2Fproduct_tag&post=1647"}],"curies":[{"name":"wp","href":"https:\/\/api.w.org\/{rel}","templated":true}]}}