{"id":1679,"date":"2026-04-22T06:42:58","date_gmt":"2026-04-22T06:42:58","guid":{"rendered":""},"modified":"2026-04-22T06:43:04","modified_gmt":"2026-04-22T06:43:04","slug":"cialis-super-active-7","status":"publish","type":"product","link":"https:\/\/pharmacy-content.com\/?product=cialis-super-active-7&lang=pt","title":{"rendered":"Cialis Super Active"},"content":{"rendered":"<p>Cialis Super Active &#8211; (princ\u00edpio ativo \u2014 Tadalafina 20 mg), o mesmo presente no medicamento Cialis padr\u00e3o, distingue-se pela sua f\u00f3rmula melhorada, apresentada sob a forma de gel encapsulado. Esta forma de administra\u00e7\u00e3o permite que o medicamento entre imediatamente na corrente sangu\u00ednea, garantindo uma elevada efic\u00e1cia no tratamento da disfun\u00e7\u00e3o er\u00e9til de diversos tipos. 1 c\u00e1psula de Cialis Super Active atua durante 36 horas. Durante esse per\u00edodo, pode provocar entre 8 e 16 ere\u00e7\u00f5es. A dura\u00e7\u00e3o de cada rela\u00e7\u00e3o sexual ap\u00f3s a toma deste medicamento \u00e9 de, pelo menos, 40 minutos. Principais vantagens do medicamento: resultados em apenas 5-6 minutos, dura\u00e7\u00e3o do per\u00edodo \u00fatil de a\u00e7\u00e3o &#8211; at\u00e9 dois dias, com condi\u00e7\u00f5es m\u00ednimas de admiss\u00e3o. O Cialis Super Active \u00e9 eficaz na presen\u00e7a de dist\u00farbios de ere\u00e7\u00e3o de diferentes origens. Homens saud\u00e1veis tamb\u00e9m podem tomar este medicamento para melhorar o desempenho.<\/p>\n","protected":false},"excerpt":{"rendered":"<p>Cialis Super Active \u00e9 um medicamento gen\u00e9rico contra a disfun\u00e7\u00e3o er\u00e9til que cont\u00e9m 20 mg de tadalafila. Os comprimidos desta s\u00e9rie possuem um gel no interior. Este permite que a subst\u00e2ncia ativa, a tadalafila, entre imediatamente na corrente sangu\u00ednea, proporcionando assim um efeito r\u00e1pido. O resultado dos comprimidos de Cialis Super Active surge ap\u00f3s 5 minutos! O efeito pode durar at\u00e9 dois dias. O medicamento \u00e9 seguro e praticamente n\u00e3o apresenta contraindica\u00e7\u00f5es.<\/p>\n","protected":false},"featured_media":1631,"comment_status":"open","ping_status":"closed","template":"","meta":[],"product_brand":[],"product_cat":[132],"product_tag":[],"class_list":{"0":"post-1679","1":"product","2":"type-product","3":"status-publish","4":"has-post-thumbnail","6":"product_cat-disfuncao-eretil-pt","7":"pa_active_substance-tadalafil","9":"first","10":"instock","11":"shipping-taxable","12":"product-type-variable"},"jetpack_sharing_enabled":true,"_links":{"self":[{"href":"https:\/\/pharmacy-content.com\/index.php?rest_route=\/wp\/v2\/product\/1679","targetHints":{"allow":["GET"]}}],"collection":[{"href":"https:\/\/pharmacy-content.com\/index.php?rest_route=\/wp\/v2\/product"}],"about":[{"href":"https:\/\/pharmacy-content.com\/index.php?rest_route=\/wp\/v2\/types\/product"}],"replies":[{"embeddable":true,"href":"https:\/\/pharmacy-content.com\/index.php?rest_route=%2Fwp%2Fv2%2Fcomments&post=1679"}],"wp:featuredmedia":[{"embeddable":true,"href":"https:\/\/pharmacy-content.com\/index.php?rest_route=\/wp\/v2\/media\/1631"}],"wp:attachment":[{"href":"https:\/\/pharmacy-content.com\/index.php?rest_route=%2Fwp%2Fv2%2Fmedia&parent=1679"}],"wp:term":[{"taxonomy":"product_brand","embeddable":true,"href":"https:\/\/pharmacy-content.com\/index.php?rest_route=%2Fwp%2Fv2%2Fproduct_brand&post=1679"},{"taxonomy":"product_cat","embeddable":true,"href":"https:\/\/pharmacy-content.com\/index.php?rest_route=%2Fwp%2Fv2%2Fproduct_cat&post=1679"},{"taxonomy":"product_tag","embeddable":true,"href":"https:\/\/pharmacy-content.com\/index.php?rest_route=%2Fwp%2Fv2%2Fproduct_tag&post=1679"}],"curies":[{"name":"wp","href":"https:\/\/api.w.org\/{rel}","templated":true}]}}