{"id":1703,"date":"2026-04-22T06:43:02","date_gmt":"2026-04-22T06:43:02","guid":{"rendered":""},"modified":"2026-04-22T06:43:05","modified_gmt":"2026-04-22T06:43:05","slug":"cialis-super-active-10","status":"publish","type":"product","link":"https:\/\/pharmacy-content.com\/?product=cialis-super-active-10&lang=cs","title":{"rendered":"Cialis Super Active"},"content":{"rendered":"<p>Cialis Super Active \u2013 (\u00fa\u010dinn\u00e1 l\u00e1tka \u2013 tadalafil 20 mg), stejn\u011b jako u standardn\u00edho l\u00e9ku Cialis se za charakteristickou vlastnost tohoto l\u00e9\u010diva pova\u017euje vylep\u0161en\u00e9 slo\u017een\u00ed ve form\u011b gelu um\u00edst\u011bn\u00e9ho v kapsli. Infuzn\u00ed forma l\u00e9ku umo\u017e\u0148uje okam\u017eit\u00e9 proniknut\u00ed l\u00e9ku do krevn\u00edho ob\u011bhu a garantuje vysokou \u00fa\u010dinnost l\u00e9\u010dby erektiln\u00ed dysfunkce r\u016fzn\u00fdch typ\u016f. 1 tableta Cialis Super Active \u00fa\u010dinkuje po dobu 36 hodin a b\u011bhem t\u00e9to doby dok\u00e1\u017ee vyvolat 8 a\u017e 16 erekc\u00ed. D\u00e9lka ka\u017ed\u00e9ho pohlavn\u00edho styku po u\u017eit\u00ed tohoto l\u00e9ku je nejm\u00e9n\u011b 40 minut. Hlavn\u00ed v\u00fdhody l\u00e9ku: n\u00e1stup \u00fa\u010dinku ji\u017e za 5-6 minut, d\u00e9lka \u00fa\u010dinku \u2013 a\u017e dva dny, minim\u00e1ln\u00ed omezen\u00ed u\u017e\u00edv\u00e1n\u00ed. Cialis Super Active je \u00fa\u010dinn\u00fd l\u00e9k v p\u0159\u00edpad\u011b poruch erekce nejr\u016fzn\u011bj\u0161\u00edho p\u016fvodu, p\u0159i\u010dem\u017e zdrav\u00ed mu\u017ei mohou tento l\u00e9k u\u017e\u00edvat i pro pos\u00edlen\u00ed erekce.<\/p>\n","protected":false},"excerpt":{"rendered":"<p>Cialis Super Active obsahuje 20 mg tadalafilu a jedn\u00e1 se o generick\u00fd l\u00e9k ur\u010den\u00fd na l\u00e9\u010dbu erektiln\u00ed dysfunkce. Uvnit\u0159 tablet t\u00e9to \u0159ady je obsa\u017een gel, d\u00edky kter\u00e9mu se \u00fa\u010dinn\u00e1 l\u00e1tka tadalafil okam\u017eit\u011b dost\u00e1v\u00e1 do krve a je tak dosa\u017eeno okam\u017eit\u00e9ho \u00fa\u010dinku. V\u00fdsledek u\u017e\u00edv\u00e1n\u00ed tablet Cialis Super Active se dostavuje ji\u017e po 5 minut\u00e1ch a p\u0159etrv\u00e1 po dva dny! L\u00e9k je bezpe\u010dn\u00fd a nem\u00e1 prakticky \u017e\u00e1dn\u00e9 kontraindikace.<\/p>\n","protected":false},"featured_media":1631,"comment_status":"open","ping_status":"closed","template":"","meta":[],"product_brand":[],"product_cat":[141],"product_tag":[],"class_list":{"0":"post-1703","1":"product","2":"type-product","3":"status-publish","4":"has-post-thumbnail","6":"product_cat-erektilni-dysfunkce-cs","7":"pa_active_substance-tadalafil","9":"first","10":"instock","11":"shipping-taxable","12":"product-type-variable"},"jetpack_sharing_enabled":true,"_links":{"self":[{"href":"https:\/\/pharmacy-content.com\/index.php?rest_route=\/wp\/v2\/product\/1703","targetHints":{"allow":["GET"]}}],"collection":[{"href":"https:\/\/pharmacy-content.com\/index.php?rest_route=\/wp\/v2\/product"}],"about":[{"href":"https:\/\/pharmacy-content.com\/index.php?rest_route=\/wp\/v2\/types\/product"}],"replies":[{"embeddable":true,"href":"https:\/\/pharmacy-content.com\/index.php?rest_route=%2Fwp%2Fv2%2Fcomments&post=1703"}],"wp:featuredmedia":[{"embeddable":true,"href":"https:\/\/pharmacy-content.com\/index.php?rest_route=\/wp\/v2\/media\/1631"}],"wp:attachment":[{"href":"https:\/\/pharmacy-content.com\/index.php?rest_route=%2Fwp%2Fv2%2Fmedia&parent=1703"}],"wp:term":[{"taxonomy":"product_brand","embeddable":true,"href":"https:\/\/pharmacy-content.com\/index.php?rest_route=%2Fwp%2Fv2%2Fproduct_brand&post=1703"},{"taxonomy":"product_cat","embeddable":true,"href":"https:\/\/pharmacy-content.com\/index.php?rest_route=%2Fwp%2Fv2%2Fproduct_cat&post=1703"},{"taxonomy":"product_tag","embeddable":true,"href":"https:\/\/pharmacy-content.com\/index.php?rest_route=%2Fwp%2Fv2%2Fproduct_tag&post=1703"}],"curies":[{"name":"wp","href":"https:\/\/api.w.org\/{rel}","templated":true}]}}