{"id":2398,"date":"2026-04-22T06:45:51","date_gmt":"2026-04-22T06:45:51","guid":{"rendered":""},"modified":"2026-04-22T06:46:00","modified_gmt":"2026-04-22T06:46:00","slug":"avana-2","status":"publish","type":"product","link":"https:\/\/pharmacy-content.com\/?product=avana-2&lang=de","title":{"rendered":"Avana"},"content":{"rendered":"<p>Allgemeine Anwendung<\/p>\n<p>Avana oder Avanafil ist ein wirksames Medikament zur Behandlung der erektilen Dysfunktion bei M\u00e4nnern jeden Alters. Es handelt sich um einen Phosphodiesterasehemmer, der in den USA unter dem Markennamen Avana vermarktet und verkauft wird.<\/p>\n<p>Dosierung und Anwendung<\/p>\n<p>Die empfohlene Dosis von Avana ist eine 100-mg-Pille vor der geplanten sexuellen Aktivit\u00e4t. Allerdings kann die Dosierung je nach individueller Indikation variieren. Es wird jedoch die minimal wirksame Dosis empfohlen. Patienten sollten Avana nicht \u00f6fter als einmal t\u00e4glich einnehmen.<\/p>\n<p>Vorsichtsma\u00dfnahmen<\/p>\n<p>Sie sollten Ihren Arzt konsultieren, bevor Sie Avana zur Behandlung Ihrer erektilen Dysfunktion anwenden. Die zugrunde liegenden Probleme k\u00f6nnen anderer Art sein, weshalb der Einsatz von Avana weniger effektiv ist als gew\u00f6hnlich. Sie sollten Ihren Arzt konsultieren und Ihren Herz-Kreislauf-Zustand und andere Erkrankungen untersuchen, um m\u00f6glichen Nebenwirkungen des Medikaments vorzubeugen und die Behandlung so effektiv wie m\u00f6glich zu gestalten.<\/p>\n<p>Kontraindikationen<\/p>\n<p>Avana (Avanafil) sollte nicht zusammen eingenommen werden mit jeglicher Art von organischen Nitraten wegen des erh\u00f6hten Risikos einer Hypotonie. Nitrate k\u00f6nnen fr\u00fchestens 12 Stunden nach der Anwendung von Avana eingenommen werden. Jede Art von \u00dcberempfindlichkeit gegen das Arzneimittel macht die Verabreichung von Avana unm\u00f6glich.<\/p>\n<p>M\u00f6gliche Nebenwirkungen<\/p>\n<p>Zu den h\u00e4ufigsten Nebenwirkungen von Avana geh\u00f6ren Kopfschmerzen (5 % der Anwender) und Hitzewallungen (bis zu 4 % der Anwender). Benutzer). Weitere Nebenwirkungen des Medikaments sind verstopfte Nase, R\u00fcckenschmerzen und Magen-Darm-Probleme. Die meisten dieser negativen Auswirkungen k\u00f6nnen vermieden werden, indem der Arzt die Dosis an Ihre individuellen Bed\u00fcrfnisse anpasst.<\/p>\n<p>Wechselwirkungen mit anderen Arzneimitteln<\/p>\n<p>Avana sollte nicht zusammen mit organischen Nitraten, Alkohol, Alphablockern oder blutdrucksenkenden Mitteln eingenommen werden. Die Wechselwirkung kann durch das Mischen dieser Medikamente zu Hypotonie f\u00fchren.<\/p>\n<p>Verpasste Dosis<\/p>\n<p>Bei Patienten, die die Avana-Dosis vergessen haben, wurde kein negativer therapeutischer Effekt beobachtet. Das Medikament macht nicht s\u00fcchtig und hat eine einmalige Wirkung.<\/p>\n<p>\u00dcberdosierung<\/p>\n<p>\u00dcberdosieren Sie das Medikament nicht! Eine \u00dcberdosierung von Avana kann dazu f\u00fchren, dass sich die Nebenwirkungen bei h\u00f6herer St\u00e4rke bemerkbar machen. Sie k\u00f6nnen Schwindel, Schl\u00e4frigkeit, M\u00fcdigkeit und andere \u00dcberdosierungssymptome versp\u00fcren. Wenn Sie Hitzewallungen, Kopf- oder R\u00fcckenschmerzen versp\u00fcren, wenden Sie sich sofort an einen Arzt, um Anweisungen zu erhalten.<\/p>\n<p>Lagerung<\/p>\n<p>Bewahren Sie Avana an einem trockenen, dunklen Ort, au\u00dferhalb der Reichweite von Kindern, bei Raumtemperatur auf.<\/p>\n<p>Haftungsausschluss<\/p>\n<p>Wir bieten nur allgemeine Informationen zu Medikamenten, die nicht alle Anwendungsgebiete, m\u00f6gliche Arzneimittelkombinationen oder Vorsichtsma\u00dfnahmen abdecken. Die Informationen auf der Website k\u00f6nnen nicht zur Selbstbehandlung und Selbstdiagnose verwendet werden. Spezifische Anweisungen f\u00fcr einen bestimmten Patienten sollten mit Ihrem Gesundheitsberater oder dem f\u00fcr den Fall zust\u00e4ndigen Arzt vereinbart werden. Wir lehnen die Zuverl\u00e4ssigkeit dieser Informationen und die darin enthaltenen Fehler ab. Wir haften nicht f\u00fcr direkte, indirekte, besondere oder sonstige indirekte Sch\u00e4den, die sich aus der Nutzung der Informationen auf dieser Website ergeben und auch nicht f\u00fcr Folgen der Selbstbehandlung.<\/p>\n","protected":false},"excerpt":{"rendered":"<p>Avana Generisch ist ein modernes Markenmedikament zur gezielten Behandlung der erektilen Dysfunktion. Es wirkt schneller und st\u00e4rker als viele andere bekannte Potenzmittel. Die Verwendung von Avana bietet eine schnelle, sichere und zuverl\u00e4ssige L\u00f6sung f\u00fcr Potenzprobleme. Dadurch sind wieder langanhaltende und starke Erektionen m\u00f6glich.<\/p>\n","protected":false},"featured_media":2392,"comment_status":"open","ping_status":"closed","template":"","meta":[],"product_brand":[],"product_cat":[117],"product_tag":[],"class_list":{"0":"post-2398","1":"product","2":"type-product","3":"status-publish","4":"has-post-thumbnail","6":"product_cat-erektile-dysfunktion-de","7":"pa_active_substance-avanafil","9":"first","10":"instock","11":"shipping-taxable","12":"product-type-variable"},"jetpack_sharing_enabled":true,"_links":{"self":[{"href":"https:\/\/pharmacy-content.com\/index.php?rest_route=\/wp\/v2\/product\/2398","targetHints":{"allow":["GET"]}}],"collection":[{"href":"https:\/\/pharmacy-content.com\/index.php?rest_route=\/wp\/v2\/product"}],"about":[{"href":"https:\/\/pharmacy-content.com\/index.php?rest_route=\/wp\/v2\/types\/product"}],"replies":[{"embeddable":true,"href":"https:\/\/pharmacy-content.com\/index.php?rest_route=%2Fwp%2Fv2%2Fcomments&post=2398"}],"wp:featuredmedia":[{"embeddable":true,"href":"https:\/\/pharmacy-content.com\/index.php?rest_route=\/wp\/v2\/media\/2392"}],"wp:attachment":[{"href":"https:\/\/pharmacy-content.com\/index.php?rest_route=%2Fwp%2Fv2%2Fmedia&parent=2398"}],"wp:term":[{"taxonomy":"product_brand","embeddable":true,"href":"https:\/\/pharmacy-content.com\/index.php?rest_route=%2Fwp%2Fv2%2Fproduct_brand&post=2398"},{"taxonomy":"product_cat","embeddable":true,"href":"https:\/\/pharmacy-content.com\/index.php?rest_route=%2Fwp%2Fv2%2Fproduct_cat&post=2398"},{"taxonomy":"product_tag","embeddable":true,"href":"https:\/\/pharmacy-content.com\/index.php?rest_route=%2Fwp%2Fv2%2Fproduct_tag&post=2398"}],"curies":[{"name":"wp","href":"https:\/\/api.w.org\/{rel}","templated":true}]}}