{"id":2873,"date":"2026-04-22T06:47:07","date_gmt":"2026-04-22T06:47:07","guid":{"rendered":""},"modified":"2026-04-22T06:47:10","modified_gmt":"2026-04-22T06:47:10","slug":"cenforce-soft-9","status":"publish","type":"product","link":"https:\/\/pharmacy-content.com\/nl\/product\/cenforce-soft-9\/","title":{"rendered":"Cenforce Soft"},"content":{"rendered":"<p>Algemeen gebruik<br \/>\nSildenafil Citraat is het hoofdbestanddeel van Cenforce Soft.<br \/>\nSildenafil Citraat be\u00efnvloedt de reactie op seksuele stimulatie. Het werkt door de ontspanning van de gladde spieren te verbeteren met behulp van stikstofmonoxide, een chemische stof die normaal gesproken vrijkomt als reactie op seksuele stimulatie. Deze ontspanning van de gladde spieren zorgt voor een verhoogde bloedtoevoer naar bepaalde delen van de penis, wat leidt tot een erectie.<br \/>\nSildenafil Citraat wordt toegepast voor de behandeling van erectiestoornissen (impotentie) bij mannen en pulmonale arteri\u00eble hypertensie.<br \/>\nSildenafil Citraat kan ook gebruikt worden voor andere doeleinden die hierboven niet zijn vermeld.<\/p>\n<p>Dosering en richting<br \/>\nCenforce Soft wordt ongeveer 15-20 minuten v\u00f3\u00f3r seksuele activiteit ingenomen. Gebruik Cenforce niet vaker dan \u00e9\u00e9n keer per dag.<br \/>\nEen vetrijke maaltijd kan de werkingsduur van dit medicijn vertragen.<br \/>\nProbeer geen grapefruit te eten of grapefruitsap te drinken terwijl u wordt behandeld met Sildenafil Citraat.<\/p>\n<p>Voorzorgsmaatregelen<br \/>\nInformeer uw arts of apotheker voordat u Sildenafil Citraat gaat gebruiken als u daarvoor allergisch bent; of als u andere allergie\u00ebn heeft.<br \/>\nOudere mensen kunnen gevoeliger zijn voor de bijwerkingen van het medicijn.<\/p>\n<p>Contra-indicaties<br \/>\nCenforce Soft is gecontra-indiceerd bij pati\u00ebnten die een ander medicijn gebruiken om impotentie te behandelen of een nitraatmedicijn gebruiken voor pijn op de borst of het hart problemen.<br \/>\nDit geneesmiddel mag niet worden ingenomen door vrouwen en kinderen, en ook niet door pati\u00ebnten met een bekende overgevoeligheid voor enig bestanddeel van de tablet.<\/p>\n<p>Mogelijke bijwerking<br \/>\nDe meest voorkomende bijwerkingen zijn hoofdpijn, blozen, brandend maagzuur en maagklachten verstopte neus, duizeligheid, duizeligheid of diarree.<br \/>\nEen ernstige allergische reactie op dit medicijn komt zeer zelden voor, maar zoek onmiddellijk medische hulp als dit optreedt.<br \/>\nVeel mensen die dit medicijn gebruiken, hebben geen ernstige bijwerkingen.<br \/>\nIn het geval u er iets van merkt. Bij bijwerkingen die hierboven niet zijn vermeld, neem dan contact op met uw arts of apotheker.<\/p>\n<p>Interactie tussen geneesmiddelen<br \/>\nDit medicijn mag niet worden gebruikt met nitraten en recreatieve drugs genaamd poppers die amyl- of butylnitriet bevatten; alfablokkers; andere medicijnen tegen impotentie; medicijnen tegen hoge bloeddruk, enz.<br \/>\nRaadpleeg uw arts of apotheker voor meer informatie.<\/p>\n<p>Gemiste dosis<br \/>\nCenforce Soft wordt gebruikt wanneer dat nodig is, dus het is onwaarschijnlijk dat u zich aan een doseringsschema houdt.<\/p>\n<p>Overdosis<br \/>\nAls u denkt dat u zich aan een Als u te veel van dit geneesmiddel heeft gebruikt, zoek dan onmiddellijk medische hulp. De symptomen van een overdosis omvatten meestal pijn op de borst, misselijkheid, een onregelmatige hartslag en een licht gevoel in het hoofd of flauwvallen.<\/p>\n<p>Bewaar<br \/>\nBewaar uw medicijnen bij kamertemperatuur tussen 20 en 25 graden Celsius, uit de buurt van licht en vocht. Bewaar de medicijnen niet in de badkamer. Houd alle medicijnen buiten het bereik van kinderen en huisdieren.<\/p>\n<p>Disclaimer<br \/>\nWe bieden alleen algemene informatie over medicijnen die niet alle richtingen, mogelijke medicijnintegraties of voorzorgsmaatregelen bestrijkt. Informatie op de site kan niet worden gebruikt voor zelfbehandeling en zelfdiagnose. Eventuele specifieke instructies voor een bepaalde pati\u00ebnt moeten worden overeengekomen met uw gezondheidszorgadviseur of de met de zaak belaste arts. Wij wijzen de betrouwbaarheid van deze informatie en fouten die deze zou kunnen bevatten af. Wij zijn niet verantwoordelijk voor enige directe, indirecte, bijzondere of andere indirecte schade als gevolg van enig gebruik van de informatie op deze site en ook voor de gevolgen van zelfbehandeling.<\/p>\n","protected":false},"excerpt":{"rendered":"<p>Cenforce Soft Tabs is een veilig en betrouwbaar medicijn om erectiestoornissen te behandelen en de potentie te verbeteren. Cenforce Soft Tabs is een generieke variant op basis van de bekende seksuele versterker Cenforce. Daarom heeft Cenforce Soft Tabs dezelfde werking maar verschilt in vorm, kleur en smaak. Cenforce Soft Tabs zorgen voor sterke en langdurige erecties en talrijke orgasmes.<\/p>\n","protected":false},"featured_media":2825,"comment_status":"open","ping_status":"closed","template":"","meta":[],"product_brand":[],"product_cat":[138],"product_tag":[],"class_list":{"0":"post-2873","1":"product","2":"type-product","3":"status-publish","4":"has-post-thumbnail","6":"product_cat-erectiestoornis-nl","7":"pa_active_substance-sildenafil","9":"first","10":"instock","11":"shipping-taxable","12":"product-type-variable"},"jetpack_sharing_enabled":true,"_links":{"self":[{"href":"https:\/\/pharmacy-content.com\/wp-json\/wp\/v2\/product\/2873","targetHints":{"allow":["GET"]}}],"collection":[{"href":"https:\/\/pharmacy-content.com\/wp-json\/wp\/v2\/product"}],"about":[{"href":"https:\/\/pharmacy-content.com\/wp-json\/wp\/v2\/types\/product"}],"replies":[{"embeddable":true,"href":"https:\/\/pharmacy-content.com\/wp-json\/wp\/v2\/comments?post=2873"}],"wp:featuredmedia":[{"embeddable":true,"href":"https:\/\/pharmacy-content.com\/wp-json\/wp\/v2\/media\/2825"}],"wp:attachment":[{"href":"https:\/\/pharmacy-content.com\/wp-json\/wp\/v2\/media?parent=2873"}],"wp:term":[{"taxonomy":"product_brand","embeddable":true,"href":"https:\/\/pharmacy-content.com\/wp-json\/wp\/v2\/product_brand?post=2873"},{"taxonomy":"product_cat","embeddable":true,"href":"https:\/\/pharmacy-content.com\/wp-json\/wp\/v2\/product_cat?post=2873"},{"taxonomy":"product_tag","embeddable":true,"href":"https:\/\/pharmacy-content.com\/wp-json\/wp\/v2\/product_tag?post=2873"}],"curies":[{"name":"wp","href":"https:\/\/api.w.org\/{rel}","templated":true}]}}