{"id":2922,"date":"2026-04-22T06:47:20","date_gmt":"2026-04-22T06:47:20","guid":{"rendered":""},"modified":"2026-04-22T06:59:58","modified_gmt":"2026-04-22T06:59:58","slug":"cenforce-d-5","status":"publish","type":"product","link":"https:\/\/pharmacy-content.com\/es\/product\/cenforce-d-5\/","title":{"rendered":"Cenforce-D"},"content":{"rendered":"<p>Uso com\u00fan<\/p>\n<p>Cenforce-D se utiliza para el tratamiento de la eyaculaci\u00f3n precoz y la disfunci\u00f3n er\u00e9ctil. Estos comprimidos contienen 100 mg de citrato de sildenafil y 60 mg de dapoxetina como ingredientes activos.<br \/>\nCenforce-D, una combinaci\u00f3n de dos f\u00e1rmacos, ayuda en el tratamiento de la eyaculaci\u00f3n precoz y la disfunci\u00f3n er\u00e9ctil. En la primera, se produce cuando los hombres no pueden retrasar la eyaculaci\u00f3n. Puede deberse a m\u00faltiples razones, tanto biol\u00f3gicas como psicol\u00f3gicas. En la segunda, los hombres no pueden mantener una erecci\u00f3n firme durante las relaciones sexuales.<\/p>\n<p>Dosis y administraci\u00f3n<\/p>\n<p>Las dosis de Cenforce-D var\u00edan seg\u00fan las necesidades de cada paciente. Por lo tanto, debe consultar a su m\u00e9dico para obtener la dosis correcta para su afecci\u00f3n.<br \/>\nPor lo tanto, es importante tener en cuenta algunos puntos al tomar este medicamento:<br \/>\nPuede tomar Cenforce-D con un vaso de agua entre 30 minutos y una hora antes de la actividad sexual.<br \/>\nEl medicamento tarda en hacer efecto entre una y tres horas despu\u00e9s de tomarlo.<br \/>\nAl tomar este medicamento, evite las comidas ricas en grasas, ya que pueden afectar su eficacia.<\/p>\n<p>Precauciones<\/p>\n<p>Es recomendable evitar el consumo de alcohol mientras toma las pastillas.<br \/>\nTambi\u00e9n es recomendable evitar el consumo de jugo de toronja, ya que puede interactuar con el medicamento y disminuir su eficacia.<br \/>\nTambi\u00e9n se recomienda evitar conducir y operar maquinaria pesada mientras toma el medicamento.<\/p>\n<p>Contraindicaciones<\/p>\n<p>Si presenta alguno de los problemas enumerados a continuaci\u00f3n, no debe tomar Cenforce-D: enfermedades card\u00edacas o cardiovasculares, accidentes cerebrovasculares, infartos de miocardio, angina de pecho, problemas de presi\u00f3n arterial, retinosis pigmentaria, anemia y VIH se consideran las principales contraindicaciones. Es importante consultar a un m\u00e9dico para conocer todas las particularidades personales del tratamiento.<\/p>\n<p>Posibles efectos secundarios<\/p>\n<p>Si experimenta alguno de estos s\u00edntomas, debe acudir al m\u00e9dico de inmediato: Dolor de cabeza; Insomnio; Mareos; Dolor al orinar; Erecci\u00f3n prolongada y dolorosa; Ardor, hormigueo y entumecimiento en brazos y pies; Indigesti\u00f3n.<\/p>\n<p>Interacci\u00f3n con otros medicamentos<\/p>\n<p>Los componentes de Cenforce-D interact\u00faan con diversas sustancias qu\u00edmicas. No debe tomar este medicamento junto con los siguientes medicamentos: nitroprusiato, amilnitrato, antidepresivos, medicamentos que elevan la serotonina, tramadol y linezolid. Tenga en cuenta que deben transcurrir aproximadamente 7 d\u00edas despu\u00e9s del tratamiento con Cenforce-D para poder tomar estos medicamentos.<\/p>\n<p>Dosis olvidada<\/p>\n<p>Si olvida una dosis, siga su tratamiento habitual y simplemente omita la dosis olvidada. Nunca tome una dosis doble, ya que puede provocar una sobredosis. Recuerde que la dosis recomendada segura presupone tomar solo una tableta al d\u00eda.<\/p>\n<p>Sobredosis<\/p>\n<p>Los s\u00edntomas graves de sobredosis pueden ser mortales. Por lo tanto, debe consultar a un m\u00e9dico si sospecha una sobredosis. Los efectos de grandes dosis pueden causar efectos secundarios graves que persisten durante mucho tiempo.<\/p>\n<p>Almacenamiento<\/p>\n<p>Conserve Cenforce-D a temperatura ambiente, alejado del calor, la humedad y la luz directa. Tambi\u00e9n es recomendable comprobar la fecha de caducidad antes de tomar el medicamento y no lo tome si ha pasado la fecha.<\/p>\n","protected":false},"excerpt":{"rendered":"<p>Cenforce-D se utiliza en el tratamiento de la disfunci\u00f3n er\u00e9ctil con eyaculaci\u00f3n precoz. Cenforce-D contiene Sildenafil 100 mg y Dapoxetina 60 mg.<\/p>\n","protected":false},"featured_media":6044,"comment_status":"open","ping_status":"closed","template":"","meta":[],"product_brand":[],"product_cat":[126],"product_tag":[],"class_list":{"0":"post-2922","1":"product","2":"type-product","3":"status-publish","4":"has-post-thumbnail","6":"product_cat-disfuncion-erectil-es","7":"pa_active_substance-dapoxetine","8":"pa_active_substance-sildenafil","10":"first","11":"instock","12":"shipping-taxable","13":"product-type-simple"},"jetpack_sharing_enabled":true,"_links":{"self":[{"href":"https:\/\/pharmacy-content.com\/wp-json\/wp\/v2\/product\/2922","targetHints":{"allow":["GET"]}}],"collection":[{"href":"https:\/\/pharmacy-content.com\/wp-json\/wp\/v2\/product"}],"about":[{"href":"https:\/\/pharmacy-content.com\/wp-json\/wp\/v2\/types\/product"}],"replies":[{"embeddable":true,"href":"https:\/\/pharmacy-content.com\/wp-json\/wp\/v2\/comments?post=2922"}],"wp:featuredmedia":[{"embeddable":true,"href":"https:\/\/pharmacy-content.com\/wp-json\/wp\/v2\/media\/6044"}],"wp:attachment":[{"href":"https:\/\/pharmacy-content.com\/wp-json\/wp\/v2\/media?parent=2922"}],"wp:term":[{"taxonomy":"product_brand","embeddable":true,"href":"https:\/\/pharmacy-content.com\/wp-json\/wp\/v2\/product_brand?post=2922"},{"taxonomy":"product_cat","embeddable":true,"href":"https:\/\/pharmacy-content.com\/wp-json\/wp\/v2\/product_cat?post=2922"},{"taxonomy":"product_tag","embeddable":true,"href":"https:\/\/pharmacy-content.com\/wp-json\/wp\/v2\/product_tag?post=2922"}],"curies":[{"name":"wp","href":"https:\/\/api.w.org\/{rel}","templated":true}]}}