{"id":2987,"date":"2026-04-22T06:47:37","date_gmt":"2026-04-22T06:47:37","guid":{"rendered":""},"modified":"2026-04-22T06:47:52","modified_gmt":"2026-04-22T06:47:52","slug":"cialis-soft-2","status":"publish","type":"product","link":"https:\/\/pharmacy-content.com\/?product=cialis-soft-2&lang=de","title":{"rendered":"Cialis Soft"},"content":{"rendered":"<p>Dosierung und Anwendung. Nehmen Sie das Arzneimittel einmal t\u00e4glich oral ein, mit oder ohne Nahrung. Die empfohlene Dosis betr\u00e4gt 20 mg und sollte mindestens 16 Minuten vor dem Geschlechtsverkehr eingenommen werden. Vorsichtsma\u00dfnahmen. Es ist ratsam, Cialis nicht zusammen mit Grapefruitsaft, alkoholischen Getr\u00e4nken oder Tabak zu verwenden. Wenn Sie rauchen und gleichzeitig Cialis einnehmen, kann dies zu einer Erkrankung namens NAION (pl\u00f6tzlicher, am Sehnerv bedingter Sehverlust) f\u00fchren. Informieren Sie Ihren Arzt vor der Einnahme von Cialis, wenn Sie eine Fehlbildung des Penis haben, einschlie\u00dflich einer Kr\u00fcmmung oder angeborener Missbildungen, oder wenn Sie an koronarer Herzkrankheit, Herzrhythmusst\u00f6rungen, Angina pectoris, Herzinfarkt, Herzinsuffizienz, niedrigem oder hohem Blutdruck, Blutungsneigung, Magengeschw\u00fcren, Diabetes, erh\u00f6hten Blutfettwerten, Sichelzellan\u00e4mie oder Leber- bzw. Nierenversagen leiden oder gelitten haben. Gegenanzeigen. Cialis darf nicht von Patienten verwendet werden, die organische Nitrate einnehmen, weder regelm\u00e4\u00dfig noch gelegentlich, da es deren blutdrucksenkende Wirkung verst\u00e4rken kann. M\u00f6gliche Nebenwirkungen. Zu den h\u00e4ufigsten Nebenwirkungen geh\u00f6ren Gesichtsr\u00f6tung, Kopfschmerzen, Magenbeschwerden, Durchfall, grippe\u00e4hnliche Symptome und \u00dcbelkeit. In selteneren F\u00e4llen k\u00f6nnen niedriger Blutdruck, verschwommenes Sehen, Ver\u00e4nderungen des Farbsehens und abnorme Ejakulation auftreten. Langanhaltende oder schmerzhafte Erektionen (Priapismus), die l\u00e4nger als 6 Stunden dauern, sind ebenfalls m\u00f6glich. Wenn Ihre Erektion l\u00e4nger als 4 Stunden anh\u00e4lt, suchen Sie sofort medizinische Hilfe auf, da dies zu bleibenden Sch\u00e4den am Penis f\u00fchren kann. Eine Verschlechterung bestehender Herzprobleme wurde bei Patienten mit Herzerkrankungen w\u00e4hrend der Anwendung von Cialis berichtet. Wechselwirkungen. Die gleichzeitige Einnahme mit Medikamenten, die organische Nitrate enthalten, kann eine schwere und gef\u00e4hrliche Blutdrucksenkung verursachen. Vermeiden Sie die Einnahme von Cialis zusammen mit Arzneimitteln wie Erythrityltetranitrat, Isosorbiddinitrat, Isosorbidmononitrat, Nitroglycerin und Pentaerythrittetranitrat. Die Wirkstoffspiegel und die Toxizit\u00e4t von Cialis k\u00f6nnen durch Erythromycin, Ketoconazol (Nizoral), Itraconazol (Sporanox), Indinavir (Crixivan) und Ritonavir (Norvir) erh\u00f6ht werden. Informieren Sie Ihren Arzt, wenn Sie Arzneimittel wie Atazanavir, Bunazosin, Clarithromycin, Doxazosin, Erythromycin, Indinavir, Itraconazol, Ketoconazol, Moxisylyte, Nefazodon, Nelfinavir, Phenoxybenzamin, Phentolamin, Prazosin, Saquinavir, Telithromycin, Terazosin, Trimazosin oder Urapidil einnehmen, da eine Anpassung der Cialis-Dosis erforderlich sein kann. Vergessene Dosis. Eine vergessene Dosis spielt keine Rolle, da Cialis zur Behandlung der erektilen Dysfunktion nur bei Bedarf eingenommen wird. \u00dcberdosierung. Eine \u00dcberdosierung kann die unter \u201eNebenwirkungen\u201c beschriebenen Symptome verursachen. Suchen Sie sofort medizinische Hilfe auf, wenn Sie glauben, zu viel eingenommen zu haben. Aufbewahrung. Bewahren Sie das Arzneimittel bei Raumtemperatur, trocken und vor Sonnenlicht gesch\u00fctzt in einem fest verschlossenen Beh\u00e4lter au\u00dferhalb der Reichweite von Kindern und Haustieren auf.<\/p>\n","protected":false},"excerpt":{"rendered":"<p>Cialis Soft verbessert die Erektion und erm\u00f6glicht einen erfolgreichen Geschlechtsverkehr. Bei vorhandener sexueller Erregung tritt die Wirkung bereits 16 Minuten nach der Einnahme ein und h\u00e4lt 36 Stunden an, sodass der Patient selbst entscheiden kann, wann der beste Zeitpunkt f\u00fcr die Einnahme ist, um innerhalb dieses Zeitraums mehrere sexuelle Kontakte zu haben.<\/p>\n","protected":false},"featured_media":2977,"comment_status":"open","ping_status":"closed","template":"","meta":[],"product_brand":[],"product_cat":[117],"product_tag":[],"class_list":{"0":"post-2987","1":"product","2":"type-product","3":"status-publish","4":"has-post-thumbnail","6":"product_cat-erektile-dysfunktion-de","7":"pa_active_substance-tadalafil","9":"first","10":"instock","11":"shipping-taxable","12":"product-type-variable"},"jetpack_sharing_enabled":true,"_links":{"self":[{"href":"https:\/\/pharmacy-content.com\/index.php?rest_route=\/wp\/v2\/product\/2987","targetHints":{"allow":["GET"]}}],"collection":[{"href":"https:\/\/pharmacy-content.com\/index.php?rest_route=\/wp\/v2\/product"}],"about":[{"href":"https:\/\/pharmacy-content.com\/index.php?rest_route=\/wp\/v2\/types\/product"}],"replies":[{"embeddable":true,"href":"https:\/\/pharmacy-content.com\/index.php?rest_route=%2Fwp%2Fv2%2Fcomments&post=2987"}],"wp:featuredmedia":[{"embeddable":true,"href":"https:\/\/pharmacy-content.com\/index.php?rest_route=\/wp\/v2\/media\/2977"}],"wp:attachment":[{"href":"https:\/\/pharmacy-content.com\/index.php?rest_route=%2Fwp%2Fv2%2Fmedia&parent=2987"}],"wp:term":[{"taxonomy":"product_brand","embeddable":true,"href":"https:\/\/pharmacy-content.com\/index.php?rest_route=%2Fwp%2Fv2%2Fproduct_brand&post=2987"},{"taxonomy":"product_cat","embeddable":true,"href":"https:\/\/pharmacy-content.com\/index.php?rest_route=%2Fwp%2Fv2%2Fproduct_cat&post=2987"},{"taxonomy":"product_tag","embeddable":true,"href":"https:\/\/pharmacy-content.com\/index.php?rest_route=%2Fwp%2Fv2%2Fproduct_tag&post=2987"}],"curies":[{"name":"wp","href":"https:\/\/api.w.org\/{rel}","templated":true}]}}