{"id":3037,"date":"2026-04-22T06:47:45","date_gmt":"2026-04-22T06:47:45","guid":{"rendered":""},"modified":"2026-04-22T06:47:52","modified_gmt":"2026-04-22T06:47:52","slug":"cialis-soft-7","status":"publish","type":"product","link":"https:\/\/pharmacy-content.com\/?product=cialis-soft-7&lang=pt","title":{"rendered":"Cialis Soft"},"content":{"rendered":"<p>Posologia e indica\u00e7\u00f5es. Tome por via oral uma vez por dia, com ou sem alimentos, sendo que a dose recomendada de 20 mg deve ser tomada pelo menos 16 minutos antes da rela\u00e7\u00e3o sexual. Precau\u00e7\u00f5es. \u00c9 prefer\u00edvel n\u00e3o usar Cialis com sumo de toranja, bebidas alco\u00f3licas, tabaco. Fumar tabaco e tomar Cialis simultaneamente pode levar a uma condi\u00e7\u00e3o chamada NAION (perda s\u00fabita de vis\u00e3o relacionada com o nervo \u00f3tico). Informe o seu m\u00e9dico antes de tomar Cialis se tiver anomalias no p\u00e9nis, incluindo curvatura ou malforma\u00e7\u00f5es cong\u00e9nitas, doen\u00e7a arterial coron\u00e1ria, arritmia, angina, enfarte do mioc\u00e1rdio ou insufici\u00eancia card\u00edaca, hipertens\u00e3o ou hipotens\u00e3o, hemorragias, \u00falceras g\u00e1stricas, diabetes, hiperlipidemia (excesso de l\u00edpidos no sangue), anemia falciforme, ou historial de insufici\u00eancia hep\u00e1tica ou renal no seu hist\u00f3rico m\u00e9dico. Contraindica\u00e7\u00f5es. Cialis \u00e9 contraindicado em pacientes que utilizam qualquer forma de nitratos org\u00e2nicos, regularmente ou intermitentemente, pois pode potenciar o efeito hipotensor destes medicamentos. Poss\u00edveis efeitos secund\u00e1rios. Os efeitos secund\u00e1rios mais comuns do Cialis incluem rubor facial, dores de cabe\u00e7a, desconforto estomacal, diarreia, sintomas semelhantes aos da gripe e n\u00e1usea. Em casos mais raros, podem ocorrer hipotens\u00e3o, vis\u00e3o turva e altera\u00e7\u00f5es na percep\u00e7\u00e3o de cores, e ejacula\u00e7\u00e3o anormal. Ere\u00e7\u00f5es prolongadas ou priapismo (ere\u00e7\u00f5es dolorosas que duram mais de 6 horas) tamb\u00e9m s\u00e3o poss\u00edveis. Se a ere\u00e7\u00e3o durar mais de 4 horas, procure imediatamente assist\u00eancia m\u00e9dica, pois esta pode causar danos permanentes no p\u00e9nis. Foram relatadas agrava\u00e7\u00f5es de problemas card\u00edacos em pacientes com doen\u00e7a card\u00edaca pr\u00e9-existente que usam Cialis. Intera\u00e7\u00f5es medicamentosas. A coadministra\u00e7\u00e3o com medicamentos contendo nitratos org\u00e2nicos pode causar hipotens\u00e3o grave, perigosa em alguns casos. Evite tomar Cialis com medicamentos como Eritrityl Tetranitrato, Dinitrato de Isossorbida, Mononitrato de Isossorbida, Nitroglicerina, Pentaeritritol Tetranitrato. Os n\u00edveis e a toxicidade do Cialis podem ser aumentados por eritromicina, cetoconazol (Nizoral), itraconazol (Sporanox), indinavir (Crixivan) e ritonavir (Norvir). Informe o seu m\u00e9dico se estiver a tomar Atazanavir, Bunazosina, Claritromicina, Doxazosina, Eritromicina, Indinavir, Itraconazol, Cetoconazol, Moxisylyte, Nefazodona, Nelfinavir, Fenoxibenzamina, Fentolamina, Prazosina, Saquinavir, Telitromicina, Terazosina, Tr\u00edmazosina ou Urapidil, pois poder\u00e1 ser necess\u00e1rio ajustar a dose de Cialis. Dose esquecida. N\u00e3o se aplica, pois Cialis \u00e9 tomado conforme necessidade no tratamento da disfun\u00e7\u00e3o er\u00e9til. Sobredosagem. A sobredosagem de Cialis provoca os sintomas descritos nos efeitos secund\u00e1rios. Procure imediatamente assist\u00eancia m\u00e9dica se acreditar que consumiu o medicamento em excesso. Conserva\u00e7\u00e3o. Conservar \u00e0 temperatura ambiente, longe da humidade, luz solar, crian\u00e7as e animais de estima\u00e7\u00e3o, em recipiente bem fechado.<\/p>\n","protected":false},"excerpt":{"rendered":"<p>Cialis Soft melhora a ere\u00e7\u00e3o e permite uma rela\u00e7\u00e3o sexual bem-sucedida. Na ocorr\u00eancia de excita\u00e7\u00e3o sexual, o efeito pode surgir apenas 16 minutos ap\u00f3s a toma e durar at\u00e9 36 horas, permitindo ao paciente escolher o momento mais adequado para tomar o Cialis e realizar v\u00e1rias tentativas de atividade sexual durante esse per\u00edodo.<\/p>\n","protected":false},"featured_media":2977,"comment_status":"open","ping_status":"closed","template":"","meta":[],"product_brand":[],"product_cat":[132],"product_tag":[],"class_list":{"0":"post-3037","1":"product","2":"type-product","3":"status-publish","4":"has-post-thumbnail","6":"product_cat-disfuncao-eretil-pt","7":"pa_active_substance-tadalafil","9":"first","10":"instock","11":"shipping-taxable","12":"product-type-variable"},"jetpack_sharing_enabled":true,"_links":{"self":[{"href":"https:\/\/pharmacy-content.com\/index.php?rest_route=\/wp\/v2\/product\/3037","targetHints":{"allow":["GET"]}}],"collection":[{"href":"https:\/\/pharmacy-content.com\/index.php?rest_route=\/wp\/v2\/product"}],"about":[{"href":"https:\/\/pharmacy-content.com\/index.php?rest_route=\/wp\/v2\/types\/product"}],"replies":[{"embeddable":true,"href":"https:\/\/pharmacy-content.com\/index.php?rest_route=%2Fwp%2Fv2%2Fcomments&post=3037"}],"wp:featuredmedia":[{"embeddable":true,"href":"https:\/\/pharmacy-content.com\/index.php?rest_route=\/wp\/v2\/media\/2977"}],"wp:attachment":[{"href":"https:\/\/pharmacy-content.com\/index.php?rest_route=%2Fwp%2Fv2%2Fmedia&parent=3037"}],"wp:term":[{"taxonomy":"product_brand","embeddable":true,"href":"https:\/\/pharmacy-content.com\/index.php?rest_route=%2Fwp%2Fv2%2Fproduct_brand&post=3037"},{"taxonomy":"product_cat","embeddable":true,"href":"https:\/\/pharmacy-content.com\/index.php?rest_route=%2Fwp%2Fv2%2Fproduct_cat&post=3037"},{"taxonomy":"product_tag","embeddable":true,"href":"https:\/\/pharmacy-content.com\/index.php?rest_route=%2Fwp%2Fv2%2Fproduct_tag&post=3037"}],"curies":[{"name":"wp","href":"https:\/\/api.w.org\/{rel}","templated":true}]}}