{"id":3047,"date":"2026-04-22T06:47:46","date_gmt":"2026-04-22T06:47:46","guid":{"rendered":""},"modified":"2026-04-22T06:47:52","modified_gmt":"2026-04-22T06:47:52","slug":"cialis-soft-8","status":"publish","type":"product","link":"https:\/\/pharmacy-content.com\/?product=cialis-soft-8&lang=sv","title":{"rendered":"Cialis Soft"},"content":{"rendered":"<p>Dosering och anvisning. Ta det oralt en g\u00e5ng om dagen med eller utan mat. Den rekommenderade dosen \u00e4r 20 mg, vilket b\u00f6r tas minst 16 minuter f\u00f6re samlag. F\u00f6rsiktighets\u00e5tg\u00e4rder. Det \u00e4r att f\u00f6redra att inte anv\u00e4nda Cialis tillsammans med grapefruktjuice, alkoholhaltiga drycker eller tobak. Om du r\u00f6ker tobak och tar Cialis samtidigt kan detta leda till ett tillst\u00e5nd som kallas NAION (pl\u00f6tslig synnervsrelaterad synf\u00f6rlust). Informera din l\u00e4kare innan du tar Cialis om du har onormal penis, inklusive b\u00f6jd penis och fosterskador, har haft kransk\u00e4rlssjukdom, arytmi, angina, hj\u00e4rtinfarkt eller hj\u00e4rtsvikt, hypo- eller hypertoni, bl\u00f6dning, mags\u00e5r, diabetes, hyperlipidemi (\u00f6verskott av lipider i blodet), sicklecellanemi, lever- eller njursvikt i historien. Kontraindikationer. Cialis \u00e4r kontraindicerat f\u00f6r patienter som anv\u00e4nder n\u00e5gon form av organiskt nitrat, antingen regelbundet och\/eller intermittent, eftersom det kan f\u00f6rst\u00e4rka deras hypotensiva effekt. M\u00f6jliga biverkningar. De vanligaste biverkningarna av Cialis \u00e4r ansiktsrodnad, huvudv\u00e4rk, magbesv\u00e4r, diarr\u00e9, influensaliknande symtom och illam\u00e5ende. I mer s\u00e4llsynta fall kan l\u00e5gt blodtryck, dimsyn och f\u00f6r\u00e4ndringar i f\u00e4rgseende samt onormal utl\u00f6sning f\u00f6rekomma. L\u00e5ngvariga erektioner eller priapism (sm\u00e4rtsamma erektioner som varar mer \u00e4n 6 timmar) \u00e4r ocks\u00e5 m\u00f6jliga. Om din erektion varar l\u00e4ngre \u00e4n 4 timmar, s\u00f6k omedelbart l\u00e4karhj\u00e4lp eftersom det kan skada din penis permanent. F\u00f6rv\u00e4rring av hj\u00e4rtproblem har rapporterats hos patienter med befintlig hj\u00e4rtsjukdom som anv\u00e4nder Cialis. L\u00e4kemedelsinteraktioner. Samtidig administrering med l\u00e4kemedel som inneh\u00e5ller organiska nitrater kan orsaka allvarlig hypotoni vilket \u00e4r farligt i vissa fall. Undvik att ta Calis med l\u00e4kemedel som erytrityltetranitrat, isosorbiddinitrat, isosorbidmononitrat, nitroglycerin, pentaerytritoltetranitrat. Niv\u00e5er och toxicitet av Cialis \u00f6kar av erytromycin, ketokonazol (Nizoral), itrakonazol (Sporanox), indinavir (Crixivan) och ritonavir (Norvir). Informera din l\u00e4kare om du tar Atazanavir, Bunazosin, Klaritromycin, Doxazosin, Erytromycin, Indinavir, Itrakonazol, Ketokonazol, Moxisylyte, Nefazodon, Nelfinavir, Fenoxibensamin, Fentolamin, Prazosin, Saquinavir, Telitromycin, Terazosin, Trimazosin, Urapidil eftersom din Cialis-dos kan beh\u00f6va korrigeras. Missad dos. Missad dos \u00e4r inte avsedd om Cialis tas f\u00f6r behandling av erektil dysfunktion eftersom det anv\u00e4nds vid behov. \u00d6verdosering. \u00d6verdosering av Cialis orsakar symtom som beskrivs i Biverkningar. S\u00f6k omedelbart l\u00e4karhj\u00e4lp om du tror att du har tagit f\u00f6r mycket av detta l\u00e4kemedel. F\u00f6rvaring F\u00f6rvara i rumstemperatur borta fr\u00e5n fukt, solljus, barn och husdjur i en t\u00e4t beh\u00e5llare.<\/p>\n","protected":false},"excerpt":{"rendered":"<p>Cialis Soft f\u00f6rb\u00e4ttrar erektionen och m\u00f6jligg\u00f6r ett lyckat samlag. Om sexuell upphetsning f\u00f6religger upptr\u00e4der effekten \u00e4ven efter 16 minuter efter att l\u00e4kemedlet tagits och varar i 36 timmar, s\u00e5 en patient kan v\u00e4lja vilka tider som passar honom b\u00e4st att ta Cialis genom att g\u00f6ra flera sexuella f\u00f6rs\u00f6k under den angivna tiden.<\/p>\n","protected":false},"featured_media":2977,"comment_status":"open","ping_status":"closed","template":"","meta":[],"product_brand":[],"product_cat":[135],"product_tag":[],"class_list":{"0":"post-3047","1":"product","2":"type-product","3":"status-publish","4":"has-post-thumbnail","6":"product_cat-erektil-dysfunktion-sv","7":"pa_active_substance-tadalafil","9":"first","10":"instock","11":"shipping-taxable","12":"product-type-variable"},"jetpack_sharing_enabled":true,"_links":{"self":[{"href":"https:\/\/pharmacy-content.com\/index.php?rest_route=\/wp\/v2\/product\/3047","targetHints":{"allow":["GET"]}}],"collection":[{"href":"https:\/\/pharmacy-content.com\/index.php?rest_route=\/wp\/v2\/product"}],"about":[{"href":"https:\/\/pharmacy-content.com\/index.php?rest_route=\/wp\/v2\/types\/product"}],"replies":[{"embeddable":true,"href":"https:\/\/pharmacy-content.com\/index.php?rest_route=%2Fwp%2Fv2%2Fcomments&post=3047"}],"wp:featuredmedia":[{"embeddable":true,"href":"https:\/\/pharmacy-content.com\/index.php?rest_route=\/wp\/v2\/media\/2977"}],"wp:attachment":[{"href":"https:\/\/pharmacy-content.com\/index.php?rest_route=%2Fwp%2Fv2%2Fmedia&parent=3047"}],"wp:term":[{"taxonomy":"product_brand","embeddable":true,"href":"https:\/\/pharmacy-content.com\/index.php?rest_route=%2Fwp%2Fv2%2Fproduct_brand&post=3047"},{"taxonomy":"product_cat","embeddable":true,"href":"https:\/\/pharmacy-content.com\/index.php?rest_route=%2Fwp%2Fv2%2Fproduct_cat&post=3047"},{"taxonomy":"product_tag","embeddable":true,"href":"https:\/\/pharmacy-content.com\/index.php?rest_route=%2Fwp%2Fv2%2Fproduct_tag&post=3047"}],"curies":[{"name":"wp","href":"https:\/\/api.w.org\/{rel}","templated":true}]}}