{"id":3151,"date":"2026-04-22T06:48:17","date_gmt":"2026-04-22T06:48:17","guid":{"rendered":""},"modified":"2026-04-22T06:48:25","modified_gmt":"2026-04-22T06:48:25","slug":"eli-3","status":"publish","type":"product","link":"https:\/\/pharmacy-content.com\/fr\/product\/eli-3\/","title":{"rendered":"Eli"},"content":{"rendered":"<p>Usage courant<br \/>\nEli est un inhibiteur efficace, r\u00e9versible et s\u00e9lectif de la phosphodiest\u00e9rase de type 5 (PDE 5) sp\u00e9cifique de la guanosine monophosphate cyclique (cGMP). Lorsque la stimulation sexuelle provoque une lib\u00e9ration locale d&#8217;oxyde nitrique, l&#8217;inhibition de la PDE 5 par Eli entra\u00eene une augmentation des taux de GMPc dans le corps caverneux du p\u00e9nis. Il en r\u00e9sulte un rel\u00e2chement des muscles lisses art\u00e9riels et un flux sanguin vers les tissus du p\u00e9nis qui provoquent des \u00e9rections. Le Eli n\u2019a aucun effet en l\u2019absence de stimulation sexuelle. Le Eli am\u00e9liore l&#8217;\u00e9rection et permet d&#8217;obtenir des rapports sexuels r\u00e9ussis. Le m\u00e9dicament agit pendant 36 heures. Si l&#8217;excitation sexuelle est pr\u00e9sente, l&#8217;effet appara\u00eet m\u00eame 16 minutes apr\u00e8s la prise du m\u00e9dicament.<\/p>\n<p>Dosage et administration<br \/>\nLa dose recommand\u00e9e de Eli est de 20 mg et doit \u00eatre prise au moins 16 minutes avant l&#8217;activit\u00e9 sexuelle. L&#8217;effet persiste pendant 36 heures. Prenez Eli une fois par jour et ne d\u00e9passez pas la dose recommand\u00e9e.<\/p>\n<p>Pr\u00e9cautions<br \/>\nIl est pr\u00e9f\u00e9rable de ne pas utiliser Eli avec du jus de pamplemousse, des boissons alcoolis\u00e9es, du tabac. Si vous fumez du tabac et prenez du Eli en concomitance, cela peut entra\u00eener une affection appel\u00e9e NAION (perte soudaine de la vision li\u00e9e au nerf optique). Informez votre m\u00e9decin avant de prendre Eli si vous avez un p\u00e9nis anormal, y compris un p\u00e9nis courb\u00e9 et des anomalies cong\u00e9nitales du p\u00e9nis, si vous avez une maladie coronarienne, une arythmie, une angine de poitrine, une crise cardiaque ou une insuffisance cardiaque, une hypo ou une hypertension, des saignements, des ulc\u00e8res d&#8217;estomac, du diab\u00e8te, hyperlipid\u00e9mie (exc\u00e8s de lipides dans le sang), dr\u00e9panocytose, insuffisance h\u00e9patique ou r\u00e9nale.<\/p>\n<p>Contre-indications<br \/>\nEli est contre-indiqu\u00e9 chez les patients qui utilisent toute forme de nitrate organique, que ce soit de mani\u00e8re r\u00e9guli\u00e8re et\/ou intermittente. capable de potentialiser l&#8217;effet hypotenseur des nitrates.<\/p>\n<p>Effets secondaires possibles<br \/>\nLes effets secondaires les plus habituels du Eli sont des rougeurs au visage (rougeurs), des maux de t\u00eate, des maux d&#8217;estomac, de la diarrh\u00e9e, des sympt\u00f4mes pseudo-grippaux et des naus\u00e9es. Dans des cas plus rares, une hypotension art\u00e9rielle, une vision floue, des modifications de la vision des couleurs et une \u00e9jaculation anormale peuvent survenir. Des \u00e9rections prolong\u00e9es ou un priapisme (\u00e9rections douloureuses durant plus de 6 heures) sont \u00e9galement possibles. Si votre \u00e9rection dure plus de 4 heures, consultez imm\u00e9diatement un m\u00e9decin car cela pourrait endommager votre p\u00e9nis de mani\u00e8re permanente. Une aggravation des probl\u00e8mes cardiaques a \u00e9t\u00e9 rapport\u00e9e chez les patients souffrant d&#8217;une maladie cardiaque pr\u00e9existante utilisant Eli.<\/p>\n<p>Interactions m\u00e9dicamenteuses<br \/>\nLa co-administration avec des m\u00e9dicaments contenant des nitrates organiques peut provoquer une hypotension s\u00e9v\u00e8re, dangereuse dans certains cas. \u00c9vitez de prendre Calis avec des m\u00e9dicaments tels que le t\u00e9tranitrate d&#8217;\u00e9rythrityle, le dinitrate d&#8217;isosorbide, le mononitrate d&#8217;isosorbide, la nitroglyc\u00e9rine, le t\u00e9tranitrate de penta\u00e9rythritol. Les niveaux et la toxicit\u00e9 du Eli sont augment\u00e9s par l&#8217;\u00e9rythromycine, le k\u00e9toconazole (Nizoral), l&#8217;itraconazole (Sporanox), l&#8217;indinavir (Crixivan) et le ritonavir (Norvir). Informez votre m\u00e9decin si vous prenez Atazanavir, Bunazosin, Clarithromycin, Doxazosin, Erythromycin, Indinavir, Itraconazole, Ketoconazole, Moxisylyte, Nefazodone, Nelfinavir, Phenoxybenzamine, Phentolamine, Prazosin, Saquinavir, Telithromycin, Terazosin, Trimazosin, Urapidil, car votre dose de Eli peut l&#8217;exiger. correction.<\/p>\n<p>Dose oubli\u00e9e<br \/>\nUne dose oubli\u00e9e n&#8217;est pas suppos\u00e9e si Eli est pris pour le traitement de la dysfonction \u00e9rectile car il est utilis\u00e9 en cas de besoin.<\/p>\n<p>Surdosage<br \/>\nUn surdosage de Eli provoque des sympt\u00f4mes d\u00e9crits comme des effets secondaires. Cherchez une aide m\u00e9dicale imm\u00e9diate si vous pensez avoir pris trop de ce m\u00e9dicament.<\/p>\n<p>Conservation<br \/>\nConserver \u00e0 temp\u00e9rature ambiante \u00e0 l&#8217;abri de l&#8217;humidit\u00e9, du soleil, des enfants et des animaux domestiques dans un r\u00e9cipient herm\u00e9tique.<\/p>\n<p>Avis de non-responsabilit\u00e9<br \/>\nNous fournissons uniquement des informations g\u00e9n\u00e9rales. des informations sur les m\u00e9dicaments qui ne couvrent pas toutes les directions, les int\u00e9grations possibles de m\u00e9dicaments ou les pr\u00e9cautions. Les informations pr\u00e9sentes sur le site ne peuvent pas \u00eatre utilis\u00e9es pour l\u2019auto-traitement et l\u2019autodiagnostic. Toute instruction sp\u00e9cifique pour un patient particulier doit \u00eatre convenue avec votre conseiller en soins de sant\u00e9 ou votre m\u00e9decin en charge du cas. Nous d\u00e9clinons la fiabilit\u00e9 de ces informations et des erreurs qu&#8217;elles pourraient contenir.<\/p>\n","protected":false},"excerpt":{"rendered":"<p>Le Eli Generic est le plus souvent utilis\u00e9 pour traiter la dysfonction \u00e9rectile et l\u2019impuissance, c\u2019est-\u00e0-dire lorsqu\u2019un homme a du mal \u00e0 maintenir une \u00e9rection ou ne peut pas l\u2019avoir du tout. Il est aussi parfois prescrit en cas d&#8217;hypertrophie de la prostate. Le tadalafil est l&#8217;ingr\u00e9dient actif du Eli. Il am\u00e9liore le flux sanguin vers le p\u00e9nis afin qu&#8217;un homme puisse avoir une \u00e9rection pour une activit\u00e9 sexuelle. Selon la fa\u00e7on dont votre m\u00e9decin vous prescrit le m\u00e9dicament, vous pouvez le prendre au besoin avant les rapports sexuels ou tous les jours. Si vous le prenez au besoin, les effets peuvent durer jusqu&#8217;\u00e0 36 heures.<\/p>\n","protected":false},"featured_media":3139,"comment_status":"open","ping_status":"closed","template":"","meta":[],"product_brand":[],"product_cat":[120],"product_tag":[],"class_list":{"0":"post-3151","1":"product","2":"type-product","3":"status-publish","4":"has-post-thumbnail","6":"product_cat-dysfonction-erectile-fr","7":"pa_active_substance-tadalafil","9":"first","10":"instock","11":"shipping-taxable","12":"product-type-variable"},"jetpack_sharing_enabled":true,"_links":{"self":[{"href":"https:\/\/pharmacy-content.com\/wp-json\/wp\/v2\/product\/3151","targetHints":{"allow":["GET"]}}],"collection":[{"href":"https:\/\/pharmacy-content.com\/wp-json\/wp\/v2\/product"}],"about":[{"href":"https:\/\/pharmacy-content.com\/wp-json\/wp\/v2\/types\/product"}],"replies":[{"embeddable":true,"href":"https:\/\/pharmacy-content.com\/wp-json\/wp\/v2\/comments?post=3151"}],"wp:featuredmedia":[{"embeddable":true,"href":"https:\/\/pharmacy-content.com\/wp-json\/wp\/v2\/media\/3139"}],"wp:attachment":[{"href":"https:\/\/pharmacy-content.com\/wp-json\/wp\/v2\/media?parent=3151"}],"wp:term":[{"taxonomy":"product_brand","embeddable":true,"href":"https:\/\/pharmacy-content.com\/wp-json\/wp\/v2\/product_brand?post=3151"},{"taxonomy":"product_cat","embeddable":true,"href":"https:\/\/pharmacy-content.com\/wp-json\/wp\/v2\/product_cat?post=3151"},{"taxonomy":"product_tag","embeddable":true,"href":"https:\/\/pharmacy-content.com\/wp-json\/wp\/v2\/product_tag?post=3151"}],"curies":[{"name":"wp","href":"https:\/\/api.w.org\/{rel}","templated":true}]}}