{"id":3242,"date":"2026-04-22T06:48:36","date_gmt":"2026-04-22T06:48:36","guid":{"rendered":""},"modified":"2026-04-22T07:00:42","modified_gmt":"2026-04-22T07:00:42","slug":"extra-super-p-force-8","status":"publish","type":"product","link":"https:\/\/pharmacy-content.com\/?product=extra-super-p-force-8&lang=sv","title":{"rendered":"Extra Super P Force"},"content":{"rendered":"<p>Vanlig anv\u00e4ndning<\/p>\n<p>Super P-Force \u00e4r ett l\u00e4kemedel som \u00e4r utformat f\u00f6r att behandla tv\u00e5 manliga problem totalt: manlig erektil dysfunktion och f\u00f6r tidig utl\u00f6sning. Dessa \u00e4r mycket vanliga tillst\u00e5nd hos m\u00e4n mellan 18 och 64. Varje tablett inneh\u00e5ller 100mg Sildenafil Citrate och 60mg Dapoxetine.<\/p>\n<p>Dosering och anvisning<\/p>\n<p>Initialdosering \u00e4r 25-100 mg, ta den en g\u00e5ng dagligen mellan kl. 30 minuter och 4 timmar f\u00f6re den planerade sexuella aktiviteten.<\/p>\n<p>F\u00f6rsiktighets\u00e5tg\u00e4rder<\/p>\n<p>Informera din l\u00e4kare om du har hypotoni eller h\u00f6gt blodtryck, hj\u00e4rtsvikt, kransk\u00e4rlssjukdom, deformation av penis, sicklecellanemi, multipel myelom, leukemi, retinitus pigmentosa, och \u00e4ven en historia av hj\u00e4rtdysfunktion, hj\u00e4rtinfarkt, strokearytmi, livshotande arytmi, kardiovaskul\u00e4ra problem, allergier. Ta inte Super P-Force tillsammans med andra ED-mediciner.<\/p>\n<p>Kontraindikationer<\/p>\n<p>Super P-Force kan inte anv\u00e4ndas till patienter med allergi mot l\u00e4kemedlet och dess komponenter och \u00e4ven till individer som behandlas med nitrater (t.ex. som nitroglycerin). Denna kombination kan orsaka mycket l\u00e5gt blodtryck potentiellt farligt att resultera i en stroke, hj\u00e4rtinfarkt eller d\u00f6d. Ta inte denna medicin om du \u00e4r under 18 \u00e5r.<\/p>\n<p>M\u00f6jlig biverkning<\/p>\n<p>Vissa patienter kan uppleva nysningar, huvudv\u00e4rk, diarr\u00e9, yrsel, orolig mage, kr\u00e4kningar, n\u00e4st\u00e4ppa, fotofobi. Super P-Force kan orsaka ett s\u00e4llsynt men allvarligt tillst\u00e5nd som kallas priapism eller l\u00e5ngvarig erektion. Kontakta din v\u00e5rdgivare omedelbart om din erektion forts\u00e4tter l\u00e4ngre \u00e4n i timmar, utan omedelbar l\u00e4karv\u00e5rd kan detta tillst\u00e5nd skada din penis permanent.<\/p>\n<p>L\u00e4kemedelsinteraktion<\/p>\n<p>Super P-Force b\u00f6r inte f\u00f6rskrivas till patienter behandlas med l\u00e4kemedel som inneh\u00e5ller organiska nitrater. Blodniv\u00e5erna av Super P-Force h\u00f6js av erytromycin, ketokonazol, itrakonazol och saquinavir.<\/p>\n<p>Missad dos<\/p>\n<p>Ta Super P-Force vid behov men inte mer \u00e4n en tablett om dagen. Regelbundet dagligt intag b\u00f6r \u00f6verenskommas med din l\u00e4kare<\/p>\n<p>\u00d6verdosering<\/p>\n<p>Erektion som \u00e4r l\u00e4ngre \u00e4n fyra timmar kan vara ett tecken p\u00e5 \u00f6verdos. Om du upplever sv\u00e5r svimning, br\u00f6stsm\u00e4rta, illam\u00e5ende, oregelbunden hj\u00e4rtrytm, yrsel under sex efter att ha tagit Super P-Force, kontakta din l\u00e4kare eftersom du kan beh\u00f6va omedelbar medicinsk hj\u00e4lp.<\/p>\n<p>F\u00f6rvaring<\/p>\n<p>F\u00f6rvara i rumstemperatur borta fr\u00e5n fukt, solljus, barn och husdjur i en t\u00e4t beh\u00e5llare.<\/p>\n<p>Ansvarsfriskrivning<\/p>\n<p>Vi tillhandah\u00e5ller endast allm\u00e4n information om mediciner som inte t\u00e4cker alla riktningar, m\u00f6jliga l\u00e4kemedelsintegrationer eller f\u00f6rsiktighets\u00e5tg\u00e4rder. Information p\u00e5 webbplatsen kan inte anv\u00e4ndas f\u00f6r sj\u00e4lvbehandling och sj\u00e4lvdiagnos. Eventuella specifika instruktioner f\u00f6r en viss patient b\u00f6r \u00f6verenskommas med din h\u00e4lsor\u00e5dgivare eller l\u00e4kare som \u00e4r ansvarig f\u00f6r \u00e4rendet. Vi fr\u00e5ns\u00e4ger oss tillf\u00f6rlitligheten av denna information och misstag den kan inneh\u00e5lla. Vi ansvarar inte f\u00f6r n\u00e5gra direkta, indirekta, speciella eller andra indirekta skador till f\u00f6ljd av n\u00e5gon anv\u00e4ndning av informationen p\u00e5 denna webbplats och \u00e4ven f\u00f6r konsekvenser av egenbehandling.<\/p>\n","protected":false},"excerpt":{"rendered":"<p>Extra Super P-Force Generic \u00e4r ett l\u00e4kemedel som behandlar manlig erektil dysfunktion och f\u00f6r tidig utl\u00f6sning.<\/p>\n","protected":false},"featured_media":6106,"comment_status":"open","ping_status":"closed","template":"","meta":[],"product_brand":[],"product_cat":[135],"product_tag":[],"class_list":{"0":"post-3242","1":"product","2":"type-product","3":"status-publish","4":"has-post-thumbnail","6":"product_cat-erektil-dysfunktion-sv","7":"pa_active_substance-dapoxetine","8":"pa_active_substance-sildenafil","10":"first","11":"instock","12":"shipping-taxable","13":"product-type-simple"},"jetpack_sharing_enabled":true,"_links":{"self":[{"href":"https:\/\/pharmacy-content.com\/index.php?rest_route=\/wp\/v2\/product\/3242","targetHints":{"allow":["GET"]}}],"collection":[{"href":"https:\/\/pharmacy-content.com\/index.php?rest_route=\/wp\/v2\/product"}],"about":[{"href":"https:\/\/pharmacy-content.com\/index.php?rest_route=\/wp\/v2\/types\/product"}],"replies":[{"embeddable":true,"href":"https:\/\/pharmacy-content.com\/index.php?rest_route=%2Fwp%2Fv2%2Fcomments&post=3242"}],"wp:featuredmedia":[{"embeddable":true,"href":"https:\/\/pharmacy-content.com\/index.php?rest_route=\/wp\/v2\/media\/6106"}],"wp:attachment":[{"href":"https:\/\/pharmacy-content.com\/index.php?rest_route=%2Fwp%2Fv2%2Fmedia&parent=3242"}],"wp:term":[{"taxonomy":"product_brand","embeddable":true,"href":"https:\/\/pharmacy-content.com\/index.php?rest_route=%2Fwp%2Fv2%2Fproduct_brand&post=3242"},{"taxonomy":"product_cat","embeddable":true,"href":"https:\/\/pharmacy-content.com\/index.php?rest_route=%2Fwp%2Fv2%2Fproduct_cat&post=3242"},{"taxonomy":"product_tag","embeddable":true,"href":"https:\/\/pharmacy-content.com\/index.php?rest_route=%2Fwp%2Fv2%2Fproduct_tag&post=3242"}],"curies":[{"name":"wp","href":"https:\/\/api.w.org\/{rel}","templated":true}]}}