{"id":3376,"date":"2026-04-22T06:49:12","date_gmt":"2026-04-22T06:49:12","guid":{"rendered":""},"modified":"2026-04-22T06:49:15","modified_gmt":"2026-04-22T06:49:15","slug":"kamagra-10","status":"publish","type":"product","link":"https:\/\/pharmacy-content.com\/?product=kamagra-10&lang=cs","title":{"rendered":"Kamagra"},"content":{"rendered":"<p>B\u011b\u017en\u00e9 pou\u017eit\u00ed<br \/>\nKamagra je l\u00e9k na l\u00e9\u010dbu erektiln\u00ed dysfunkce u mu\u017e\u016f. Je to analog Viagra, tedy sildenafil citr\u00e1t, kter\u00fd se pou\u017e\u00edv\u00e1 k l\u00e9\u010db\u011b sexu\u00e1ln\u00ed dysfunkce u mu\u017e\u016f. Kamagra zvy\u0161uje mno\u017estv\u00ed krve, kter\u00e9 proud\u00ed do penisu.<\/p>\n<p>D\u00e1vkov\u00e1n\u00ed a sm\u011brnice<br \/>\nD\u00e1vka 100 mg Kamagry \u00fa\u010dinkuje b\u011bhem 45 minut a \u00fa\u010dinek trv\u00e1 4-6 hodin.<\/p>\n<p>Opat\u0159en\u00ed<br \/>\nP\u0159ed u\u017eit\u00edm Kamagry informujte sv\u00e9ho l\u00e9ka\u0159e, pokud trp\u00edte alergiemi, anemi\u00ed, o\u010dn\u00edmi onemocn\u011bn\u00edmi, rakovinou, vysok\u00fdm nebo n\u00edzk\u00fdm krevn\u00edm tlakem, nepravideln\u00fdm srde\u010dn\u00edm rytmem, srde\u010dn\u00edm selh\u00e1n\u00edm, nestabiln\u00ed anginou pectoris, ur\u010dit\u00fdmi o\u010dn\u00edmi poruchami, deformac\u00ed penisu nebo pokud m\u00e1te historii t\u011bchto stav\u016f \u010di u\u017e\u00edv\u00e1te inhibitory prote\u00e1zy k l\u00e9\u010db\u011b HIV. Nevst\u00e1vejte rychle z lehu nebo sezen\u00ed. Vyhn\u011bte se konzumaci alkoholu, proto\u017ee m\u016f\u017ee zhor\u0161it vedlej\u0161\u00ed \u00fa\u010dinky. Neu\u017e\u00edvejte Kamagru, pokud jste ji\u017e u\u017eili jin\u00fd l\u00e9k na erektiln\u00ed dysfunkci. Varujte sv\u00e9ho l\u00e9ka\u0159e p\u0159ed u\u017eit\u00edm Kamagry, pokud u\u017e\u00edv\u00e1te alprostadil (Caverject, Muse, Edex) nebo yohimbin (Yocon, Yodoxin, dal\u0161\u00ed).<\/p>\n<p>Kontraindikace<br \/>\nKamagra je kontraindikov\u00e1na u pacient\u016f s alergi\u00ed na tento l\u00e9k nebo u t\u011bch, kte\u0159\u00ed jsou l\u00e9\u010deni nitr\u00e1tov\u00fdmi l\u00e9ky (nap\u0159. nitroglycerin). Tato kombinace m\u016f\u017ee zp\u016fsobit velmi n\u00edzk\u00fd krevn\u00ed tlak, co\u017e m\u016f\u017ee v\u00e9st k mozkov\u00e9 mrtvici, infarktu nebo \u00famrt\u00ed. Neu\u017e\u00edvejte tento l\u00e9k, pokud je v\u00e1m m\u00e9n\u011b ne\u017e 18 let.<\/p>\n<p>Mo\u017en\u00e9 vedlej\u0161\u00ed \u00fa\u010dinky<br \/>\nN\u011bkte\u0159\u00ed pacienti mohou poci\u0165ovat bolesti hlavy, pr\u016fjem, z\u00e1vrat\u011b, nevolnost, zvracen\u00ed, nosn\u00ed ucp\u00e1n\u00ed. Takov\u00fd vedlej\u0161\u00ed \u00fa\u010dinek jako zarudnut\u00ed obli\u010deje m\u016f\u017ee b\u00fdt m\u00e9n\u011b v\u00fdrazn\u00fd ne\u017e u jedinc\u016f u\u017e\u00edvaj\u00edc\u00edch Viagru. Kamagra m\u016f\u017ee zp\u016fsobit vz\u00e1cn\u00fd, ale z\u00e1va\u017en\u00fd stav zn\u00e1m\u00fd jako priapismus, co\u017e je prodlou\u017een\u00e1 erekce. Okam\u017eit\u011b kontaktujte sv\u00e9ho poskytovatele zdravotn\u00ed p\u00e9\u010de, pokud va\u0161e erekce trv\u00e1 d\u00e9le ne\u017e 4 hodiny.<\/p>\n<p>Interakce s l\u00e9ky<br \/>\nKamagra by nem\u011bla b\u00fdt p\u0159edepisov\u00e1na pacient\u016fm u\u017e\u00edvaj\u00edc\u00edm l\u00e9ky, kter\u00e9 obsahuj\u00ed organick\u00e9 nitr\u00e1ty. \u00darove\u0148 Kamagry v krvi zvy\u0161uj\u00ed erythromycin, ketokonazol, itrakonazol a saquinavir. Tyto l\u00e9ky jsou zn\u00e1my t\u00edm, \u017ee interaguj\u00ed s Kamagrou: bosentan (Tracleer); cimetidin (Tagamet, Tagamet HB); antibiotikum, jako je erythromycin (E-Mycin, Eryc, Ery-Tab) nebo klarithromycin (Biaxin); doxazosin (Cardura), prazosin (Minipress), terazosin (Hytrin); l\u00e9ky na HIV, jako je indinavir (Crixivan), amprenavir (Agenerase), darunavir (Prezista), efavirenz (Sustiva), tipranavir (Aptivus), nevirapin (Viramune), saquinavir (Invirase, Fortovase), lopinavir\/ritonavir (Kaletra), fosamprenavir (Lexiva), ritonavir (Norvir), atazanavir (Reyataz) nebo nelfinavir (Viracept); antifung\u00e1ln\u00ed l\u00e9ky, jako je itrakonazol (Sporanox) nebo ketokonazol (Nizoral); karbamazepin (Tegretol), fenobarbital (Luminal) nebo fenytoin (Dilantin); nebo rifampicin (Rifadin, Rimactane) nebo rifabutin (Mycobutin).<\/p>\n<p>Zme\u0161kan\u00e1 d\u00e1vka<br \/>\nKamagra se u\u017e\u00edv\u00e1 podle pot\u0159eby, tak\u017ee zme\u0161kan\u00e1 d\u00e1vka se nep\u0159edpokl\u00e1d\u00e1.<\/p>\n<p>P\u0159ed\u00e1vkov\u00e1n\u00ed<br \/>\nPokud dojde k p\u0159ed\u00e1vkov\u00e1n\u00ed Kamagrou, m\u016f\u017eete poci\u0165ovat mdloby, bolest na hrudi, nevolnost, nepravideln\u00fd srde\u010dn\u00ed rytmus nebo pocit slabosti. Vyhledejte okam\u017eitou l\u00e9ka\u0159skou pomoc.<\/p>\n<p>Skladov\u00e1n\u00ed<br \/>\nUchov\u00e1vejte p\u0159i pokojov\u00e9 teplot\u011b, mimo vlhkost, slune\u010dn\u00ed sv\u011btlo, d\u011bti a dom\u00e1c\u00ed zv\u00ed\u0159ata v t\u011bsn\u00e9 n\u00e1dob\u011b.<\/p>\n<p>Upozorn\u011bn\u00ed<br \/>\nPoskytujeme pouze obecn\u00e9 informace o l\u00e9c\u00edch, kter\u00e9 nezahrnuj\u00ed v\u0161echny pokyny, mo\u017en\u00e9 interakce s l\u00e9ky nebo opat\u0159en\u00ed. Informace na webu nelze pou\u017e\u00edt pro samol\u00e9\u010dbu a samodiagn\u00f3zu. Jak\u00e9koli specifick\u00e9 pokyny pro konkr\u00e9tn\u00edho pacienta by m\u011bly b\u00fdt dohodnuty s va\u0161\u00edm zdravotnick\u00fdm poradcem nebo l\u00e9ka\u0159em odpov\u011bdn\u00fdm za v\u00e1\u0161 p\u0159\u00edpad. Odpov\u011bdnost za spolehlivost t\u011bchto informac\u00ed a chyby, kter\u00e9 mohou obsahovat, vylu\u010dujeme. Nejsme odpov\u011bdn\u00ed za \u017e\u00e1dn\u00e9 p\u0159\u00edm\u00e9, nep\u0159\u00edm\u00e9, zvl\u00e1\u0161tn\u00ed nebo jin\u00e9 vedlej\u0161\u00ed \u0161kody v d\u016fsledku jak\u00e9hokoli pou\u017eit\u00ed informac\u00ed na t\u00e9to str\u00e1nce a tak\u00e9 za n\u00e1sledky samol\u00e9\u010dby.<\/p>\n","protected":false},"excerpt":{"rendered":"<p>Kamagra Generic se pou\u017e\u00edv\u00e1 k l\u00e9\u010db\u011b erektiln\u00ed dysfunkce u mu\u017e\u016f a plicn\u00ed hypertenze<\/p>\n","protected":false},"featured_media":3322,"comment_status":"open","ping_status":"closed","template":"","meta":[],"product_brand":[],"product_cat":[141],"product_tag":[],"class_list":{"0":"post-3376","1":"product","2":"type-product","3":"status-publish","4":"has-post-thumbnail","6":"product_cat-erektilni-dysfunkce-cs","7":"pa_active_substance-sildenafil","9":"first","10":"instock","11":"shipping-taxable","12":"product-type-variable"},"jetpack_sharing_enabled":true,"_links":{"self":[{"href":"https:\/\/pharmacy-content.com\/index.php?rest_route=\/wp\/v2\/product\/3376","targetHints":{"allow":["GET"]}}],"collection":[{"href":"https:\/\/pharmacy-content.com\/index.php?rest_route=\/wp\/v2\/product"}],"about":[{"href":"https:\/\/pharmacy-content.com\/index.php?rest_route=\/wp\/v2\/types\/product"}],"replies":[{"embeddable":true,"href":"https:\/\/pharmacy-content.com\/index.php?rest_route=%2Fwp%2Fv2%2Fcomments&post=3376"}],"wp:featuredmedia":[{"embeddable":true,"href":"https:\/\/pharmacy-content.com\/index.php?rest_route=\/wp\/v2\/media\/3322"}],"wp:attachment":[{"href":"https:\/\/pharmacy-content.com\/index.php?rest_route=%2Fwp%2Fv2%2Fmedia&parent=3376"}],"wp:term":[{"taxonomy":"product_brand","embeddable":true,"href":"https:\/\/pharmacy-content.com\/index.php?rest_route=%2Fwp%2Fv2%2Fproduct_brand&post=3376"},{"taxonomy":"product_cat","embeddable":true,"href":"https:\/\/pharmacy-content.com\/index.php?rest_route=%2Fwp%2Fv2%2Fproduct_cat&post=3376"},{"taxonomy":"product_tag","embeddable":true,"href":"https:\/\/pharmacy-content.com\/index.php?rest_route=%2Fwp%2Fv2%2Fproduct_tag&post=3376"}],"curies":[{"name":"wp","href":"https:\/\/api.w.org\/{rel}","templated":true}]}}