{"id":3446,"date":"2026-04-22T06:49:33","date_gmt":"2026-04-22T06:49:33","guid":{"rendered":""},"modified":"2026-04-22T06:49:41","modified_gmt":"2026-04-22T06:49:41","slug":"kamagra-gold-3","status":"publish","type":"product","link":"https:\/\/pharmacy-content.com\/?product=kamagra-gold-3&lang=fr","title":{"rendered":"Kamagra Gold"},"content":{"rendered":"<p>Utilisation courante<\/p>\n<p>Kamagra Gold est un m\u00e9dicament destin\u00e9 au traitement de la dysfonction \u00e9rectile chez l&#8217;homme. Il s&#8217;agit d&#8217;une version analogue du Viagra, une formulation sp\u00e9cifique de 100 mg de citrate de sild\u00e9nafil. Kamagra augmente le flux sanguin vers le p\u00e9nis, rendant l&#8217;\u00e9rection possible lors d&#8217;une stimulation sexuelle. Le sild\u00e9nafil, son principal composant, inhibe la phosphodiest\u00e9rase de type 5 sp\u00e9cifique du GMPc, une enzyme qui r\u00e9gule le flux sanguin vers les corps caverneux du p\u00e9nis.<\/p>\n<p>Posologie et mode d&#8217;emploi<\/p>\n<p>La dose maximale de Kamagra Gold est de 24 heures, tandis que les comprim\u00e9s de Viagra sont de 25, 50 et 100 mg. Un comprim\u00e9 de Kamagra Gold contient 100 mg de citrate de sild\u00e9nafil. \u00c0 prendre au moins 30 minutes avant le d\u00e9but de l&#8217;activit\u00e9 sexuelle. Ne pas d\u00e9passer 100 mg (un comprim\u00e9) par p\u00e9riode de 24 heures. Les repas gras ou huileux ralentissent l&#8217;absorption du m\u00e9dicament. Ce m\u00e9dicament n&#8217;agit qu&#8217;en cas de stimulation et d&#8217;excitation sexuelles. Le citrate de sild\u00e9nafil doit \u00eatre utilis\u00e9 strictement selon les recommandations de votre m\u00e9decin.<\/p>\n<p>Pr\u00e9cautions<\/p>\n<p>Avant de prendre Kamagra Gold, informez votre m\u00e9decin si vous souffrez d&#8217;an\u00e9mie, d&#8217;hypertension ou d&#8217;hypotension art\u00e9rielle, d&#8217;arythmie cardiaque, d&#8217;insuffisance cardiaque, de douleurs thoraciques instables, d&#8217;allergies, de maladies oculaires, de d\u00e9formation du p\u00e9nis ou si vous suivez actuellement un traitement contre le VIH. \u00c9vitez de consommer de l&#8217;alcool, car cela pourrait aggraver les effets secondaires. Ne prenez pas Kamagra Gold en m\u00eame temps que d&#8217;autres m\u00e9dicaments contre la dysfonction \u00e9rectile. Pr\u00e9venez votre m\u00e9decin avant de prendre Kamagra Gold si vous prenez de l&#8217;alprostadil (Caverject, Muse, Edex) ou de la yohimbine (Yocon, Yodoxin, etc.).<\/p>\n<p>Contre-indications<\/p>\n<p>Le Kamagra Gold ne peut pas \u00eatre utilis\u00e9 chez les patients allergiques au m\u00e9dicament et \u00e0 ses composants, ni chez les personnes trait\u00e9es par des nitrates (comme la nitroglyc\u00e9rine). Cette association peut provoquer une hypotension art\u00e9rielle importante, potentiellement dangereuse et pouvant entra\u00eener un accident vasculaire c\u00e9r\u00e9bral, une crise cardiaque ou le d\u00e9c\u00e8s. Ne prenez pas ce m\u00e9dicament si vous avez moins de 18 ans.<\/p>\n<p>Effets secondaires possibles<\/p>\n<p>Certains patients peuvent ressentir des maux de t\u00eate, de la diarrh\u00e9e, des \u00e9tourdissements, des maux d&#8217;estomac, des vomissements et une congestion nasale.<br \/>\nLe Kamagra Gold peut provoquer une affection rare mais grave appel\u00e9e priapisme ou \u00e9rection prolong\u00e9e. Consultez imm\u00e9diatement votre m\u00e9decin si votre \u00e9rection persiste plus de quelques heures. Sans intervention m\u00e9dicale imm\u00e9diate, cette affection peut endommager d\u00e9finitivement votre p\u00e9nis.<\/p>\n<p>Interactions m\u00e9dicamenteuses<\/p>\n<p>Kamagra Gold ne doit pas \u00eatre prescrit aux patients trait\u00e9s par des m\u00e9dicaments contenant des nitrates organiques. Les concentrations sanguines de Kamagra Gold sont augment\u00e9es par l&#8217;\u00e9rythromycine, le k\u00e9toconazole, l&#8217;itraconazole et le saquinavir.<br \/>\nDes interactions ont \u00e9t\u00e9 rapport\u00e9es entre Kamagra Gold et les m\u00e9dicaments suivants : bosentan (Tracleer) ; cim\u00e9tidine (Tagamet, Tagamet HB) ; un antibiotique tel que l&#8217;\u00e9rythromycine (E-Mycin, Eryc, Ery-Tab) ou la clarithromycine (Biaxin) ; doxazosine (Cardura), prazosine (Minipress), t\u00e9razosine (Hytrin) ; M\u00e9dicaments contre le VIH tels que l&#8217;indinavir (Crixivan), l&#8217;ampr\u00e9navir (Agenerase), le darunavir (Prezista), l&#8217;\u00e9favirenz (Sustiva), le tipranavir (Aptivus), la n\u00e9virapine (Viramune), le saquinavir (Invirase, Fortovase), le lopinavir\/ritonavir (Kaletra), le fosampr\u00e9navir (Lexiva), le ritonavir (Norvir), l&#8217;atazanavir (Reyataz) ou le nelfinavir (Viracept) ; un m\u00e9dicament antifongique tel que l&#8217;itraconazole (Sporanox) ou le k\u00e9toconazole (Nizoral) ; la carbamaz\u00e9pine (Tegretol), le ph\u00e9nobarbital (Luminal) ou la ph\u00e9nyto\u00efne (Dilantin) ; ou la rifampicine (Rifadin, Rimactane) ou la rifabutine (Mycobutin).<\/p>\n<p>Dose oubli\u00e9e<\/p>\n<p>Prenez Kamagra Gold d\u00e8s que n\u00e9cessaire, mais pas plus d&#8217;un comprim\u00e9 par jour. Une prise quotidienne r\u00e9guli\u00e8re doit \u00eatre convenue avec votre m\u00e9decin.<\/p>\n<p>Surdosage<\/p>\n<p>Une \u00e9rection de plus de quatre heures peut \u00eatre le signe d&#8217;un surdosage. Si vous ressentez un \u00e9vanouissement grave, des douleurs thoraciques, des naus\u00e9es, un rythme cardiaque irr\u00e9gulier ou des \u00e9tourdissements pendant les rapports sexuels apr\u00e8s avoir pris Kamagra Gold, contactez votre m\u00e9decin car vous pourriez avoir besoin d&#8217;une assistance m\u00e9dicale imm\u00e9diate.<\/p>\n<p>Conservation<\/p>\n<p>Conserver \u00e0 temp\u00e9rature ambiante, inf\u00e9rieure \u00e0 25 \u00b0C (77 \u00b0F) et hors de port\u00e9e des enfants et des animaux domestiques.<\/p>\n","protected":false},"excerpt":{"rendered":"<p>Kamagra Gold est un m\u00e9dicament prescrit dans le traitement de la dysfonction \u00e9rectile chez l&#8217;homme.<\/p>\n","protected":false},"featured_media":3434,"comment_status":"open","ping_status":"closed","template":"","meta":[],"product_brand":[],"product_cat":[120],"product_tag":[],"class_list":{"0":"post-3446","1":"product","2":"type-product","3":"status-publish","4":"has-post-thumbnail","6":"product_cat-dysfonction-erectile-fr","7":"pa_active_substance-sildenafil","9":"first","10":"instock","11":"shipping-taxable","12":"product-type-variable"},"jetpack_sharing_enabled":true,"_links":{"self":[{"href":"https:\/\/pharmacy-content.com\/index.php?rest_route=\/wp\/v2\/product\/3446","targetHints":{"allow":["GET"]}}],"collection":[{"href":"https:\/\/pharmacy-content.com\/index.php?rest_route=\/wp\/v2\/product"}],"about":[{"href":"https:\/\/pharmacy-content.com\/index.php?rest_route=\/wp\/v2\/types\/product"}],"replies":[{"embeddable":true,"href":"https:\/\/pharmacy-content.com\/index.php?rest_route=%2Fwp%2Fv2%2Fcomments&post=3446"}],"wp:featuredmedia":[{"embeddable":true,"href":"https:\/\/pharmacy-content.com\/index.php?rest_route=\/wp\/v2\/media\/3434"}],"wp:attachment":[{"href":"https:\/\/pharmacy-content.com\/index.php?rest_route=%2Fwp%2Fv2%2Fmedia&parent=3446"}],"wp:term":[{"taxonomy":"product_brand","embeddable":true,"href":"https:\/\/pharmacy-content.com\/index.php?rest_route=%2Fwp%2Fv2%2Fproduct_brand&post=3446"},{"taxonomy":"product_cat","embeddable":true,"href":"https:\/\/pharmacy-content.com\/index.php?rest_route=%2Fwp%2Fv2%2Fproduct_cat&post=3446"},{"taxonomy":"product_tag","embeddable":true,"href":"https:\/\/pharmacy-content.com\/index.php?rest_route=%2Fwp%2Fv2%2Fproduct_tag&post=3446"}],"curies":[{"name":"wp","href":"https:\/\/api.w.org\/{rel}","templated":true}]}}