{"id":347,"date":"2026-04-22T06:39:27","date_gmt":"2026-04-22T06:39:27","guid":{"rendered":""},"modified":"2026-04-22T06:39:45","modified_gmt":"2026-04-22T06:39:45","slug":"cialis-professional-3","status":"publish","type":"product","link":"https:\/\/pharmacy-content.com\/?product=cialis-professional-3&lang=fr","title":{"rendered":"Cialis Professional"},"content":{"rendered":"<p>D\u00e9tails<\/p>\n<p>Cialis Professional est une nouvelle pilule qui est prise par voie orale pour le traitement de la dysfonction \u00e9rectile seulement chez les hommes, en am\u00e9liorant extr\u00eamement l\u2019activit\u00e9 sexuelle masculine, le pouvoir de stimuler le p\u00e9nis, multiples orgasmes et augmentant la taille du p\u00e9nis.<\/p>\n<p>B\u00e9n\u00e9fices: * P\u00e9riode de l&#8217;effet de la pilule: 36-48 heures; * Meilleure concentration sexuelle; * D\u00e9sir sexuel en continuation; * Absorption rapide de la pilule; * Activit\u00e9 sexuelle prolong\u00e9e;<\/p>\n<p>Mode d&#8217;emploi<\/p>\n<p>Cialis Professional aide la grande majorit\u00e9 des personnes souffrant de dysfonction \u00e9rectile \u00e0 retrouver la capacit\u00e9 d&#8217;obtenir et de maintenir une bonne \u00e9rection, ce qui suffit \u00e0 am\u00e9liorer leurs exp\u00e9riences sexuelles.<\/p>\n<p>En prenant Cialis Professional environ 20-30 minutes avant l&#8217;activit\u00e9 sexuelle, vous vous sentirez excit\u00e9 et avec une \u00e9rection plus forte et durable.<\/p>\n<p>Notez que Cialis Professional est indiff\u00e9rent \u00e0 tout aliment gras (frites fran\u00e7aises, hamburgers, etc.) ou des boissons. Cialis Professional vous permet de satisfaire votre partenaire au bon moment. Cialis Professional peut \u00eatre pris \u00e0 l&#8217;avance et votre partenaire peut prendre son temps pour accro\u00eetre l\u2019intimit\u00e9 et le r\u00e9sultat est tout \u00e0 fait naturel, spontan\u00e9.<\/p>\n<p>Type de m\u00e9dicament et m\u00e9canisme<\/p>\n<p>En g\u00e9n\u00e9ral, les traitements chimiques sont sous forme de pilules qui sont pris par voie orale par les personnes souffrant de dysfonction \u00e9rectile. Nous avons choisi une autre approche, non seulement dans la m\u00e9thode d&#8217;action mais aussi celui visant la forme de la pilule, il s&#8217;agit d&#8217;une pilule molle, g\u00e9latineuse, qui a un temps d&#8217;absorption plus rapide de l\u2019ingr\u00e9dient actif et il est indiff\u00e9rent aux autres sous-produits ing\u00e9r\u00e9s.<\/p>\n<p>Outre la pr\u00e9cision et la s\u00fbret\u00e9 de l&#8217;effet du Cialis Professional, cette pilule est une action d\u2019am\u00e9lioration et de renforcement des vasodilatateurs. Cialis Professional \u00e9largit les vaisseaux sanguins permettant une am\u00e9lioration substantielle de l&#8217;afflux de sang.<\/p>\n<p>L&#8217;un des plus grands avantages du Cialis Professional c&#8217;est la fonction d&#8217;am\u00e9liorer le rel\u00e2chement de l&#8217;oxyde nitrique dans le corps qui pr\u00e9voit une forte stimulation de la concentration de GMPc, ou GMP cyclique. Cela d\u00e9tend les corps caverneux du p\u00e9nis, permettant l&#8217;afflux sang pour une p\u00e9riode de longue dur\u00e9e et ensuite une \u00e9rection plus durable.<\/p>\n<p>Cialis Professional peut \u00e9galement agir comme un g\u00e9n\u00e9rateur de testost\u00e9rone, ce qui augmente la propre libido et la quantit\u00e9 de sperme en r\u00e9duisant l&#8217;infertilit\u00e9 masculine.<\/p>\n<p>Dose oubli\u00e9e<\/p>\n<p>Si vous oubliez une dose de Cialis Professional, et que vous utilisez le produit r\u00e9guli\u00e8rement, vous devriez prendre la pilule d\u00e8s que possible. S&#8217;il y a assez temps de la dose suivante, sauter la dose oubli\u00e9e et revenir \u00e0 l&#8217;usage r\u00e9gulier. Ne jamais prendre 2 doses \u00e0 la fois.<\/p>\n<p>Stockage<\/p>\n<p>Gardez Cialis Professional entre 20 et 25 \u00b0 C. Pour le stockage de courte dur\u00e9e, la temp\u00e9rature entre 15 et 30 \u00b0C est autoris\u00e9. \u00c0 conserver \u00e0 l&#8217;abri de la chaleur, humidit\u00e9 et lumi\u00e8re. Ne pas stocker dans la salle de bains. Tenir hors de la port\u00e9e des enfants et des animaux.<\/p>\n","protected":false},"excerpt":{"rendered":"<p>Cialis Professional est une formule revue et am\u00e9lior\u00e9e du Cialis original. M\u00eame si le m\u00e9dicament a \u00e9t\u00e9 reformul\u00e9 et que son ingr\u00e9dient actif a \u00e9t\u00e9 am\u00e9lior\u00e9, il traite toujours la dysfonction \u00e9rectile de la m\u00eame fa\u00e7on que l\u2019original, mais avec une efficacit\u00e9 accrue.<\/p>\n","protected":false},"featured_media":315,"comment_status":"open","ping_status":"closed","template":"","meta":[],"product_brand":[],"product_cat":[120],"product_tag":[],"class_list":{"0":"post-347","1":"product","2":"type-product","3":"status-publish","4":"has-post-thumbnail","6":"product_cat-dysfonction-erectile-fr","7":"pa_active_substance-tadalafil","9":"first","10":"instock","11":"shipping-taxable","12":"product-type-variable"},"jetpack_sharing_enabled":true,"_links":{"self":[{"href":"https:\/\/pharmacy-content.com\/index.php?rest_route=\/wp\/v2\/product\/347","targetHints":{"allow":["GET"]}}],"collection":[{"href":"https:\/\/pharmacy-content.com\/index.php?rest_route=\/wp\/v2\/product"}],"about":[{"href":"https:\/\/pharmacy-content.com\/index.php?rest_route=\/wp\/v2\/types\/product"}],"replies":[{"embeddable":true,"href":"https:\/\/pharmacy-content.com\/index.php?rest_route=%2Fwp%2Fv2%2Fcomments&post=347"}],"wp:featuredmedia":[{"embeddable":true,"href":"https:\/\/pharmacy-content.com\/index.php?rest_route=\/wp\/v2\/media\/315"}],"wp:attachment":[{"href":"https:\/\/pharmacy-content.com\/index.php?rest_route=%2Fwp%2Fv2%2Fmedia&parent=347"}],"wp:term":[{"taxonomy":"product_brand","embeddable":true,"href":"https:\/\/pharmacy-content.com\/index.php?rest_route=%2Fwp%2Fv2%2Fproduct_brand&post=347"},{"taxonomy":"product_cat","embeddable":true,"href":"https:\/\/pharmacy-content.com\/index.php?rest_route=%2Fwp%2Fv2%2Fproduct_cat&post=347"},{"taxonomy":"product_tag","embeddable":true,"href":"https:\/\/pharmacy-content.com\/index.php?rest_route=%2Fwp%2Fv2%2Fproduct_tag&post=347"}],"curies":[{"name":"wp","href":"https:\/\/api.w.org\/{rel}","templated":true}]}}