{"id":3574,"date":"2026-04-22T06:50:05","date_gmt":"2026-04-22T06:50:05","guid":{"rendered":""},"modified":"2026-04-22T06:50:14","modified_gmt":"2026-04-22T06:50:14","slug":"kamagra-oral-jelly-4","status":"publish","type":"product","link":"https:\/\/pharmacy-content.com\/it\/product\/kamagra-oral-jelly-4\/","title":{"rendered":"Kamagra Oral Jelly"},"content":{"rendered":"<p>Uso comune<\/p>\n<p>Kamagra Oral Jelly \u00e8 applicato per il trattamento della disfunzione erettile (impotenza) negli uomini e dell&#8217;ipertensione arteriosa polmonare. Il componente principale di Kamagra Oral Jelly \u00e8 il sildenafil. Il sildenafil influenza la risposta alla stimolazione sessuale. Agisce migliorando il rilassamento della muscolatura liscia utilizzando l&#8217;ossido nitrico, una sostanza chimica che viene normalmente rilasciata in risposta alla stimolazione sessuale. Questo rilassamento della muscolatura liscia consente un maggiore flusso sanguigno in determinate aree del pene, che porta a un&#8217;erezione.<\/p>\n<p>Dosaggio e indicazioni<\/p>\n<p>Kamagra Oral Jelly viene assunto, secondo necessit\u00e0, circa 1 ora prima dell&#8217;attivit\u00e0 sessuale. Non assumere Kamagra Oral Jelly pi\u00f9 di una volta al giorno. Un pasto ricco di grassi pu\u00f2 ritardare il tempo dell&#8217;effetto di questo farmaco. Cerca di non mangiare pompelmo o bere succo di pompelmo mentre sei in trattamento con Sildenafil.<\/p>\n<p>Precauzioni<\/p>\n<p>Prima di iniziare a prendere Sildenafil, informi il medico o il farmacista se \u00e8 allergico a questo farmaco o se ha altre allergie. Le persone anziane possono essere pi\u00f9 sensibili agli effetti collaterali del farmaco.<\/p>\n<p>Controindicazioni<\/p>\n<p>Kamagra Oral Jelly \u00e8 controindicato nei pazienti che assumono un altro medicinale per trattare l&#8217;impotenza o che usano un farmaco a base di nitrati per il dolore al petto o problemi cardiaci. Questo medicinale non deve essere assunto da donne e bambini, cos\u00ec come nei pazienti con ipersensibilit\u00e0 nota a qualsiasi componente della compressa.<\/p>\n<p>Possibile effetto collaterale<\/p>\n<p>Gli effetti collaterali pi\u00f9 comuni sono: mal di testa, vampate di calore, bruciore di stomaco, disturbi allo stomaco, congestione nasale, stordimento, vertigini o diarrea. Una grave reazione allergica a questo farmaco \u00e8 molto rara, ma se si verifica, cercare immediatamente assistenza medica. Se si notano effetti collaterali non elencati sopra, contattare il medico o il farmacista.<\/p>\n<p>Interazione farmacologica<\/p>\n<p>Kamagra Oral Jelly non deve essere utilizzato con nitrati e droghe ricreative chiamate &#8216;poppers&#8217; contenenti nitrito di amile o butile; farmaci alfa-bloccanti; altri farmaci per l&#8217;impotenza; farmaci per l&#8217;ipertensione. Consultare il medico o il farmacista per maggiori dettagli.<\/p>\n<p>Dose dimenticata<\/p>\n<p>Kamagra Oral Jelly viene utilizzato secondo necessit\u00e0, quindi \u00e8 improbabile che si segua un programma di dosaggio. Non assumere pi\u00f9 di una volta al giorno.<\/p>\n<p>Sovradosaggio<\/p>\n<p>Se si pensa di aver utilizzato una quantit\u00e0 eccessiva di questo medicinale, cercare immediatamente assistenza medica di emergenza. I sintomi di sovradosaggio solitamente includono dolore al petto, nausea, battito cardiaco irregolare e sensazione di testa leggera o svenimento.<\/p>\n<p>Conservazione<\/p>\n<p>Conserva i tuoi medicinali a temperatura ambiente tra 68-77 gradi F (20-25 gradi C) al riparo dalla luce e dall&#8217;umidit\u00e0. Non conservarli in bagno. Tieni tutti i farmaci lontano dalla portata di bambini e animali domestici.<\/p>\n","protected":false},"excerpt":{"rendered":"<p>Kamagra Oral Jelly est un m\u00e9dicament sous forme de gel\u00e9e qui est utilis\u00e9 dans le traitement de la dysfonction \u00e9rectile.<\/p>\n","protected":false},"featured_media":3556,"comment_status":"open","ping_status":"closed","template":"","meta":[],"product_brand":[],"product_cat":[123],"product_tag":[],"class_list":{"0":"post-3574","1":"product","2":"type-product","3":"status-publish","4":"has-post-thumbnail","6":"product_cat-disfunzione-erettile-it","7":"pa_active_substance-sildenafil","9":"first","10":"instock","11":"shipping-taxable","12":"product-type-simple"},"jetpack_sharing_enabled":true,"_links":{"self":[{"href":"https:\/\/pharmacy-content.com\/wp-json\/wp\/v2\/product\/3574","targetHints":{"allow":["GET"]}}],"collection":[{"href":"https:\/\/pharmacy-content.com\/wp-json\/wp\/v2\/product"}],"about":[{"href":"https:\/\/pharmacy-content.com\/wp-json\/wp\/v2\/types\/product"}],"replies":[{"embeddable":true,"href":"https:\/\/pharmacy-content.com\/wp-json\/wp\/v2\/comments?post=3574"}],"wp:featuredmedia":[{"embeddable":true,"href":"https:\/\/pharmacy-content.com\/wp-json\/wp\/v2\/media\/3556"}],"wp:attachment":[{"href":"https:\/\/pharmacy-content.com\/wp-json\/wp\/v2\/media?parent=3574"}],"wp:term":[{"taxonomy":"product_brand","embeddable":true,"href":"https:\/\/pharmacy-content.com\/wp-json\/wp\/v2\/product_brand?post=3574"},{"taxonomy":"product_cat","embeddable":true,"href":"https:\/\/pharmacy-content.com\/wp-json\/wp\/v2\/product_cat?post=3574"},{"taxonomy":"product_tag","embeddable":true,"href":"https:\/\/pharmacy-content.com\/wp-json\/wp\/v2\/product_tag?post=3574"}],"curies":[{"name":"wp","href":"https:\/\/api.w.org\/{rel}","templated":true}]}}