{"id":3623,"date":"2026-04-22T06:50:19","date_gmt":"2026-04-22T06:50:19","guid":{"rendered":""},"modified":"2026-04-22T06:50:29","modified_gmt":"2026-04-22T06:50:29","slug":"kamagra-polo-2","status":"publish","type":"product","link":"https:\/\/pharmacy-content.com\/?product=kamagra-polo-2&lang=de","title":{"rendered":"Kamagra Polo"},"content":{"rendered":"<p>Allgemeine Anwendung<\/p>\n<p>Kamagra Polo ist ein Medikament, das zur wirksamen Behandlung von erektiler Dysfunktion und mit einer deutlichen Verbesserung der Lebensqualit\u00e4t erfunden wurde. F\u00fcr dieses Medikament ist kein Rezept erforderlich, wenn Sie sich entscheiden, Kamagra Polo online zu kaufen. Die medizinische Wirkung des Arzneimittels beruht auf der gef\u00e4\u00dferweiternden Wirkung seines Hauptbestandteils \u2013 dem ber\u00fchmten Sildenafilcitrat. Daher werden Sie ohne Stimulation keine unn\u00f6tige Erektion versp\u00fcren.<\/p>\n<p>Dosierung und Anwendung<\/p>\n<p>Die maximale Tagesdosis von Kamagra Polo betr\u00e4gt 100 mg, was einer 100-mg-Tablette entspricht. Sie sollten das Medikament eine Stunde vor der geplanten sexuellen Aktivit\u00e4t einnehmen. Die Wirkung stellt sich innerhalb von 45 Minuten ein und h\u00e4lt bis zu 6 Stunden an. Es wird nicht empfohlen, das Medikament zusammen mit fetthaltigen Nahrungsmitteln oder Alkohol einzunehmen, da dies seine Wirksamkeit verringert. Kamagra Polo ist in einer medizinischen Form in Form von Polo-Tabletten erh\u00e4ltlich, 7 Tabletten in einer praktischen Tube. Sie k\u00f6nnen zwischen mehreren Geschmacksrichtungen w\u00e4hlen: Zitrone, Minze, Erdbeere und Ananas. Es l\u00f6st sich leicht im Magen auf und es wird empfohlen, es mit einem Glas Wasser herunterzusp\u00fclen.<\/p>\n<p>Vorsichtsma\u00dfnahmen<\/p>\n<p>Sie sollten Ihren Arzt konsultieren, bevor Sie Kamagra Polo einnehmen, da Nebenwirkungen m\u00f6glich sind. Patienten sollten bei der Einnahme des Arzneimittels besonders vorsichtig sein, wenn sie in der Vergangenheit an Krankheiten wie Herz- und Herz-Kreislauf-Erkrankungen, Bluthochdruck oder Hypotonie, Sichelzellenan\u00e4mie, HIV, Schlaganfall oder Myokardinfarkt gelitten haben oder Organspender sind.<\/p>\n<p>Kontraindikationen <\/p>\n<p>Probleme mit Blutgef\u00e4\u00dfen, sexuell \u00fcbertragbare Krankheiten, b\u00f6sartige Tumore, Nieren- oder Leberfunktionsst\u00f6rungen und Herz-Kreislauf-Probleme machen die Einnahme von Kamagra Polo unm\u00f6glich. Es wird auch nicht empfohlen, das Medikament einzunehmen, wenn Sie j\u00fcnger als 18 Jahre sind.<\/p>\n<p>M\u00f6gliche Nebenwirkung<\/p>\n<p>Als Vasodilatator hat Kamagra Polo mehrere Nebenwirkungen im Zusammenhang mit Blutdruckproblemen. Das sind Kopfschmerzen, Hitzewallungen, Err\u00f6ten, verstopfte Nase, \u00dcbelkeit oder trockene Augen. Diese negativen Auswirkungen treten bei mehr als 1 % der Patienten auf, die regelm\u00e4\u00dfig Kamagra Polo einnehmen.<\/p>\n<p>Weniger h\u00e4ufige Nebenwirkungen sind erh\u00f6hte Lichtempfindlichkeit, verschwommenes Sehen und blaues Sehen. Diese Symptome treten h\u00e4ufig w\u00e4hrend der Anpassungsphase bei Patienten auf, die gerade mit der Einnahme von Kamagra begonnen haben. Sie sind nicht gef\u00e4hrlich und erfordern im Allgemeinen keine \u00c4nderung der Therapie.<\/p>\n<p>Die schwerwiegendsten Nebenwirkungen von Kamagra Polo treten selten auf, erfordern jedoch sofortige \u00e4rztliche Hilfe. Wenn Sie einen Verlust oder eine starke Verschlechterung des Seh- oder H\u00f6rverm\u00f6gens versp\u00fcren oder eine Erektion l\u00e4nger als 4 Stunden anh\u00e4lt, sollten Sie sofort einen Arzt aufsuchen.<\/p>\n<p>Wechselwirkungen mit anderen Arzneimitteln<\/p>\n<p>Sie sollten auch Ihren Arzt bitten, die Vertr\u00e4glichkeit des Arzneimittels zu \u00fcberpr\u00fcfen Medikamente, die Sie m\u00f6glicherweise zusammen mit Kamagra Polo einnehmen. Zu den bekannten Wechselwirkungen geh\u00f6ren Medikamente wie Nitroglycerin-Medikamente, Nitroprussid-Medikamente, Amylnitrat, Azol-Antimykotika und andere.<\/p>\n<p>Verpasste Dosis<\/p>\n<p>Wenn Sie Ihre Kamagra-Dosis vergessen haben, nehmen Sie die Tablette so schnell wie m\u00f6glich ein . Sie sollten ohnehin nicht mehr als eine 100-mg-Tablette Kamagra pro Tag einnehmen.<\/p>\n<p>\u00dcberdosierung<\/p>\n<p>\u00dcberdosieren Sie das Medikament niemals. Wenn Sie glauben, dass die Wirkung schwach ist, wenden Sie sich an Ihren Arzt. Wenn Sie mehr als eine Tablette Kamagra pro Tag einnehmen, k\u00f6nnen Sie sich einem erh\u00f6hten Risiko von Nebenwirkungen aussetzen.<\/p>\n<p>Aufbewahrung<\/p>\n<p>Bewahren Sie Ihre Kamagra Polo-Tabletten an einem dunklen, trockenen Ort bei Raumtemperatur auf. Bewahren Sie das Arzneimittel au\u00dferhalb der Reichweite von Kindern auf.<\/p>\n<p>Haftungsausschluss<\/p>\n<p>Wir stellen nur allgemeine Informationen zu Medikamenten zur Verf\u00fcgung, die nicht alle Anwendungsgebiete, m\u00f6gliche Arzneimittelkombinationen oder Vorsichtsma\u00dfnahmen abdecken. Die Informationen auf der Website k\u00f6nnen nicht zur Selbstbehandlung und Selbstdiagnose verwendet werden. Spezifische Anweisungen f\u00fcr einen bestimmten Patienten sollten mit Ihrem Gesundheitsberater oder dem f\u00fcr den Fall zust\u00e4ndigen Arzt vereinbart werden. Wir lehnen die Zuverl\u00e4ssigkeit dieser Informationen und die darin enthaltenen Fehler ab. Wir haften nicht f\u00fcr direkte, indirekte, besondere oder sonstige indirekte Sch\u00e4den, die sich aus der Nutzung der Informationen auf dieser Website ergeben und auch nicht f\u00fcr Folgen der Selbstbehandlung.<\/p>\n","protected":false},"excerpt":{"rendered":"<p>Kamagra Polo Generic ist ein Medikament, das zur wirksamen Behandlung der erektilen Dysfunktion und mit einer deutlichen Verbesserung der Lebensqualit\u00e4t erfunden wurde.<\/p>\n","protected":false},"featured_media":3617,"comment_status":"open","ping_status":"closed","template":"","meta":[],"product_brand":[],"product_cat":[117],"product_tag":[],"class_list":{"0":"post-3623","1":"product","2":"type-product","3":"status-publish","4":"has-post-thumbnail","6":"product_cat-erektile-dysfunktion-de","7":"pa_active_substance-sildenafil","9":"first","10":"instock","11":"shipping-taxable","12":"product-type-variable"},"jetpack_sharing_enabled":true,"_links":{"self":[{"href":"https:\/\/pharmacy-content.com\/index.php?rest_route=\/wp\/v2\/product\/3623","targetHints":{"allow":["GET"]}}],"collection":[{"href":"https:\/\/pharmacy-content.com\/index.php?rest_route=\/wp\/v2\/product"}],"about":[{"href":"https:\/\/pharmacy-content.com\/index.php?rest_route=\/wp\/v2\/types\/product"}],"replies":[{"embeddable":true,"href":"https:\/\/pharmacy-content.com\/index.php?rest_route=%2Fwp%2Fv2%2Fcomments&post=3623"}],"wp:featuredmedia":[{"embeddable":true,"href":"https:\/\/pharmacy-content.com\/index.php?rest_route=\/wp\/v2\/media\/3617"}],"wp:attachment":[{"href":"https:\/\/pharmacy-content.com\/index.php?rest_route=%2Fwp%2Fv2%2Fmedia&parent=3623"}],"wp:term":[{"taxonomy":"product_brand","embeddable":true,"href":"https:\/\/pharmacy-content.com\/index.php?rest_route=%2Fwp%2Fv2%2Fproduct_brand&post=3623"},{"taxonomy":"product_cat","embeddable":true,"href":"https:\/\/pharmacy-content.com\/index.php?rest_route=%2Fwp%2Fv2%2Fproduct_cat&post=3623"},{"taxonomy":"product_tag","embeddable":true,"href":"https:\/\/pharmacy-content.com\/index.php?rest_route=%2Fwp%2Fv2%2Fproduct_tag&post=3623"}],"curies":[{"name":"wp","href":"https:\/\/api.w.org\/{rel}","templated":true}]}}