{"id":4263,"date":"2026-04-22T06:52:59","date_gmt":"2026-04-22T06:52:59","guid":{"rendered":""},"modified":"2026-04-22T06:53:09","modified_gmt":"2026-04-22T06:53:09","slug":"tadacip-2","status":"publish","type":"product","link":"https:\/\/pharmacy-content.com\/?product=tadacip-2&lang=de","title":{"rendered":"Tadacip"},"content":{"rendered":"<p>Allgemeine Anwendung<\/p>\n<p>Tadacip geh\u00f6rt zur Arzneimittelklasse der Phosphodiesterase-5 (PDE-5). Bei sexueller Stimulation sorgt Tadacip daf\u00fcr, dass sich der Penis eines Mannes mit ausreichend Blut f\u00fcllt, um eine Erektion auszul\u00f6sen. Bei M\u00e4nnern mit erektiler Dysfunktion reicht die Durchblutung des Penis nicht aus, um eine Erektion hervorzurufen. Der Hauptbestandteil von Tadacip ist Tadalafil. Es entspannt die glatte Muskulatur, erweitert die Blutgef\u00e4\u00dfe im Penis und erm\u00f6glicht es dem Blut, die Schwellk\u00f6rper zu f\u00fcllen, was zu einer Erektion f\u00fchrt. Nach dem Geschlechtsakt verschwindet die Erektion wie unter normalen Umst\u00e4nden. Eine Erektion kann nicht allein durch die Einnahme von Tadacip erreicht werden, sondern erfordert sexuelle Stimulation. Der Wirkstoff des Medikaments ist Tadalafil.<\/p>\n<p>Dosierung und Anwendung<\/p>\n<p>Die \u00fcbliche empfohlene Dosis betr\u00e4gt eine 20-mg-Tablette Tadacip (Generikum Cialis) pro Tag. Konsultieren Sie Ihren Arzt, da aufgrund bestimmter Erkrankungen m\u00f6glicherweise eine Korrektur Ihrer Dosis erforderlich ist. \u00c4ltere Menschen sind m\u00f6glicherweise anf\u00e4lliger f\u00fcr die Nebenwirkungen von Tadalafil; Daher ist bei dieser Gruppe Vorsicht geboten, Sport zu treiben.<\/p>\n<p>Vorsichtsma\u00dfnahmen<\/p>\n<p>Tadacip sollte nicht bei M\u00e4nnern mit Herzerkrankungen angewendet werden, f\u00fcr die von sexueller Aktivit\u00e4t abgeraten wird. Es liegen keine Informationen \u00fcber Priapismus vor, wenn erektile Dysfunktion mit Tadacip behandelt wird, aber bei Patienten, die mit einem anderen PDE5-Hemmer, Sildenafil, behandelt werden, kann er auftreten. Wenn Ihre Erektion 4 Stunden oder l\u00e4nger anh\u00e4lt, sollten Sie sofort einen Arzt aufsuchen, um eine dauerhafte Sch\u00e4digung Ihres Penis zu vermeiden. Informieren Sie Ihren Arzt vor der Einnahme von Tadacip, wenn Sie einen abnormalen Penis haben, einschlie\u00dflich Peniskr\u00fcmmung und Geburtsfehler des Penis, koronare Herzkrankheit, Herzrhythmusst\u00f6rungen, Angina pectoris, Herzinfarkt oder Herzversagen, Hypo- oder Hypertonie, Blutungen, Magengeschw\u00fcre, Diabetes, Hyperlipid\u00e4mie (\u00dcberschuss an Lipiden im Blut), Sichelzellenan\u00e4mie, Leber- oder Nierenversagen in der Vorgeschichte.<\/p>\n<p>Kontraindikationen<\/p>\n<p>Tadacip ist bei Patienten kontraindiziert, die irgendeine Form von organischem Nitrat verwenden, entweder regelm\u00e4\u00dfig und regelm\u00e4\u00dfig \/ oder zeitweise, da es die blutdrucksenkende Wirkung verst\u00e4rken kann.<\/p>\n<p>M\u00f6gliche Nebenwirkungen<\/p>\n<p>Die h\u00e4ufigsten Nebenwirkungen von Tadacip sind Kopfschmerzen, Myalgie (Muskelschmerzen), Dyspepsie (Magenverstimmung nach Mahlzeiten) und R\u00fcckenschmerzen Schmerz. Bei einigen Patienten kann es zu Gesichtsr\u00f6tungen, Kopfschmerzen, Magenbeschwerden, Durchfall, grippe\u00e4hnlichen Symptomen und \u00dcbelkeit kommen. In selteneren F\u00e4llen k\u00f6nnen niedriger Blutdruck, verschwommenes Sehen und Ver\u00e4nderungen im Farbsehen sowie abnormale Ejakulation auftreten.<\/p>\n<p>Wechselwirkungen mit anderen Medikamenten<\/p>\n<p>Vermeiden Sie Grapefruitsaft, alkoholische Getr\u00e4nke und Tabak, wenn Sie Tadacip einnehmen. Wenn Sie Tabak rauchen und gleichzeitig Tadacip einnehmen, kann dies zu einer Erkrankung namens NAION (pl\u00f6tzlicher optikerbedingter Sehverlust) f\u00fchren. Vermeiden Sie die Einnahme von Tadacip zusammen mit Medikamenten wie Erythrityltetranitrat, Isosorbiddinitrat, Isosorbidmononitrat, Nitroglycerin, Pentaerythritoltetranitrat. Spiegel und Toxizit\u00e4t von Tadacip werden durch Erythromycin, Ketoconazol (Nizoral), Itraconazol (Sporanox), Indinavir (Crixivan) und Ritonavir (Norvir) erh\u00f6ht. Korrektur. Informieren Sie Ihren Arzt \u00fcber alle verschriebenen und im Inland erh\u00e4ltlichen Medikamente und Kr\u00e4uterprodukte, die Sie einnehmen.<\/p>\n<p>Verpasste Dosis<\/p>\n<p>Tadacip wird bei Bedarf vor dem Geschlechtsverkehr eingenommen, daher ist davon auszugehen, dass keine Dosis vergessen wird.<\/p>\n<p>\u00dcberdosierung<\/p>\n<p>Suchen Sie sofort einen Arzt auf, wenn Sie glauben, dass Sie zu viel von diesem Medikament eingenommen haben.<\/p>\n<p>Lagerung<\/p>\n<p>Bei Raumtemperatur zwischen 15 und 30 \u00b0C lagern ) vor Licht und Feuchtigkeit sch\u00fctzen.<\/p>\n<p>Haftungsausschluss<\/p>\n<p>Wir stellen nur allgemeine Informationen zu Medikamenten zur Verf\u00fcgung, die nicht alle Anwendungsgebiete, m\u00f6gliche Medikamentenkombinationen oder Vorsichtsma\u00dfnahmen abdecken. Die Informationen auf der Website k\u00f6nnen nicht zur Selbstbehandlung und Selbstdiagnose verwendet werden. Spezifische Anweisungen f\u00fcr einen bestimmten Patienten sollten mit Ihrem Gesundheitsberater oder dem f\u00fcr den Fall zust\u00e4ndigen Arzt vereinbart werden. Wir lehnen die Zuverl\u00e4ssigkeit dieser Informationen und die darin enthaltenen Fehler ab. Wir haften nicht f\u00fcr direkte, indirekte, besondere oder sonstige indirekte Sch\u00e4den, die sich aus der Nutzung der Informationen auf dieser Website ergeben und auch nicht f\u00fcr Folgen der Selbstbehandlung.<\/p>\n","protected":false},"excerpt":{"rendered":"<p>Tadacip Generic sorgt daf\u00fcr, dass sich der Penis eines Mannes mit ausreichend Blut f\u00fcllt, um eine Erektion auszul\u00f6sen.<\/p>\n","protected":false},"featured_media":4257,"comment_status":"open","ping_status":"closed","template":"","meta":[],"product_brand":[],"product_cat":[117],"product_tag":[],"class_list":{"0":"post-4263","1":"product","2":"type-product","3":"status-publish","4":"has-post-thumbnail","6":"product_cat-erektile-dysfunktion-de","7":"pa_active_substance-tadalafil","9":"first","10":"instock","11":"shipping-taxable","12":"product-type-variable"},"jetpack_sharing_enabled":true,"_links":{"self":[{"href":"https:\/\/pharmacy-content.com\/index.php?rest_route=\/wp\/v2\/product\/4263","targetHints":{"allow":["GET"]}}],"collection":[{"href":"https:\/\/pharmacy-content.com\/index.php?rest_route=\/wp\/v2\/product"}],"about":[{"href":"https:\/\/pharmacy-content.com\/index.php?rest_route=\/wp\/v2\/types\/product"}],"replies":[{"embeddable":true,"href":"https:\/\/pharmacy-content.com\/index.php?rest_route=%2Fwp%2Fv2%2Fcomments&post=4263"}],"wp:featuredmedia":[{"embeddable":true,"href":"https:\/\/pharmacy-content.com\/index.php?rest_route=\/wp\/v2\/media\/4257"}],"wp:attachment":[{"href":"https:\/\/pharmacy-content.com\/index.php?rest_route=%2Fwp%2Fv2%2Fmedia&parent=4263"}],"wp:term":[{"taxonomy":"product_brand","embeddable":true,"href":"https:\/\/pharmacy-content.com\/index.php?rest_route=%2Fwp%2Fv2%2Fproduct_brand&post=4263"},{"taxonomy":"product_cat","embeddable":true,"href":"https:\/\/pharmacy-content.com\/index.php?rest_route=%2Fwp%2Fv2%2Fproduct_cat&post=4263"},{"taxonomy":"product_tag","embeddable":true,"href":"https:\/\/pharmacy-content.com\/index.php?rest_route=%2Fwp%2Fv2%2Fproduct_tag&post=4263"}],"curies":[{"name":"wp","href":"https:\/\/api.w.org\/{rel}","templated":true}]}}