{"id":4275,"date":"2026-04-22T06:53:01","date_gmt":"2026-04-22T06:53:01","guid":{"rendered":""},"modified":"2026-04-22T06:53:09","modified_gmt":"2026-04-22T06:53:09","slug":"tadacip-4","status":"publish","type":"product","link":"https:\/\/pharmacy-content.com\/it\/product\/tadacip-4\/","title":{"rendered":"Tadacip"},"content":{"rendered":"<p>Indicazioni<\/p>\n<p>TADALAFIL \u00e8 usato nel trattamento della disfunzione erettile negli uomini.<\/p>\n<p>Speciali avvertenze e precauzioni per l\u2019uso<\/p>\n<p>Prima di iniziare la somministrazione del farmaco avvisare il medico curante se una delle seguenti condizioni \u00e8 occorsa:<br \/>\ndisturbi della vista, compresa la retinite pigmentosa, una rara malattia genetica dell&#8217;occhio<br \/>\nmalattie cardiache, angina, ipertensione, ipotensione, attacco di cuore o altri problemi cardiaci<br \/>\nmalattie epatiche<br \/>\nmalattie renali<br \/>\ninfarto<br \/>\nipertensione, ipotensione<br \/>\nipersensibilit\u00e0 o allergie al tadalafil, altre medicine, cibo, coloranti o conservanti<br \/>\ngravidanza o intenzione di rimanere incinta<br \/>\nallattamento<\/p>\n<p>Posologia e modo di somministrazione<\/p>\n<p>Assumere il farmaco per via orale con acqua. Si pu\u00f2 prendere con o senza cibo. La dose va assunta 30-60 minuti prima dell&#8217;attivit\u00e0 sessuale. Non assumere il farmaco pi\u00f9 di una volta al giorno. Non superare le dosi consigliate<\/p>\n<p>Sovradosaggio: In caso di sovradosaggio si consiglia di ricorrere ai normali presidi di pronto soccorso.<\/p>\n<p>NOTA BENE: il farmaco \u00e8 prescritto per uso personale.<\/p>\n<p>Assunzione irregolare<\/p>\n<p>Se si dimentica una dose prenderla non appena ci si ricordi di farlo, ma non assumere pi\u00f9 di una dose al giorno.<\/p>\n<p>Interazioni<\/p>\n<p>Non assumere il farmaco contemporaneamente con:<br \/>\nnitrati quali, nitrito, isosorbide dinitrato, isosorbide mononitrato, nitroglicerina<\/p>\n<p>Altre note interazioni medicamentose:<br \/>\nfarmaci per l&#8217;ipertensione<br \/>\nfarmaci per il trattamento dell&#8217;HIV e dell&#8217;AIDS<br \/>\nanitmicotici quali fluconazolo, itraconazolo, ketoconazolo e voriconazolo<br \/>\nanticonvulsivi quali carbamazepina, fenitoina e fenobarbitale<br \/>\nsucco di pompelmo<br \/>\nantibiotici macrolidi, quali claritromicina, eritromicina, troleandomicina<br \/>\nfarmaci per i disturbi alla prostata<br \/>\nrifabutina, rifapentina, e rifampina<\/p>\n<p>La lista di cui sopra non \u00e8 esaustiva delle interazioni medicamentose. Contattare il medico curante e indicare i farmaci e medicamenti che si stanno assumendo e se si fuma o si fa consumo di bevande alcoliche e di droghe. Consultare il medico prima di iniziare con nuovi farmaci.<\/p>\n<p>Speciali avvertenze e precauzioni per l\u2019uso<\/p>\n<p>Avvisare il medico immediatamente se si notano variazioni della vista durante l&#8217;assunzione del farmaco. Interrompere l&#8217;assunzione del farmaco e contattare immediatamente il medico se si perde la vista da uno o entrambi gli occhi.<\/p>\n<p>Avvisare immediatamente il medico se l&#8217;erezione dura pi\u00f9 di quattro ore e in caso di erezione dolorosa. Questi possono essere sintomi di gravi problemi che devono essere trattati immediatamente onde evitare danni permanenti.<\/p>\n<p>Se dopo aver preso il farmaco e all&#8217;inizio del rapporto sessuale si avvertono nausea, vertigini, dolore al petto e al braccio, interrompere il rapporto e contattare il medico il prima possibile.<\/p>\n<p>Non bere eccessive quantit\u00e0 di alcol quando si assume il farmaco (es. 5 bicchieri di vino o 5 shot di whiskey). L&#8217;alcol pu\u00f2 aumentare l&#8217;insorgenza di cefalea e vertigini e aumentare il battito cardiaco e diminuire la pressione arteriosa.<\/p>\n<p>L&#8217;uso del farmaco non protegge dall&#8217;HIV (il virus che causa l&#8217;AIDS) e da altre malattie a trasmissione sessuale.<\/p>\n<p>Effetti indesiderati<\/p>\n<p>Consultare il medico curante il prima possibile se uno sei seguenti sintomi si dovesse manifestare:<br \/>\nreazioni allergiche quali rash cutanei, pruriti o orticaria, gonfiori della faccia, labbra e lingua<br \/>\nvariazione dell&#8217;udito<br \/>\ndolore al petto<br \/>\ntachicardia<\/p>\n<p>Altri effetti indesiderati, che non richiedono l\u2019immediata assistenza del medico, da riportare in caso di prolungato fastidio:<br \/>\nmal di schiena<br \/>\nvertigini<br \/>\ncefalea<br \/>\nrossore<br \/>\nindigestione<br \/>\ncongestione nasale<br \/>\ndolore muscolare<\/p>\n<p>La lista di cui sopra non \u00e8 esaustiva degli effetti indesiderati.<\/p>\n<p>Speciali precauzioni per la conservazione<\/p>\n<p>Tenere fuori dalla portata dei bambini.<\/p>\n<p>Conservare a temperatura ambiente (15-30\u00b0C). Eliminare i farmaci scaduti negli appositi contenitori.<\/p>\n","protected":false},"excerpt":{"rendered":"<p>Tadacip prodotto da Cipla \u00e8 un medicinale impiegato per il trattamento dell\u2019impotenza maschile. \u00c8 un\u2019alternativa al noto Cialis originale.<\/p>\n","protected":false},"featured_media":4257,"comment_status":"open","ping_status":"closed","template":"","meta":[],"product_brand":[],"product_cat":[123],"product_tag":[],"class_list":{"0":"post-4275","1":"product","2":"type-product","3":"status-publish","4":"has-post-thumbnail","6":"product_cat-disfunzione-erettile-it","7":"pa_active_substance-tadalafil","9":"first","10":"instock","11":"shipping-taxable","12":"product-type-variable"},"jetpack_sharing_enabled":true,"_links":{"self":[{"href":"https:\/\/pharmacy-content.com\/wp-json\/wp\/v2\/product\/4275","targetHints":{"allow":["GET"]}}],"collection":[{"href":"https:\/\/pharmacy-content.com\/wp-json\/wp\/v2\/product"}],"about":[{"href":"https:\/\/pharmacy-content.com\/wp-json\/wp\/v2\/types\/product"}],"replies":[{"embeddable":true,"href":"https:\/\/pharmacy-content.com\/wp-json\/wp\/v2\/comments?post=4275"}],"wp:featuredmedia":[{"embeddable":true,"href":"https:\/\/pharmacy-content.com\/wp-json\/wp\/v2\/media\/4257"}],"wp:attachment":[{"href":"https:\/\/pharmacy-content.com\/wp-json\/wp\/v2\/media?parent=4275"}],"wp:term":[{"taxonomy":"product_brand","embeddable":true,"href":"https:\/\/pharmacy-content.com\/wp-json\/wp\/v2\/product_brand?post=4275"},{"taxonomy":"product_cat","embeddable":true,"href":"https:\/\/pharmacy-content.com\/wp-json\/wp\/v2\/product_cat?post=4275"},{"taxonomy":"product_tag","embeddable":true,"href":"https:\/\/pharmacy-content.com\/wp-json\/wp\/v2\/product_tag?post=4275"}],"curies":[{"name":"wp","href":"https:\/\/api.w.org\/{rel}","templated":true}]}}