{"id":4287,"date":"2026-04-22T06:53:03","date_gmt":"2026-04-22T06:53:03","guid":{"rendered":""},"modified":"2026-04-22T06:53:09","modified_gmt":"2026-04-22T06:53:09","slug":"tadacip-6","status":"publish","type":"product","link":"https:\/\/pharmacy-content.com\/?product=tadacip-6&lang=pl","title":{"rendered":"Tadacip"},"content":{"rendered":"<p>Powszechne zastosowanie<\/p>\n<p>Tadacip nale\u017cy do klasy lek\u00f3w znanych jako fosfodiesteraza-5 (PDE-5). Kiedy nast\u0105pi stymulacja seksualna, Tadacip umo\u017cliwia nape\u0142nienie penisa m\u0119\u017cczyzny wystarczaj\u0105c\u0105 ilo\u015bci\u0105 krwi, aby wywo\u0142a\u0107 erekcj\u0119. U m\u0119\u017cczyzn z zaburzeniami erekcji dop\u0142yw krwi do pr\u0105cia nie jest wystarczaj\u0105cy do wywo\u0142ania erekcji. G\u0142\u00f3wnym sk\u0142adnikiem Tadacipu jest Tadalafil, rozlu\u017ania on mi\u0119\u015bnie g\u0142adkie, rozszerza naczynia krwiono\u015bne w pr\u0105ciu, co pozwala krwi na wype\u0142nienie cia\u0142 jamistych i wywo\u0142anie erekcji. Po akcie seksualnym erekcja zanika jak w normalnych okoliczno\u015bciach. Erekcji nie mo\u017cna osi\u0105gn\u0105\u0107 poprzez samo za\u017cycie Tadacipu, wymaga ona stymulacji seksualnej. Substancj\u0105 czynn\u0105 leku jest Tadalafil.<\/p>\n<p>Dawkowanie i spos\u00f3b stosowania<\/p>\n<p>Zwykle zalecana dawka to jedna tabletka 20 mg Tadacip (generycznego Cialis) dziennie. Skonsultuj si\u0119 z lekarzem, poniewa\u017c mo\u017ce by\u0107 konieczne dostosowanie dawki ze wzgl\u0119du na pewne schorzenia. Osoby w podesz\u0142ym wieku mog\u0105 by\u0107 bardziej podatne na skutki uboczne Tadalafilu; dlatego zaleca si\u0119 ostro\u017cno\u015b\u0107 podczas \u0107wicze\u0144 w tej grupie.<\/p>\n<p>\u015arodki ostro\u017cno\u015bci<\/p>\n<p>Tadacip nie powinien by\u0107 stosowany u m\u0119\u017cczyzn z chorobami serca, u kt\u00f3rych niewskazana jest aktywno\u015b\u0107 seksualna. Nie ma informacji na temat priapizmu podczas leczenia zaburzeniami erekcji lekiem Tadacip, jednak mo\u017ce on wyst\u0105pi\u0107 u pacjent\u00f3w leczonych innym inhibitorem PDE5, sildenafilem. Je\u015bli erekcja trwa 4 godziny lub d\u0142u\u017cej, nale\u017cy natychmiast zwr\u00f3ci\u0107 si\u0119 o pomoc lekarsk\u0105, aby unikn\u0105\u0107 trwa\u0142ego uszkodzenia penisa. Przed zastosowaniem leku Tadacip nale\u017cy poinformowa\u0107 lekarza, je\u015bli u pacjenta wyst\u0119puj\u0105 zaburzenia pr\u0105cia, w tym skrzywienie pr\u0105cia i wady wrodzone pr\u0105cia, je\u015bli u pacjenta wyst\u0119powa\u0142a choroba wie\u0144cowa, arytmia, d\u0142awica piersiowa, zawa\u0142 serca lub niewydolno\u015b\u0107 serca, niedoci\u015bnienie lub nadci\u015bnienie, krwawienia, wrzody \u017co\u0142\u0105dka, cukrzyca, hiperlipidemia (nadmiar lipid\u00f3w we krwi), anemia sierpowatokrwinkowa, niewydolno\u015b\u0107 w\u0105troby lub nerek w wywiadzie.<\/p>\n<p>Przeciwwskazania<\/p>\n<p>Tadacip jest przeciwwskazany u pacjent\u00f3w stosuj\u0105cych jak\u0105kolwiek form\u0119 azotanu organicznego, zar\u00f3wno regularnie, jak i \/ lub okresowo, poniewa\u017c mo\u017ce nasili\u0107 ich dzia\u0142anie hipotensyjne.<\/p>\n<p>Mo\u017cliwe skutki uboczne<\/p>\n<p>Najcz\u0119stsze dzia\u0142ania niepo\u017c\u0105dane leku Tadacip to b\u00f3l g\u0142owy, b\u00f3le mi\u0119\u015bni (b\u00f3le mi\u0119\u015bni), niestrawno\u015b\u0107 (rozstr\u00f3j \u017co\u0142\u0105dka po posi\u0142kach) i plecy b\u00f3l. U niekt\u00f3rych pacjent\u00f3w mo\u017ce wyst\u0105pi\u0107 zaczerwienienie twarzy, b\u00f3le g\u0142owy, rozstr\u00f3j \u017co\u0142\u0105dka, biegunka, objawy grypopodobne i nudno\u015bci. W rzadszych przypadkach mo\u017ce wyst\u0105pi\u0107 niskie ci\u015bnienie krwi, niewyra\u017ane widzenie i zmiany w widzeniu barw oraz nieprawid\u0142owy wytrysk.<\/p>\n<p>Interakcje lek\u00f3w<\/p>\n<p>Podczas stosowania Tadacip staraj si\u0119 unika\u0107 soku grejpfrutowego, napoj\u00f3w alkoholowych i tytoniu. Je\u015bli palisz tyto\u0144 i jednocze\u015bnie za\u017cywasz Tadacip, mo\u017ce to prowadzi\u0107 do stanu zwanego NAION (nag\u0142a utrata wzroku zwi\u0105zana z nerwem wzrokowym). Nale\u017cy unika\u0107 stosowania leku Tadacip z lekami takimi jak tetraazotan erytrytylu, diazotan izosorbidu, monoazotan izosorbidu, nitrogliceryna, tetraazotan pentaerytrytolu. Poziomy i toksyczno\u015b\u0107 Tadacipu zwi\u0119kszaj\u0105 erytromycyna, ketokonazol (Nizoral), itrakonazol (Sporanox), indynawir (Crixivan) i rytonawir (Norvir). Nale\u017cy poinformowa\u0107 lekarza o przyjmowaniu leku Atazanavir, Bunazosin, Clarithromycin, Doxazosin, Erythromycin, Indinavir, Itraconazole, Ketoconazole, Moxisylyte, Nefazodone, Nelfinavir, Fenoxybenzamine, Phentolamine, Prazosin, Saquinavir, Telithromycin, Terazosin, Trimazosin, Urapidil, poniewa\u017c mo\u017ce to wymaga\u0107 dawki Tadacipu. korekta. Poinformuj swojego lekarza o wszystkich przepisanych i dost\u0119pnych w kraju lekach oraz produktach zio\u0142owych, kt\u00f3re za\u017cywasz.<\/p>\n<p>Pomini\u0119ta dawka<\/p>\n<p>Tadacip jest przyjmowany w razie potrzeby przed stosunkiem p\u0142ciowym, wi\u0119c nie nale\u017cy pomija\u0107 dawki.<\/p>\n<p>Przedawkowanie<\/p>\n<p>Zasi\u0119gnij natychmiastowej pomocy lekarskiej, je\u015bli uwa\u017casz, \u017ce za\u017cy\u0142e\u015b za du\u017co tego leku.<\/p>\n<p>Przechowywanie<\/p>\n<p>Przechowywa\u0107 w temperaturze pokojowej pomi\u0119dzy 15-30 C (59-86 F (15-30 C) ) z dala od \u015bwiat\u0142a i wilgoci.<\/p>\n<p>Zastrze\u017cenie<\/p>\n<p>Podajemy jedynie og\u00f3lne informacje na temat lek\u00f3w, kt\u00f3re nie obejmuj\u0105 wszystkich wskaz\u00f3wek, mo\u017cliwych po\u0142\u0105cze\u0144 lek\u00f3w ani \u015brodk\u00f3w ostro\u017cno\u015bci. Informacje zawarte na stronie nie mog\u0105 by\u0107 wykorzystywane do samodzielnego leczenia i autodiagnozy. Wszelkie szczeg\u00f3\u0142owe instrukcje dla konkretnego pacjenta nale\u017cy uzgodni\u0107 z doradc\u0105 ds. opieki zdrowotnej lub lekarzem prowadz\u0105cym dany przypadek. Zrzekamy si\u0119 wiarygodno\u015bci tych informacji i b\u0142\u0119d\u00f3w, jakie mog\u0105 one zawiera\u0107. Nie ponosimy odpowiedzialno\u015bci za jakiekolwiek bezpo\u015brednie, po\u015brednie, szczeg\u00f3lne lub inne po\u015brednie szkody powsta\u0142e w wyniku wykorzystania informacji zawartych na tej stronie, a tak\u017ce za konsekwencje samoleczenia.<\/p>\n","protected":false},"excerpt":{"rendered":"<p>Tadacip Generic umo\u017cliwia nape\u0142nienie penisa m\u0119\u017cczyzn\u0105 wystarczaj\u0105c\u0105 ilo\u015bci\u0105 krwi, aby wywo\u0142a\u0107 erekcj\u0119.<\/p>\n","protected":false},"featured_media":4257,"comment_status":"open","ping_status":"closed","template":"","meta":[],"product_brand":[],"product_cat":[129],"product_tag":[],"class_list":{"0":"post-4287","1":"product","2":"type-product","3":"status-publish","4":"has-post-thumbnail","6":"product_cat-dysfunkcja-erekcji-pl","7":"pa_active_substance-tadalafil","9":"first","10":"instock","11":"shipping-taxable","12":"product-type-variable"},"jetpack_sharing_enabled":true,"_links":{"self":[{"href":"https:\/\/pharmacy-content.com\/index.php?rest_route=\/wp\/v2\/product\/4287","targetHints":{"allow":["GET"]}}],"collection":[{"href":"https:\/\/pharmacy-content.com\/index.php?rest_route=\/wp\/v2\/product"}],"about":[{"href":"https:\/\/pharmacy-content.com\/index.php?rest_route=\/wp\/v2\/types\/product"}],"replies":[{"embeddable":true,"href":"https:\/\/pharmacy-content.com\/index.php?rest_route=%2Fwp%2Fv2%2Fcomments&post=4287"}],"wp:featuredmedia":[{"embeddable":true,"href":"https:\/\/pharmacy-content.com\/index.php?rest_route=\/wp\/v2\/media\/4257"}],"wp:attachment":[{"href":"https:\/\/pharmacy-content.com\/index.php?rest_route=%2Fwp%2Fv2%2Fmedia&parent=4287"}],"wp:term":[{"taxonomy":"product_brand","embeddable":true,"href":"https:\/\/pharmacy-content.com\/index.php?rest_route=%2Fwp%2Fv2%2Fproduct_brand&post=4287"},{"taxonomy":"product_cat","embeddable":true,"href":"https:\/\/pharmacy-content.com\/index.php?rest_route=%2Fwp%2Fv2%2Fproduct_cat&post=4287"},{"taxonomy":"product_tag","embeddable":true,"href":"https:\/\/pharmacy-content.com\/index.php?rest_route=%2Fwp%2Fv2%2Fproduct_tag&post=4287"}],"curies":[{"name":"wp","href":"https:\/\/api.w.org\/{rel}","templated":true}]}}