{"id":4403,"date":"2026-04-22T06:53:34","date_gmt":"2026-04-22T06:53:34","guid":{"rendered":""},"modified":"2026-04-22T06:53:41","modified_gmt":"2026-04-22T06:53:41","slug":"tadalista-5","status":"publish","type":"product","link":"https:\/\/pharmacy-content.com\/?product=tadalista-5&lang=es","title":{"rendered":"Tadalista"},"content":{"rendered":"<p>Uso com\u00fan<br \/>\nTadalista se prescribe a hombres con problemas para lograr y mantener una erecci\u00f3n. Act\u00faa \u00fanicamente con estimulaci\u00f3n sexual. Este medicamento es un inhibidor de la fosfodiesterasa tipo 5. Relaja los vasos sangu\u00edneos del pene, permitiendo que la sangre fluya.<br \/>\nDosis y administraci\u00f3n<br \/>\nTadalista debe tomarse aproximadamente media hora antes de iniciar cualquier actividad sexual. Se administra por v\u00eda oral y se ingiere con agua, con o sin alimentos. El efecto del medicamento comienza a los 30 minutos de su administraci\u00f3n y dura hasta 36 horas.<br \/>\nPrecauciones<br \/>\nEste medicamento no est\u00e1 indicado para mujeres ni ni\u00f1os. T\u00f3melo exactamente como se lo recetaron y no exceda la dosis recomendada. No se recomienda el uso de Tadalista en pacientes a quienes se les advirti\u00f3 que no mantengan relaciones sexuales debido a problemas card\u00edacos. No lo tome con otros medicamentos para la disfunci\u00f3n er\u00e9ctil a menos que su m\u00e9dico le haya indicado lo contrario. Evite tomarlo con alimentos ricos en grasas y alcohol, ya que pueden reducir la eficacia de Tadalista. Informe a su m\u00e9dico si padece anemia de c\u00e9lulas falciformes, mieloma, leucemia o cualquier deformaci\u00f3n del pene, o si padece insuficiencia renal o hep\u00e1tica grave.<br \/>\nContraindicaciones<br \/>\nTadalista est\u00e1 contraindicado en personas tratadas concomitantemente con nitratos, ya que puede provocar descensos repentinos y potencialmente mortales de la presi\u00f3n arterial.<br \/>\nPosibles efectos secundarios<br \/>\nLos efectos secundarios del medicamento pueden incluir dolor de cabeza, mialgia (dolor muscular), dolor de espalda, dispepsia (indigesti\u00f3n), acidez estomacal, sofocos, goteo nasal, visi\u00f3n borrosa general, incapacidad para distinguir los colores azul y verde, diarrea e infecciones del tracto urinario. Reducir la dosis puede minimizar los efectos.<br \/>\nLos efectos secundarios menos frecuentes incluyen erupciones faciales, aumento de la sensibilidad a la luz, escalofr\u00edos, p\u00e9rdida del equilibrio, dolor y debilidad en el pecho, migra\u00f1as, funci\u00f3n hep\u00e1tica anormal, colitis, sequedad bucal, gingivitis, insuficiencia card\u00edaca, aumento de la frecuencia card\u00edaca, presi\u00f3n arterial baja, desmayos debido a una bajada de la presi\u00f3n arterial y formaci\u00f3n de co\u00e1gulos sangu\u00edneos.<br \/>\nInteracci\u00f3n con otros medicamentos<br \/>\nNunca tome Tadalista con ning\u00fan medicamento que contenga nitratos, por ejemplo, medicamentos para tratar la angina de pecho como la nitroglicerina (en forma de comprimidos, ung\u00fcentos, aerosoles, parches o pastas cut\u00e1neas), el mononitrato y el dinitrato de isosorbida, o drogas recreativas (\u2018poppers\u2019) como el nitrato o el nitrito de amilo.<br \/>\nDosis olvidada<br \/>\nEl medicamento se toma cuando es necesario. No exceda la dosis recomendada.<br \/>\nSobredosis<br \/>\nEn caso de sospecha de sobredosis, busque atenci\u00f3n m\u00e9dica urgente.<br \/>\nAlmacenamiento<br \/>\nMantener a temperatura ambiente en un recipiente herm\u00e9tico y seco, fuera del alcance de ni\u00f1os y mascotas. No almacenar despu\u00e9s de la fecha de caducidad.<\/p>\n","protected":false},"excerpt":{"rendered":"<p>Tadalista es una alternativa poderosa y econ\u00f3mica a Cialis. De hecho, estos dos medicamentos se diferencian s\u00f3lo por el fabricante, las acciones y los efectos siguen siendo los mismos, ya que la base de un medicamento sigue siendo el tadalafilo.<\/p>\n","protected":false},"featured_media":4379,"comment_status":"open","ping_status":"closed","template":"","meta":[],"product_brand":[],"product_cat":[126],"product_tag":[],"class_list":{"0":"post-4403","1":"product","2":"type-product","3":"status-publish","4":"has-post-thumbnail","6":"product_cat-disfuncion-erectil-es","7":"pa_active_substance-tadalafil","9":"first","10":"instock","11":"shipping-taxable","12":"product-type-variable"},"jetpack_sharing_enabled":true,"_links":{"self":[{"href":"https:\/\/pharmacy-content.com\/index.php?rest_route=\/wp\/v2\/product\/4403","targetHints":{"allow":["GET"]}}],"collection":[{"href":"https:\/\/pharmacy-content.com\/index.php?rest_route=\/wp\/v2\/product"}],"about":[{"href":"https:\/\/pharmacy-content.com\/index.php?rest_route=\/wp\/v2\/types\/product"}],"replies":[{"embeddable":true,"href":"https:\/\/pharmacy-content.com\/index.php?rest_route=%2Fwp%2Fv2%2Fcomments&post=4403"}],"wp:featuredmedia":[{"embeddable":true,"href":"https:\/\/pharmacy-content.com\/index.php?rest_route=\/wp\/v2\/media\/4379"}],"wp:attachment":[{"href":"https:\/\/pharmacy-content.com\/index.php?rest_route=%2Fwp%2Fv2%2Fmedia&parent=4403"}],"wp:term":[{"taxonomy":"product_brand","embeddable":true,"href":"https:\/\/pharmacy-content.com\/index.php?rest_route=%2Fwp%2Fv2%2Fproduct_brand&post=4403"},{"taxonomy":"product_cat","embeddable":true,"href":"https:\/\/pharmacy-content.com\/index.php?rest_route=%2Fwp%2Fv2%2Fproduct_cat&post=4403"},{"taxonomy":"product_tag","embeddable":true,"href":"https:\/\/pharmacy-content.com\/index.php?rest_route=%2Fwp%2Fv2%2Fproduct_tag&post=4403"}],"curies":[{"name":"wp","href":"https:\/\/api.w.org\/{rel}","templated":true}]}}