{"id":5713,"date":"2026-04-22T06:57:40","date_gmt":"2026-04-22T06:57:40","guid":{"rendered":""},"modified":"2026-04-22T06:57:48","modified_gmt":"2026-04-22T06:57:48","slug":"terpafen-5","status":"publish","type":"product","link":"https:\/\/pharmacy-content.com\/?product=terpafen-5&lang=es","title":{"rendered":"Terpafen"},"content":{"rendered":"<p>Uso com\u00fan<\/p>\n<p>Terpafen es un antiestr\u00f3geno no esteroide. El mecanismo de su acci\u00f3n consiste en una uni\u00f3n espec\u00edfica con el receptor de estr\u00f3geno en el ovario y la hip\u00f3fisis. En pacientes con niveles bajos de estr\u00f3geno en el organismo causa efecto estr\u00f3geno y en pacientes con niveles altos de estr\u00f3geno causa efecto antiestr\u00f3geno. Sus peque\u00f1as dosis aumentan la secreci\u00f3n de gonadotropinas (prolactina, hormona estimulante del fol\u00edculo, FSH y hormona estimulante de las c\u00e9lulas intersticiales), estimula la ovulaci\u00f3n; en grandes dosis disminuye la secreci\u00f3n de gonadotropinas. La acci\u00f3n general de Terpafen consiste en estimular la ovulaci\u00f3n y preparar el cuerpo para el embarazo. Este medicamento puede usarse en pacientes masculinos con infertilidad causada por una baja producci\u00f3n de espermatozoides.<\/p>\n<p>Dosis y direcci\u00f3n<\/p>\n<p>Terpafen se administra para estimular la ovulaci\u00f3n 50 mg 1 vez al d\u00eda antes de acostarse, a partir del quinto d\u00eda de el ciclo menstrual durante 5 d\u00edas (en ausencia del ciclo, en cualquier momento). En caso de que no haya ning\u00fan efecto (la ovulaci\u00f3n no se produce dentro de los 30 d\u00edas), aumente la dosis a 150 mg\/d\u00eda o alargue el tratamiento a 10 d\u00edas. Tome exactamente como le recetaron, no tome el medicamento en grandes cantidades.<\/p>\n<p>Precauciones<\/p>\n<p>Antes de tomar Terpafen informe a su m\u00e9dico si alguna vez ha tenido alguna reacci\u00f3n al\u00e9rgica al clomifeno, enfermedades hep\u00e1ticas, depresi\u00f3n mental, tromboflebitis. . Este medicamento puede causar problemas de visi\u00f3n, mareos o aturdimiento, tenga especial cuidado si necesita conducir o utilizar maquinaria que requiera una alta concentraci\u00f3n de atenci\u00f3n.<\/p>\n<p>Contraindicaciones<\/p>\n<p>Hipersensibilidad, insuficiencia hep\u00e1tica o renal , metrorragia de etiolog\u00eda desconocida, quistes ov\u00e1ricos, neoplasias de los \u00f3rganos genitales, tumores o hipofunci\u00f3n de la hip\u00f3fisis, endometriosis, insuficiencia ov\u00e1rica junto con hiperprolactinemia, embarazo.<\/p>\n<p>Posibles efectos secundarios<\/p>\n<p>Junto con s\u00edntomas de alergia como Hinchaz\u00f3n de labios, lengua o cara o urticaria en algunas pacientes pueden aparecer las siguientes condiciones: agrandamiento de los ovarios que se presenta como dolor abdominal o p\u00e9lvico, enrojecimiento, n\u00e1useas, v\u00f3mitos o diarrea, visi\u00f3n borrosa, dolor de cabeza, sangrado uterino anormal.<\/p>\n<p>Interacci\u00f3n con medicamentos<\/p>\n<p>Informe a su m\u00e9dico y operadores de laboratorio sobre todos los medicamentos y productos a base de hierbas que est\u00e9 tomando si est\u00e1 siendo tratado con Terpafen.<\/p>\n<p>Dosis omitida<\/p>\n<p>Si omiti\u00f3 una dosis, t\u00f3mela como tan pronto como lo recuerdes, pero no si es casi la hora de la siguiente ingesta seg\u00fan tu horario. Si es as\u00ed, omita la dosis olvidada. No intente compensar la dosis omitida tomando una adicional.<\/p>\n<p>Sobredosis<\/p>\n<p>Si sospecha que tom\u00f3 demasiado medicamento, busque atenci\u00f3n m\u00e9dica inmediata.<\/p>\n<p>Almacenamiento<\/p>\n<p>Guarde Terpafen en un lugar seco, alejado de la luz solar, a temperatura ambiente entre 15 y 30 C (59 y 86 F).<\/p>\n<p>Descargo de responsabilidad<\/p>\n<p>Solo proporcionamos informaci\u00f3n general sobre medicamentos que no cubren todas las direcciones, posibles integraciones de medicamentos o precauciones. La informaci\u00f3n contenida en el sitio no se puede utilizar para autotratamiento y autodiagn\u00f3stico. Las instrucciones espec\u00edficas para un paciente en particular deben acordarse con su asesor de salud o m\u00e9dico a cargo del caso. Renunciamos a la fiabilidad de esta informaci\u00f3n y a los errores que pueda contener. No somos responsables de ning\u00fan da\u00f1o directo, indirecto, especial u otro da\u00f1o indirecto como resultado de cualquier uso de la informaci\u00f3n en este sitio y tampoco de las consecuencias del autotratamiento.<\/p>\n","protected":false},"excerpt":{"rendered":"<p>Terpafen Generic es un f\u00e1rmaco utilizado para aumentar la fertilidad. El ingrediente activo del medicamento, el clomifeno (cada tableta contiene 50 mg), desencadena la ovulaci\u00f3n. El efecto farmacol\u00f3gico subyacente es la estimulaci\u00f3n de las c\u00e9lulas productoras de gonadotropinas mediante el ingrediente activo clomifeno, que simula la falta de hormonas sexuales en el cuerpo.<\/p>\n","protected":false},"featured_media":5689,"comment_status":"open","ping_status":"closed","template":"","meta":[],"product_brand":[],"product_cat":[156],"product_tag":[],"class_list":{"0":"post-5713","1":"product","2":"type-product","3":"status-publish","4":"has-post-thumbnail","6":"product_cat-estimulante-ovulatorio-es","7":"pa_active_substance-clomifen","9":"first","10":"instock","11":"shipping-taxable","12":"product-type-simple"},"jetpack_sharing_enabled":true,"_links":{"self":[{"href":"https:\/\/pharmacy-content.com\/index.php?rest_route=\/wp\/v2\/product\/5713","targetHints":{"allow":["GET"]}}],"collection":[{"href":"https:\/\/pharmacy-content.com\/index.php?rest_route=\/wp\/v2\/product"}],"about":[{"href":"https:\/\/pharmacy-content.com\/index.php?rest_route=\/wp\/v2\/types\/product"}],"replies":[{"embeddable":true,"href":"https:\/\/pharmacy-content.com\/index.php?rest_route=%2Fwp%2Fv2%2Fcomments&post=5713"}],"wp:featuredmedia":[{"embeddable":true,"href":"https:\/\/pharmacy-content.com\/index.php?rest_route=\/wp\/v2\/media\/5689"}],"wp:attachment":[{"href":"https:\/\/pharmacy-content.com\/index.php?rest_route=%2Fwp%2Fv2%2Fmedia&parent=5713"}],"wp:term":[{"taxonomy":"product_brand","embeddable":true,"href":"https:\/\/pharmacy-content.com\/index.php?rest_route=%2Fwp%2Fv2%2Fproduct_brand&post=5713"},{"taxonomy":"product_cat","embeddable":true,"href":"https:\/\/pharmacy-content.com\/index.php?rest_route=%2Fwp%2Fv2%2Fproduct_cat&post=5713"},{"taxonomy":"product_tag","embeddable":true,"href":"https:\/\/pharmacy-content.com\/index.php?rest_route=%2Fwp%2Fv2%2Fproduct_tag&post=5713"}],"curies":[{"name":"wp","href":"https:\/\/api.w.org\/{rel}","templated":true}]}}