{"id":5756,"date":"2026-04-22T06:57:55","date_gmt":"2026-04-22T06:57:55","guid":{"rendered":""},"modified":"2026-04-22T06:58:05","modified_gmt":"2026-04-22T06:58:05","slug":"clomid-2","status":"publish","type":"product","link":"https:\/\/pharmacy-content.com\/?product=clomid-2&lang=de","title":{"rendered":"Clomid"},"content":{"rendered":"<p>Allgemeine Anwendung<\/p>\n<p>Clofi ist ein nichtsteroidales Anti\u00f6strogen. Der Wirkungsmechanismus besteht in einer spezifischen Bindung an den \u00d6strogenrezeptor im Eierstock und in der Hypophyse. Bei Patienten mit niedrigem \u00d6strogenspiegel im K\u00f6rper verursacht es eine \u00d6strogenwirkung und bei Patienten mit hohem \u00d6strogenspiegel eine Anti\u00f6strogenwirkung. Seine geringen Dosen erh\u00f6hen die Sekretion von Gonadotropinen (Prolaktin, follikelstimulierendes Hormon, FSH und interstitielles zellstimulierendes Hormon) und stimulieren den Eisprung. in gro\u00dfen Dosen verlangsamt es die Sekretion von Gonadotropinen. Die gesamte Wirkung von Clofi besteht darin, den Eisprung zu stimulieren und den K\u00f6rper auf eine Schwangerschaft vorzubereiten. Dieses Medikament kann bei m\u00e4nnlichen Patienten mit Unfruchtbarkeit aufgrund einer geringen Spermienproduktion angewendet werden.<\/p>\n<p>Dosierung und Anwendung<\/p>\n<p>Clofi wird zur Stimulierung des Eisprungs 50 mg einmal t\u00e4glich vor dem Schlafengehen verabreicht, beginnend mit dem 5. Tag der Menstruationszyklus w\u00e4hrend 5 Tagen (bei Abwesenheit des Zyklus &#8211; jederzeit). Falls keine Wirkung eintritt (der Eisprung findet nicht innerhalb von 30 Tagen statt), erh\u00f6hen Sie die Dosis auf 150 mg\/Tag oder verl\u00e4ngern Sie den Kurs auf 10 Tage. Nehmen Sie das Medikament genau wie verordnet ein, nehmen Sie das Medikament nicht in gr\u00f6\u00dferen Mengen ein.<\/p>\n<p>Vorsichtsma\u00dfnahmen<\/p>\n<p>Benachrichtigen Sie vor der Einnahme von Clofi Ihren Arzt, wenn Sie jemals eine allergische Reaktion auf Clomifen, Lebererkrankungen, psychische Depressionen oder Thrombophlebitis hatten . Dieses Medikament kann zu Sehst\u00f6rungen, Schwindel oder Benommenheit f\u00fchren. Seien Sie besonders vorsichtig, wenn Sie Auto fahren oder Maschinen bedienen m\u00fcssen, die eine hohe Konzentration erfordern.<\/p>\n<p>Kontraindikationen<\/p>\n<p>\u00dcberempfindlichkeit, Leber- oder Nierenversagen , Metrorrhagie unbekannter \u00c4tiologie, Eierstockzysten, Neubildungen der Geschlechtsorgane, Tumor oder Unterfunktion der Hypophyse, Endometriose, Eierstockversagen zusammen mit Hyperprolaktin\u00e4mie, Schwangerschaft.<\/p>\n<p>M\u00f6gliche Nebenwirkung<\/p>\n<p>Zusammen mit Allergiesymptomen wie z Schwellungen der Lippen, der Zunge oder des Gesichts oder Nesselsucht k\u00f6nnen bei manchen Patienten zu folgenden Beschwerden f\u00fchren: Vergr\u00f6\u00dferung der Eierst\u00f6cke, die sich als Bauch- oder Beckenschmerzen, Hitzegef\u00fchl, \u00dcbelkeit, Erbrechen oder Durchfall, verschwommenes Sehen, Kopfschmerzen, abnormale Geb\u00e4rmutterblutungen \u00e4u\u00dfert.<\/p>\n<p>Wechselwirkungen mit anderen Arzneimitteln<\/p>\n<p>Informieren Sie Ihren Arzt und Ihr Laborpersonal \u00fcber alle Medikamente und pflanzlichen Produkte, die Sie einnehmen, wenn Sie mit Clofi behandelt werden.<\/p>\n<p>Verpasste Dosis<\/p>\n<p>Wenn Sie eine Dosis vergessen haben, nehmen Sie diese ein sobald Sie sich daran erinnern, aber nicht, wenn es nach Ihrem Zeitplan schon fast Zeit f\u00fcr die n\u00e4chste Einnahme ist. Wenn ja, lassen Sie die vergessene Dosis aus. Versuchen Sie nicht, eine vergessene Dosis durch die Einnahme einer zus\u00e4tzlichen Dosis auszugleichen.<\/p>\n<p>\u00dcberdosis<\/p>\n<p>Wenn Sie den Verdacht haben, dass Sie zu viel von dem Medikament eingenommen haben, suchen Sie sofort einen Arzt auf.<\/p>\n<p>Lagerung<\/p>\n<p>Lagern Sie Clofi an einem trockenen, vor Sonnenlicht gesch\u00fctzten Ort bei einer Raumtemperatur zwischen 15 und 30 \u00b0C (59 bis 86 \u00b0F).<\/p>\n<p>Haftungsausschluss<\/p>\n<p>Wir stellen nur allgemeine Informationen zu Medikamenten zur Verf\u00fcgung, die nicht abgedeckt sind alle Richtungen, m\u00f6gliche Arzneimittelintegrationen oder Vorsichtsma\u00dfnahmen. Die Informationen auf der Website k\u00f6nnen nicht zur Selbstbehandlung und Selbstdiagnose verwendet werden. Die spezifischen Anweisungen f\u00fcr einen bestimmten Patienten sollten mit Ihrem Gesundheitsberater oder dem f\u00fcr den Fall zust\u00e4ndigen Arzt vereinbart werden. Wir lehnen die Zuverl\u00e4ssigkeit dieser Informationen und die darin enthaltenen Fehler ab. Wir haften nicht f\u00fcr direkte, indirekte, besondere oder sonstige indirekte Sch\u00e4den, die sich aus der Nutzung der Informationen auf dieser Website ergeben und auch nicht f\u00fcr Folgen der Selbstbehandlung.<\/p>\n","protected":false},"excerpt":{"rendered":"<p>Clofi Generic ist ein Fruchtbarkeitsmedikament, das zur Stimulierung der FSH- und LH-Produktion und damit der Eierst\u00f6cke zur Eizellenproduktion bei Eierstockerkrankungen eingesetzt wird.<\/p>\n","protected":false},"featured_media":5750,"comment_status":"open","ping_status":"closed","template":"","meta":[],"product_brand":[],"product_cat":[147],"product_tag":[],"class_list":{"0":"post-5756","1":"product","2":"type-product","3":"status-publish","4":"has-post-thumbnail","6":"product_cat-ovulationsstimulans-de","7":"pa_active_substance-clomifen","9":"first","10":"instock","11":"shipping-taxable","12":"product-type-variable"},"jetpack_sharing_enabled":true,"_links":{"self":[{"href":"https:\/\/pharmacy-content.com\/index.php?rest_route=\/wp\/v2\/product\/5756","targetHints":{"allow":["GET"]}}],"collection":[{"href":"https:\/\/pharmacy-content.com\/index.php?rest_route=\/wp\/v2\/product"}],"about":[{"href":"https:\/\/pharmacy-content.com\/index.php?rest_route=\/wp\/v2\/types\/product"}],"replies":[{"embeddable":true,"href":"https:\/\/pharmacy-content.com\/index.php?rest_route=%2Fwp%2Fv2%2Fcomments&post=5756"}],"wp:featuredmedia":[{"embeddable":true,"href":"https:\/\/pharmacy-content.com\/index.php?rest_route=\/wp\/v2\/media\/5750"}],"wp:attachment":[{"href":"https:\/\/pharmacy-content.com\/index.php?rest_route=%2Fwp%2Fv2%2Fmedia&parent=5756"}],"wp:term":[{"taxonomy":"product_brand","embeddable":true,"href":"https:\/\/pharmacy-content.com\/index.php?rest_route=%2Fwp%2Fv2%2Fproduct_brand&post=5756"},{"taxonomy":"product_cat","embeddable":true,"href":"https:\/\/pharmacy-content.com\/index.php?rest_route=%2Fwp%2Fv2%2Fproduct_cat&post=5756"},{"taxonomy":"product_tag","embeddable":true,"href":"https:\/\/pharmacy-content.com\/index.php?rest_route=%2Fwp%2Fv2%2Fproduct_tag&post=5756"}],"curies":[{"name":"wp","href":"https:\/\/api.w.org\/{rel}","templated":true}]}}