{"id":6064,"date":"2026-04-22T07:00:06","date_gmt":"2026-04-22T07:00:06","guid":{"rendered":""},"modified":"2026-04-22T07:00:15","modified_gmt":"2026-04-22T07:00:15","slug":"dapoxy-4","status":"publish","type":"product","link":"https:\/\/pharmacy-content.com\/?product=dapoxy-4&lang=it","title":{"rendered":"Dapoxy"},"content":{"rendered":"<p>Uso comune<br \/>\nLa Dapoxya appartiene a una classe di inibitori selettivi della ricaptazione della serotonina (SSRI). Questo inibitore a breve durata d&#8217;azione \u00e8 usato per trattare l&#8217;eiaculazione precoce negli uomini.<\/p>\n<p>Dosaggio e direzioni<br \/>\nPrendi Dapoxya per via orale con un bicchiere d&#8217;acqua, con o senza cibo. Eviti di tagliare, frantumare o masticare questo medicinale.<br \/>\nNon prendere il medicinale pi\u00f9 spesso di quanto prescritto. Non smettere di prenderlo se non dietro consiglio del medico.<br \/>\nPotrebbe essere necessario del tempo perch\u00e9 il medicinale possa essere d&#8217;aiuto.<br \/>\nConsulta il tuo medico riguardo alla dose adeguata per te.<\/p>\n<p>Precauzioni<br \/>\nPrima di prendere Dapoxya, informi il medico o il farmacista se sono allergici ad esso; o se soffri di altre allergie.<br \/>\nInforma il tuo medico o il farmacista se soffri di confusione bipolare, problemi agli occhi, al fegato o ai reni.<br \/>\nLe persone anziane possono essere pi\u00f9 sensibili agli effetti collaterali del medicinale.<br \/>\nDurante la gravidanza questo trattamento deve essere utilizzato solo quando strettamente necessario.<br \/>\nPoich\u00e9 questo medicinale pu\u00f2 essere assorbito dalla pelle, le donne in gravidanza o che potrebbero iniziare una gravidanza non devono manipolare questo medicinale.<\/p>\n<p>Controindicazioni<br \/>\nLa Dapoxya non deve essere utilizzata da donne incinte\/che allattano o da bambini, nonch\u00e9 dai pazienti pazienti che hanno dimostrato una reazione di ipersensibilit\u00e0 ad esso.<\/p>\n<p>Possibili effetti collaterali<br \/>\nGli effetti collaterali pi\u00f9 comuni sono polso rapido e irregolare, tremore, ansia, visione offuscata, vomito, febbre, diarrea, ecc.<br \/>\nRaramente una reazione allergica molto grave si verifica. Molte persone che usano questo medicinale non hanno effetti collaterali gravi.<br \/>\nRivolgiti al tuo medico o al farmacista per maggiori dettagli.<br \/>\nNel caso noti effetti non elencati qui, contatta il tuo medico o il farmacista.<\/p>\n<p>Interazione farmacologica<br \/>\nInformi il tuo medico o farmacista di tutti i prodotti a base di prescrizione e senza prescrizione medica\/a base di erbe che \u00e8 possibile utilizzare prima di utilizzare questo farmaco.<br \/>\nLa Dapoxya pu\u00f2 interagire con:<br \/>\n* Inibitori MAO: furazolidone, isocarbossazide, linezolid, moclobemide tranilcipromina, ecc.<br \/>\n* Farmaci antiaritmici: propafenone, chinidina, ecc<br \/>\n* Inibitori della ricaptazione della serotonina-noradrenalina (SNRI): desvenlafaxina, duloxetina, milnacipram, venlafaxina.<br \/>\n* Antipsicotici (chiamati anche neurolettici): flufenazina, ecc.<br \/>\n* Antagonisti dei recettori H2: cimetidina, ranitidina, famotidina, nizatidina , ecc.<br \/>\nSi rivolga al medico o al farmacista per maggiori dettagli.<\/p>\n<p>Dose dimenticata<br \/>\nSe ha dimenticato la dose, la prenda non appena se ne ricorda. Se vede che \u00e8 quasi l&#8217;ora della dose successiva, salti la dose dimenticata e riprenda il consueto programma di dosaggio. Non prendere la dose due volte.<\/p>\n<p>Sovradosaggio<br \/>\nSe pensi di aver usato troppo di questo medicinale, cerca immediatamente assistenza medica di emergenza. I sintomi di sovradosaggio di solito includono dolore toracico, nausea, battito cardiaco irregolare e sensazione di stordimento o svenimento.<\/p>\n<p>Conservazione<br \/>\nConservare i medicinali a temperatura ambiente tra 68-77 gradi F (20-25 gradi C) lontano dalla luce e umidit\u00e0. Non conservare i farmaci in bagno. Tenere tutti i farmaci lontano dalla portata dei bambini e degli animali domestici.<\/p>\n<p>Esonero di responsabilit\u00e0<br \/>\nForniamo solo informazioni generali sui farmaci che non coprono tutte le indicazioni, possibili integrazioni farmacologiche o precauzioni. Le informazioni presenti sul sito non possono essere utilizzate per l&#8217;autotrattamento e l&#8217;autodiagnosi. Eventuali istruzioni specifiche per un particolare paziente devono essere concordate con il proprio consulente sanitario o medico responsabile del caso. Decliniamo l&#8217;affidabilit\u00e0 di queste informazioni e gli errori che potrebbero contenere. Non siamo responsabili per eventuali danni diretti, indiretti, speciali o altri danni indiretti derivanti dall&#8217;uso delle informazioni contenute in questo sito e anche per le conseguenze dell&#8217;autotrattamento.<\/p>\n","protected":false},"excerpt":{"rendered":"<p>Dapoxy \u00e8 un generico del noto prodotto di marca Priligy. Priligy Dapoxetine generico \u00e8 un farmaco usato per trattare l&#8217;eiaculazione precoce e i problemi che provoca. Il principio attivo del farmaco \u00e8 la dapoxetina in un dosaggio di 60 mg, proprio come il noto prodotto originale. Numerosi studi clinici dimostrano l\u2019efficacia della dapoxetina nel trattamento dell\u2019eiaculazione precoce.<\/p>\n","protected":false},"featured_media":6046,"comment_status":"open","ping_status":"closed","template":"","meta":[],"product_brand":[],"product_cat":[213],"product_tag":[],"class_list":{"0":"post-6064","1":"product","2":"type-product","3":"status-publish","4":"has-post-thumbnail","6":"product_cat-eiaculazione-precoce-it","7":"pa_active_substance-dapoxetine","9":"first","10":"instock","11":"shipping-taxable","12":"product-type-simple"},"jetpack_sharing_enabled":true,"_links":{"self":[{"href":"https:\/\/pharmacy-content.com\/index.php?rest_route=\/wp\/v2\/product\/6064","targetHints":{"allow":["GET"]}}],"collection":[{"href":"https:\/\/pharmacy-content.com\/index.php?rest_route=\/wp\/v2\/product"}],"about":[{"href":"https:\/\/pharmacy-content.com\/index.php?rest_route=\/wp\/v2\/types\/product"}],"replies":[{"embeddable":true,"href":"https:\/\/pharmacy-content.com\/index.php?rest_route=%2Fwp%2Fv2%2Fcomments&post=6064"}],"wp:featuredmedia":[{"embeddable":true,"href":"https:\/\/pharmacy-content.com\/index.php?rest_route=\/wp\/v2\/media\/6046"}],"wp:attachment":[{"href":"https:\/\/pharmacy-content.com\/index.php?rest_route=%2Fwp%2Fv2%2Fmedia&parent=6064"}],"wp:term":[{"taxonomy":"product_brand","embeddable":true,"href":"https:\/\/pharmacy-content.com\/index.php?rest_route=%2Fwp%2Fv2%2Fproduct_brand&post=6064"},{"taxonomy":"product_cat","embeddable":true,"href":"https:\/\/pharmacy-content.com\/index.php?rest_route=%2Fwp%2Fv2%2Fproduct_cat&post=6064"},{"taxonomy":"product_tag","embeddable":true,"href":"https:\/\/pharmacy-content.com\/index.php?rest_route=%2Fwp%2Fv2%2Fproduct_tag&post=6064"}],"curies":[{"name":"wp","href":"https:\/\/api.w.org\/{rel}","templated":true}]}}