{"id":6122,"date":"2026-04-22T07:00:47","date_gmt":"2026-04-22T07:00:47","guid":{"rendered":""},"modified":"2026-04-22T07:01:04","modified_gmt":"2026-04-22T07:01:04","slug":"priligy-2","status":"publish","type":"product","link":"https:\/\/pharmacy-content.com\/de\/product\/priligy-2\/","title":{"rendered":"Priligy"},"content":{"rendered":"<p>Vanlig anv\u00e4ndning<br \/>\nPoxet tillh\u00f6r en klass av selektiva serotonin\u00e5terupptagsh\u00e4mmare (SSRI). Denna kortverkande h\u00e4mmare anv\u00e4nds f\u00f6r att behandla f\u00f6r tidig utl\u00f6sning hos m\u00e4n.<br \/>\nDosering och v\u00e4gledning<br \/>\nTa Poxete genom munnen med ett glas vatten, med eller utan mat. Undvik att sk\u00e4ra, krossa eller tugga detta l\u00e4kemedel.<br \/>\nTa inte l\u00e4kemedlet oftare \u00e4n det \u00e4r ordinerat. Ge inte upp att ta det f\u00f6rutom p\u00e5 inr\u00e5dan av din l\u00e4kare.<br \/>\nDet kan beh\u00f6va tid f\u00f6r medicinen att hj\u00e4lpa.<br \/>\nKonsultera din l\u00e4kare om r\u00e4tt dos f\u00f6r dig.<br \/>\nF\u00f6rsiktighets\u00e5tg\u00e4rder<br \/>\nInnan du tar Poxete, ber\u00e4tta f\u00f6r din l\u00e4kare eller apotek om du \u00e4r allergisk till det; eller om du har andra allergier.<br \/>\nInformera din l\u00e4kare eller apotek om du har bipol\u00e4r f\u00f6rvirring, \u00f6gon-, lever- eller njurproblem.<br \/>\n\u00c5ldrade personer kan vara mer k\u00e4nsliga f\u00f6r biverkningar av l\u00e4kemedlet.<br \/>\nUnder graviditeten b\u00f6r denna behandling anv\u00e4ndas endast n\u00e4r det \u00e4r starkt n\u00f6dv\u00e4ndigt.<br \/>\nEftersom detta l\u00e4kemedel kan absorberas av huden, b\u00f6r kvinnor som \u00e4r gravida eller kan bli gravida inte manipulera detta l\u00e4kemedel.<br \/>\nKontraindikationer<br \/>\nPoxet b\u00f6r inte anv\u00e4ndas av gravida\/ammande kvinnor eller barn eller av patienterna har visat en reaktion av \u00f6verk\u00e4nslighet mot det.<br \/>\nM\u00f6jlig biverkning<br \/>\nDe vanligaste biverkningarna \u00e4r snabb och oregelbunden puls, tremor, \u00e5ngest, dimsyn, kr\u00e4kningar, feber, diarr\u00e9, etc.<br \/>\nEn mycket allvarlig allergisk reaktion intr\u00e4ffar s\u00e4llan. M\u00e5nga som anv\u00e4nder detta l\u00e4kemedel har inga allvarliga biverkningar.<br \/>\nV\u00e4nd dig till din l\u00e4kare eller apotekspersonal f\u00f6r mer information.<br \/>\nOm du m\u00e4rker effekterna som inte anges h\u00e4r, kontakta din l\u00e4kare eller apotekspersonal.<\/p>\n<p>L\u00e4kemedelsinteraktion<br \/>\nBer\u00e4tta f\u00f6r din l\u00e4kare eller apotekare p\u00e5 alla receptbelagda och receptfria\/v\u00e4xtbaserade produkter du kan anv\u00e4nda innan du anv\u00e4nder detta l\u00e4kemedel.<br \/>\nPoxet kan interagera med:<br \/>\n* MAO-h\u00e4mmare: Furazolidon, Isocarboxazid, Linezolid, Moclobemide Tranylcypromin, etc.<br \/>\n* Antiarytmika: Propafenon, Quinidin, Quinidin etc<br \/>\n* Serotonin-noradrenalin\u00e5terupptagsh\u00e4mmare (SNRI): Desvenlafaxin, Duloxetin, Milnacipram, Venlafaxin.<br \/>\n* Antipsykotika (\u00e4ven kallade neuroleptika): Flufenazin, etc.<br \/>\n* H2-receptorantagonister: cimetidin, ranitidinin, nimetidin, ranitidinin , etc.<br \/>\nV\u00e4nd dig till din l\u00e4kare eller apotekspersonal f\u00f6r mer information.<br \/>\nMissad dos<br \/>\nOm du har missat din dos, ta den s\u00e5 snart du kommer ih\u00e5g. Om du ser att det snart \u00e4r dags f\u00f6r n\u00e4sta dos, hoppa \u00f6ver den missade dosen och \u00e5teruppta ditt vanliga doseringsschema. Ta inte din dos tv\u00e5 g\u00e5nger.<br \/>\n\u00d6verdosering<br \/>\nOm du tror att du har anv\u00e4nt f\u00f6r mycket av detta l\u00e4kemedel, s\u00f6k akut l\u00e4karv\u00e5rd omedelbart. Symtomen p\u00e5 \u00f6verdosering inkluderar vanligtvis br\u00f6stsm\u00e4rtor, illam\u00e5ende, oregelbunden hj\u00e4rtrytm och k\u00e4nsla av yrsel eller svimning.<br \/>\nF\u00f6rvaring<br \/>\nF\u00f6rvara dina mediciner i rumstemperatur mellan 20-25 grader C (68-77 grader F) borta fr\u00e5n ljus och fukt. F\u00f6rvara inte dina droger i badrummet. H\u00e5ll alla droger utom r\u00e4ckh\u00e5ll f\u00f6r barn och husdjur.<br \/>\nAnsvarsfriskrivning<br \/>\nVi tillhandah\u00e5ller endast allm\u00e4n information om mediciner som inte t\u00e4cker alla riktningar, m\u00f6jliga l\u00e4kemedelsintegrationer eller f\u00f6rsiktighets\u00e5tg\u00e4rder. Information p\u00e5 webbplatsen kan inte anv\u00e4ndas f\u00f6r sj\u00e4lvbehandling och sj\u00e4lvdiagnos. Eventuella specifika instruktioner f\u00f6r en viss patient b\u00f6r \u00f6verenskommas med din h\u00e4lsor\u00e5dgivare eller l\u00e4kare som \u00e4r ansvarig f\u00f6r \u00e4rendet. Vi fr\u00e5ns\u00e4ger oss tillf\u00f6rlitligheten av denna information och misstag den kan inneh\u00e5lla. Vi ansvarar inte f\u00f6r n\u00e5gra direkta, indirekta, speciella eller andra indirekta skador till f\u00f6ljd av n\u00e5gon anv\u00e4ndning av informationen p\u00e5 denna webbplats och \u00e4ven f\u00f6r konsekvenser av egenbehandling.<\/p>\n","protected":false},"excerpt":{"rendered":"<p>Die vorzeitige Ejakulation (PE) ist eine belastende sexuelle Funktionsst\u00f6rung des Mannes, die Sie vom ersten Geschlechtsverkehr an betreffen kann oder sich sp\u00e4ter im Leben entwickeln kann. M\u00e4nner, die unter vorzeitiger Ejakulation leiden, scheinen denselben Ejakulationsprozess zu durchlaufen wie andere M\u00e4nner auch, doch geschieht dies schneller, und es ist f\u00fcr M\u00e4nner schwieriger, ihre Ejakulation zu kontrollieren.<\/p>\n","protected":false},"featured_media":6108,"comment_status":"open","ping_status":"closed","template":"","meta":[],"product_brand":[],"product_cat":[207],"product_tag":[],"class_list":{"0":"post-6122","1":"product","2":"type-product","3":"status-publish","4":"has-post-thumbnail","6":"product_cat-vorzeitige-ejakulation-de","7":"pa_active_substance-dapoxetine","9":"first","10":"instock","11":"shipping-taxable","12":"product-type-variable"},"jetpack_sharing_enabled":true,"_links":{"self":[{"href":"https:\/\/pharmacy-content.com\/wp-json\/wp\/v2\/product\/6122","targetHints":{"allow":["GET"]}}],"collection":[{"href":"https:\/\/pharmacy-content.com\/wp-json\/wp\/v2\/product"}],"about":[{"href":"https:\/\/pharmacy-content.com\/wp-json\/wp\/v2\/types\/product"}],"replies":[{"embeddable":true,"href":"https:\/\/pharmacy-content.com\/wp-json\/wp\/v2\/comments?post=6122"}],"wp:featuredmedia":[{"embeddable":true,"href":"https:\/\/pharmacy-content.com\/wp-json\/wp\/v2\/media\/6108"}],"wp:attachment":[{"href":"https:\/\/pharmacy-content.com\/wp-json\/wp\/v2\/media?parent=6122"}],"wp:term":[{"taxonomy":"product_brand","embeddable":true,"href":"https:\/\/pharmacy-content.com\/wp-json\/wp\/v2\/product_brand?post=6122"},{"taxonomy":"product_cat","embeddable":true,"href":"https:\/\/pharmacy-content.com\/wp-json\/wp\/v2\/product_cat?post=6122"},{"taxonomy":"product_tag","embeddable":true,"href":"https:\/\/pharmacy-content.com\/wp-json\/wp\/v2\/product_tag?post=6122"}],"curies":[{"name":"wp","href":"https:\/\/api.w.org\/{rel}","templated":true}]}}