{"id":6672,"date":"2026-04-22T07:03:40","date_gmt":"2026-04-22T07:03:40","guid":{"rendered":""},"modified":"2026-04-22T07:03:44","modified_gmt":"2026-04-22T07:03:44","slug":"amoxil-10","status":"publish","type":"product","link":"https:\/\/pharmacy-content.com\/?product=amoxil-10&lang=cs","title":{"rendered":"Amoxil"},"content":{"rendered":"<p>B\u011b\u017en\u00e9 pou\u017eit\u00ed<br \/>\nAmoxil je \u0161irokospektr\u00e9 antibiotikum ze skupiny aminopenicilin\u016f. Jeho mechanismus \u00fa\u010dinku je antibakteri\u00e1ln\u00ed a spo\u010d\u00edv\u00e1 v inhibici tvorby bakteri\u00e1ln\u00edch bun\u011b\u010dn\u00fdch st\u011bn citliv\u00fdch na amoxicilin. Bun\u011b\u010dn\u00e9 st\u011bny slou\u017e\u00ed k ochran\u011b bakteri\u00ed p\u0159ed prost\u0159ed\u00edm a \u00fa\u010dinek amoxicilinu br\u00e1n\u00ed jejich mno\u017een\u00ed. Amoxicilin m\u016f\u017ee b\u00fdt \u00fa\u010dinn\u00fd proti H. influenzae, N. gonorrhoea, E. coli, pneumokok\u016fm, streptokok\u016fm a n\u011bkter\u00fdm kmen\u016fm stafylokok\u016f. Mikroorganismy produkuj\u00edc\u00ed penicil\u00e1zu jsou v\u016f\u010di amoxicilinu rezistentn\u00ed. L\u00e9\u010divo nen\u00ed \u00fa\u010dinn\u00e9 proti mykobakteri\u00edm, mykoplazm\u00e1m, rodu Rickettsia, houb\u00e1m, am\u00e9b\u00e1m, plasmodi\u00edm, vir\u016fm a tak\u00e9 proti Pseudomonas aeruginosa a Proteus spp. (krom\u011b P. mirabilis).<\/p>\n<p>D\u00e1vkov\u00e1n\u00ed a pokyny<br \/>\nU\u017e\u00edvejte p\u0159esn\u011b podle pokyn\u016f sv\u00e9ho l\u00e9ka\u0159e. Informujte sv\u00e9ho l\u00e9ka\u0159e p\u0159ed u\u017eit\u00edm tohoto l\u00e9ku, pokud jste alergi\u010dt\u00ed na cefalosporiny (Ceclor, Ceftin, Duricef, Keflex), m\u011bli jste astma, v\u00e1\u017en\u00e9 poruchy jater nebo ledvin, poruchy krv\u00e1cen\u00ed nebo sr\u00e1\u017elivosti krve, mononukle\u00f3zu nebo jak\u00fdkoli typ alergick\u00e9 reakce v historii. Amoxicilin m\u016f\u017eete u\u017e\u00edvat s j\u00eddlem nebo bez n\u011bj. \u017dv\u00fdkac\u00ed tabletu je t\u0159eba \u017ev\u00fdkat p\u0159ed polknut\u00edm. Kapsle amoxicilinu polkn\u011bte cel\u00e9 s sklenic\u00ed vody.<\/p>\n<p>Opat\u0159en\u00ed<br \/>\nTento l\u00e9k sni\u017euje \u00fa\u010dinnost n\u011bkter\u00fdch antikoncep\u010dn\u00edch prost\u0159edk\u016f. Pokra\u010dujte v u\u017e\u00edv\u00e1n\u00ed tohoto l\u00e9ku, i kdy\u017e se c\u00edt\u00edte dob\u0159e, proto\u017ee \u017eivotn\u00ed cyklus bakteri\u00ed m\u00e1 ur\u010dit\u00e9 zvl\u00e1\u0161tnosti. Pokud p\u0159estanete l\u00e9k u\u017e\u00edvat bez dokon\u010den\u00ed l\u00e9\u010debn\u00e9ho cyklu, m\u016f\u017ee to v\u00e9st k jejich dal\u0161\u00edmu mno\u017een\u00ed a vzniku rezistentn\u00edch kmen\u016f. Ned\u00e1vejte tento l\u00e9k lidem, kte\u0159\u00ed jsou nemocn\u00ed a maj\u00ed podobn\u00e9 p\u0159\u00edznaky, proto\u017ee jejich onemocn\u011bn\u00ed m\u016f\u017ee b\u00fdt zp\u016fsobeno jin\u00fdmi typy mikroorganism\u016f. Antibiotika mohou zp\u016fsobit pr\u016fjem; informujte sv\u00e9ho l\u00e9ka\u0159e, pokud k tomu dojde. Pokud koj\u00edte a u\u017e\u00edv\u00e1te amoxicilin, m\u016f\u017ee b\u00fdt l\u00e9k vylu\u010dov\u00e1n do ml\u00e9ka a zp\u016fsobit pr\u016fjem u va\u0161eho d\u00edt\u011bte. Informujte sv\u00e9ho l\u00e9ka\u0159e, pokud trp\u00edte astmatem.<\/p>\n<p>Kontraindikace<br \/>\nAlergie na amoxicilin nebo jak\u00e9koli jin\u00e9 antibiotikum penicilinov\u00e9 skupiny.<\/p>\n<p>Mo\u017en\u00e9 vedlej\u0161\u00ed \u00fa\u010dinky<br \/>\nKrom\u011b alergick\u00fdch p\u0159\u00edznak\u016f (kop\u0159ivka, otok, vyr\u00e1\u017eka) mohou b\u00fdt mo\u017en\u00e9 reakce na amoxicilin zahrnuj\u00edc\u00ed pr\u016fjem, z\u00e1vrat\u011b, p\u00e1len\u00ed \u017e\u00e1hy, insomnii, nevolnost, sv\u011bd\u011bn\u00ed, zvracen\u00ed, zmatenost, bolesti b\u0159icha a snadn\u00e9 mod\u0159iny.<\/p>\n<p>Interakce s l\u00e9ky<br \/>\nAmoxicilin nen\u00ed zn\u00e1m\u00fd t\u00edm, \u017ee by sni\u017eoval \u00fa\u010dinnost antikoncep\u010dn\u00edch pilulek. Zvy\u0161uje absorpci digoxinu a toxicitu methotrex\u00e1tu. Vylu\u010dov\u00e1n\u00ed amoxicilinu ledvinami je zpomalov\u00e1no aspirinem.<\/p>\n<p>Zme\u0161kan\u00e1 d\u00e1vka<br \/>\nNikdy neu\u017e\u00edvejte dvojn\u00e1sobnou d\u00e1vku tohoto l\u00e9ku. Pokud je u\u017e t\u00e9m\u011b\u0159 \u010das na dal\u0161\u00ed d\u00e1vku, jednodu\u0161e vynechte zme\u0161kanou \u010d\u00e1st a pokra\u010dujte v u\u017e\u00edv\u00e1n\u00ed l\u00e9ku podle pl\u00e1nu.<\/p>\n<p>P\u0159ed\u00e1vkov\u00e1n\u00ed<br \/>\nP\u0159\u00edznaky p\u0159ed\u00e1vkov\u00e1n\u00ed amoxicilinem mohou zahrnovat zvracen\u00ed, nevolnost, pr\u016fjem a poruchy vodn\u00ed a elektrolytov\u00e9 bilance. Kontaktujte sv\u00e9ho l\u00e9ka\u0159e pro pomoc.<\/p>\n<p>Skladov\u00e1n\u00ed<br \/>\nSkladujte p\u0159i pokojov\u00e9 teplot\u011b mezi 59 a 86 \u00b0F (15-30 \u00b0C) daleko od sv\u011btla a vlhkosti.<\/p>\n<p>Upozorn\u011bn\u00ed<br \/>\nPoskytujeme pouze obecn\u00e9 informace o l\u00e9c\u00edch, kter\u00e9 nepokr\u00fdvaj\u00ed v\u0161echny pokyny, mo\u017en\u00e9 l\u00e9kov\u00e9 interakce nebo opat\u0159en\u00ed. Informace na t\u00e9to str\u00e1nce nelze pou\u017e\u00edt k samol\u00e9\u010db\u011b a samodiagn\u00f3ze. Jak\u00e9koli konkr\u00e9tn\u00ed pokyny pro konkr\u00e9tn\u00edho pacienta by m\u011bly b\u00fdt dohodnuty s va\u0161\u00edm zdravotn\u00edm poradcem nebo l\u00e9ka\u0159em, kter\u00fd m\u00e1 na starosti v\u00e1\u0161 p\u0159\u00edpad. Odp\u00edr\u00e1me spolehlivost t\u011bchto informac\u00ed a jak\u00e9koli chyby, kter\u00e9 by mohly obsahovat. Nejsme odpov\u011bdn\u00ed za \u017e\u00e1dn\u00e9 p\u0159\u00edm\u00e9, nep\u0159\u00edm\u00e9, zvl\u00e1\u0161tn\u00ed nebo jin\u00e9 nep\u0159\u00edm\u00e9 \u0161kody v d\u016fsledku jak\u00e9hokoli pou\u017eit\u00ed informac\u00ed na t\u00e9to str\u00e1nce a tak\u00e9 za n\u00e1sledky samol\u00e9\u010dby.<\/p>\n","protected":false},"excerpt":{"rendered":"<p>Amoxil Generic je antibiotikum ze skupiny penicilin\u016f pou\u017e\u00edvan\u00e9 k l\u00e9\u010db\u011b infekc\u00ed, jako je z\u00e1pal plic, kapavka zp\u016fsoben\u00e1 E. coli, salmonela atd.<\/p>\n","protected":false},"featured_media":6555,"comment_status":"open","ping_status":"closed","template":"","meta":[],"product_brand":[],"product_cat":[321],"product_tag":[],"class_list":{"0":"post-6672","1":"product","2":"type-product","3":"status-publish","4":"has-post-thumbnail","6":"product_cat-antibiotika-cs","7":"pa_active_substance-amoxil","9":"first","10":"instock","11":"shipping-taxable","12":"product-type-variable"},"jetpack_sharing_enabled":true,"_links":{"self":[{"href":"https:\/\/pharmacy-content.com\/index.php?rest_route=\/wp\/v2\/product\/6672","targetHints":{"allow":["GET"]}}],"collection":[{"href":"https:\/\/pharmacy-content.com\/index.php?rest_route=\/wp\/v2\/product"}],"about":[{"href":"https:\/\/pharmacy-content.com\/index.php?rest_route=\/wp\/v2\/types\/product"}],"replies":[{"embeddable":true,"href":"https:\/\/pharmacy-content.com\/index.php?rest_route=%2Fwp%2Fv2%2Fcomments&post=6672"}],"wp:featuredmedia":[{"embeddable":true,"href":"https:\/\/pharmacy-content.com\/index.php?rest_route=\/wp\/v2\/media\/6555"}],"wp:attachment":[{"href":"https:\/\/pharmacy-content.com\/index.php?rest_route=%2Fwp%2Fv2%2Fmedia&parent=6672"}],"wp:term":[{"taxonomy":"product_brand","embeddable":true,"href":"https:\/\/pharmacy-content.com\/index.php?rest_route=%2Fwp%2Fv2%2Fproduct_brand&post=6672"},{"taxonomy":"product_cat","embeddable":true,"href":"https:\/\/pharmacy-content.com\/index.php?rest_route=%2Fwp%2Fv2%2Fproduct_cat&post=6672"},{"taxonomy":"product_tag","embeddable":true,"href":"https:\/\/pharmacy-content.com\/index.php?rest_route=%2Fwp%2Fv2%2Fproduct_tag&post=6672"}],"curies":[{"name":"wp","href":"https:\/\/api.w.org\/{rel}","templated":true}]}}