{"id":6722,"date":"2026-04-22T07:03:55","date_gmt":"2026-04-22T07:03:55","guid":{"rendered":""},"modified":"2026-04-22T07:04:01","modified_gmt":"2026-04-22T07:04:01","slug":"augmentin-7","status":"publish","type":"product","link":"https:\/\/pharmacy-content.com\/?product=augmentin-7&lang=pt","title":{"rendered":"Augmentin"},"content":{"rendered":"<p>Uso comum<br \/>\n\u00c9 um antibi\u00f3tico de amplo espectro que destr\u00f3i bact\u00e9rias. \u00c9 ativo contra muitos microrganismos aer\u00f3bicos (aqueles que se desenvolvem na presen\u00e7a de oxig\u00eanio) e anaer\u00f3bicos (aqueles que se desenvolvem na aus\u00eancia de oxig\u00eanio) gram-positivos e aer\u00f3bicos gram-negativos, incluindo cepas que produzem beta-lactamase (a enzima que destr\u00f3i a penicilina). . O clavulanato de pot\u00e1ssio, contido no conte\u00fado deste medicamento, confere resist\u00eancia ao Augmentin \u00e0 atividade das beta-lactamases bacterianas. Este medicamento \u00e9 usado para tratar pneumonia e outras doen\u00e7as infecciosas dos sistemas respirat\u00f3rio, gastrointestinal, sistema urogenital, infec\u00e7\u00f5es que aparecem ap\u00f3s cirurgia e outras.<\/p>\n<p>Posologia e instru\u00e7\u00f5es<br \/>\nAs doses s\u00e3o administradas individualmente dependendo da sua condi\u00e7\u00e3o, da localiza\u00e7\u00e3o do infec\u00e7\u00e3o e suscetibilidade do pat\u00f3geno. N\u00e3o tome em quantidades maiores ou por mais tempo do que o recomendado. Engula o comprimido inteiro. Se for o comprimido mastig\u00e1vel Augmentin, mastigue-o antes de engolir. Augmentin deve ser tomado em intervalos regulares.<\/p>\n<p>Precau\u00e7\u00f5es<br \/>\nN\u00e3o use se voc\u00ea \u00e9 al\u00e9rgico a qualquer outro antibi\u00f3tico penicilina, tem insufici\u00eancia hep\u00e1tica ou renal ou mononucleose.<\/p>\n<p>Contra-indica\u00e7\u00f5es<br \/>\nN\u00e3o use o medicamento se voc\u00ea tiver um alergia aos seus componentes ou a outro antibi\u00f3tico penicilina, voc\u00ea tem mononucleose infecciosa, hist\u00f3rico de problemas hep\u00e1ticos ou amarelecimento dos olhos ou da pele causado por Augmentin.<\/p>\n<p>Poss\u00edveis efeitos colaterais<br \/>\nDispepsia, desconforto abdominal, distens\u00e3o abdominal, gases, n\u00e1useas, v\u00f4mitos , dist\u00farbios da fun\u00e7\u00e3o hep\u00e1tica, hepatite, icter\u00edcia causada por estagna\u00e7\u00e3o da bile, coceira vaginal e tamb\u00e9m sintomas de alergia (urtic\u00e1ria, erup\u00e7\u00e3o cut\u00e2nea, incha\u00e7o). Deve-se ter cautela em pacientes com insufici\u00eancia hep\u00e1tica. O medicamento n\u00e3o \u00e9 recomendado para mulheres gr\u00e1vidas (especialmente no terceiro trimestre) e lactantes.<\/p>\n<p>Intera\u00e7\u00e3o medicamentosa<br \/>\nO tratamento com Augmentin e outros antibi\u00f3ticos pode alterar a flora bacteriana normal do c\u00f3lon e permitir o crescimento excessivo de C. difficile, uma bact\u00e9ria que causa colite pseudomembranosa. A probenecida, que \u00e9 usada para tratar a gota, pode retardar a excre\u00e7\u00e3o de Augmentin pelos rins e resultar num aumento da sua toxicidade.<\/p>\n<p>Dose esquecida<br \/>\nSe voc\u00ea esqueceu uma dose, tome-a assim que se lembrar, mas n\u00e3o se for o caso. est\u00e1 quase na hora da pr\u00f3xima ingest\u00e3o de acordo com sua programa\u00e7\u00e3o. Se sim, pule a dose esquecida. N\u00e3o tente compensar uma dose esquecida tomando uma dose extra.<\/p>\n<p>Sobredosagem<br \/>\nSe voc\u00ea acha que tomou Augmentin em excesso e sente sintomas como n\u00e1usea, v\u00f4mito, dor de est\u00f4mago, diarr\u00e9ia, erup\u00e7\u00e3o cut\u00e2nea, sonol\u00eancia e hiperatividade, procure ajuda m\u00e9dica imediata.<\/p>\n<p>Armazenamento<br \/>\nArmazene em temperatura ambiente de 15 a 30 \u00b0C (59-86 \u00b0F), longe da luz e da umidade.<\/p>\n<p>Isen\u00e7\u00e3o de responsabilidade<br \/>\nFornecemos apenas informa\u00e7\u00f5es gerais sobre medicamentos, que n\u00e3o n\u00e3o cobre todas as instru\u00e7\u00f5es, poss\u00edveis intera\u00e7\u00f5es medicamentosas ou precau\u00e7\u00f5es. As informa\u00e7\u00f5es do site n\u00e3o podem ser utilizadas para autotratamento e autodiagn\u00f3stico. Quaisquer instru\u00e7\u00f5es espec\u00edficas para um determinado paciente devem ser acordadas com o seu consultor de sa\u00fade ou m\u00e9dico respons\u00e1vel pelo caso. N\u00f3s nos isentamos da confiabilidade desta informa\u00e7\u00e3o e de quaisquer erros que ela possa conter. N\u00e3o somos respons\u00e1veis por quaisquer danos diretos, indiretos, especiais ou outros danos indiretos resultantes de qualquer uso das informa\u00e7\u00f5es deste site e tamb\u00e9m pelas consequ\u00eancias do autotratamento.<\/p>\n","protected":false},"excerpt":{"rendered":"<p>Augmentin Gen\u00e9rico \u00e9 indicado para tratar infec\u00e7\u00f5es bacterianas do trato respirat\u00f3rio inferior, otite m\u00e9dia, sinusite, infec\u00e7\u00f5es de pele e infec\u00e7\u00f5es do trato urin\u00e1rio.<\/p>\n","protected":false},"featured_media":6686,"comment_status":"open","ping_status":"closed","template":"","meta":[],"product_brand":[],"product_cat":[312],"product_tag":[],"class_list":{"0":"post-6722","1":"product","2":"type-product","3":"status-publish","4":"has-post-thumbnail","6":"product_cat-antibioticos-pt","7":"pa_active_substance-amoxicillin","8":"pa_active_substance-clavulanate","10":"first","11":"instock","12":"shipping-taxable","13":"product-type-variable"},"jetpack_sharing_enabled":true,"_links":{"self":[{"href":"https:\/\/pharmacy-content.com\/index.php?rest_route=\/wp\/v2\/product\/6722","targetHints":{"allow":["GET"]}}],"collection":[{"href":"https:\/\/pharmacy-content.com\/index.php?rest_route=\/wp\/v2\/product"}],"about":[{"href":"https:\/\/pharmacy-content.com\/index.php?rest_route=\/wp\/v2\/types\/product"}],"replies":[{"embeddable":true,"href":"https:\/\/pharmacy-content.com\/index.php?rest_route=%2Fwp%2Fv2%2Fcomments&post=6722"}],"wp:featuredmedia":[{"embeddable":true,"href":"https:\/\/pharmacy-content.com\/index.php?rest_route=\/wp\/v2\/media\/6686"}],"wp:attachment":[{"href":"https:\/\/pharmacy-content.com\/index.php?rest_route=%2Fwp%2Fv2%2Fmedia&parent=6722"}],"wp:term":[{"taxonomy":"product_brand","embeddable":true,"href":"https:\/\/pharmacy-content.com\/index.php?rest_route=%2Fwp%2Fv2%2Fproduct_brand&post=6722"},{"taxonomy":"product_cat","embeddable":true,"href":"https:\/\/pharmacy-content.com\/index.php?rest_route=%2Fwp%2Fv2%2Fproduct_cat&post=6722"},{"taxonomy":"product_tag","embeddable":true,"href":"https:\/\/pharmacy-content.com\/index.php?rest_route=%2Fwp%2Fv2%2Fproduct_tag&post=6722"}],"curies":[{"name":"wp","href":"https:\/\/api.w.org\/{rel}","templated":true}]}}