{"id":6799,"date":"2026-04-22T07:04:12","date_gmt":"2026-04-22T07:04:12","guid":{"rendered":""},"modified":"2026-04-22T07:04:26","modified_gmt":"2026-04-22T07:04:26","slug":"bactrim-5","status":"publish","type":"product","link":"https:\/\/pharmacy-content.com\/?product=bactrim-5&lang=es","title":{"rendered":"Bactrim"},"content":{"rendered":"<p>Propiedades<\/p>\n<p>El Bactrim comprende de dos medicaciones: sulfametoxazola y trimetoprim. El primero inhibe la s\u00edntesis del \u00e1cido dihidrof\u00f3lico (la sustancia esencial para el metabolismo humano y bacterial) mientras que el \u00faltimo bloquea la etapa posterior de su ciclo bioqu\u00edmico: la formaci\u00f3n del \u00e1cido tetrahidrof\u00f3lico que s\u00f3lo toma lugar en los microorganismos. Esta medicaci\u00f3n es eficaz contra los streptococci, staphylococci, pneumococci, bacillus dysentery, la fiebre tifoidea, E. coli, Proteus y no tiene efecto contra el Mycobacterium tuberculosis, spirochetes ni Pseudomonas aeruginosa. Bactrim se emplea en el tratamiento de la pulmon\u00eda y otras enfermedades respiratorias, las de los systemas gastrointestinales y sistemas urogenitales provocadas por las infecciones bacteriales que surgen despu\u00e9s de pasar una cirug\u00eda y otros.<\/p>\n<p>Posolog\u00eda y m\u00e9todo de administraci\u00f3n<\/p>\n<p>Bactrim puede tomarse dos o tres veces al d\u00eda en ayunas o con la comida. La posolog\u00eda depende del tipo y la gravedad del contagio. T\u00f3melo con un vaso de agua. Los pacientes con una insuficiencia renal grave deben tener una dosificaci\u00f3n corregida del Bactrim.<\/p>\n<p>Precauciones<\/p>\n<p>Evite exponerse al sol y evite broncearse. Las medicinas antibi\u00f3ticas pueden causar la diarrea, si se le ocurre una tenga a su m\u00e9dico informado ya que \u00e9sta puede conllevar otra infecci\u00f3n enmascarada. Av\u00edsele al medico si est\u00e1 propenso al asma o padece unos trastornos graves renales o del h\u00edgado.<\/p>\n<p>Contraindicaciones<\/p>\n<p>No tome el Bactim si manifiesta alerg\u00eda a los principios actives de la medicaci\u00f3n, est\u00e1 pre\u00f1ida, es madre lactante o padece una anemia por insuficiencia de \u00e1cido f\u00f3lico. Esta medicaci\u00f3n no debe emplearse en los beb\u00e9s prematuros ni en los recien nacidos.<\/p>\n<p>Las reacciones adversas posibles<\/p>\n<p>Si se enfrenta con unas reacciones al\u00e9rgicas tales como urticaria, respiraci\u00f3n dificultosa, hinchaz\u00f3n de la cara, los labios, la lengua o la garganta o si le apoderan unos malestares m\u00e1s graves que sean la fiebre, el dolor de garganta o de la cabeza acompa\u00f1ado con graves abscesos, el ponerse p\u00e1lido, una formaci\u00f3n f\u00e1cil de equimosis o unos trastornos de coagulaci\u00f3n, la diarrea con heces claruchas o sanguinolentas, unas alucinaciones, el ritmo card\u00edaco pausado, las pulsaciones d\u00e9biles, los n\u00e1useas, el dolor de est\u00f3mago, reducc\u00edon de orinaci\u00f3n si comparar con lo habitual o su falta; en estos casos de inmediato busque la atenci\u00f3n m\u00e9dica.<\/p>\n<p>Interacci\u00f3n con otras drogas<\/p>\n<p>Bactim debe concomitarse con la dofetilida o metenamina. Bactrim es capable de impartir los efectos de ciertas medicaciones antidiab\u00e9ticas, anticoagulantes, la ciclosporina, la digoxina, las drogas que incrementan los niveles de potasio, las vacunas vivas, los antidepresivos tric\u00edclicos, algunos diur\u00e9ticos. Por favor tenga a su m\u00e9dico avisado sobre todos los productos herb\u00e1ceos que usted utiliza seg\u00fan le sea prescrito incluso los no prescritos.<\/p>\n<p>Dosis omitida<\/p>\n<p>Nunca redoble la dosificaci\u00f3n de esta medicaci\u00f3n. Si ya es casi la hora para la pr\u00f3xima dosis descarte la omitida y sigue su horario habitual de administraci\u00f3n del f\u00e1rmaco.<\/p>\n<p>Sobredosis<\/p>\n<p>Si ha tomado una dosis demasiada de Bactim podr\u00e1 padecer los mareos, so\u00f1olencia, los n\u00e1useas, el v\u00f3mito, p\u00e9rdida de apetito, el dolor de est\u00f3mago, de la cabeza, se le podr\u00e1n obtener el color amarillento la piel o los ojos, si la orina sale con sangre, podr\u00e1 desmayarse. En evento de desarrollarsele unos efectos colaterales muy graves en seguida busque la atenci\u00f3n m\u00e9dica.<\/p>\n<p>Almacenamiento<\/p>\n<p>Guarde las medicinas a la temperatura ambiental entre 59 y 77 grados Fahrenheit (15-25 cent\u00edgrados) sin exponerlos a la luz o la humedad excesa fuera del alcance de los ni\u00f1os y los animales dom\u00e9sticos.<\/p>\n<p>Descargo de responsabilidades<\/p>\n<p>Proveemos una informaci\u00f3n del car\u00e1cter general sobre los medicamentos sin intentar cubrir todas las recomendaciones, totalidad de los casos de interacci\u00f3n con otros medicamentos, tampoco todas las precauciones existentes. La informaci\u00f3n de la presente p\u00e1gina web no puede ser de utilidad en el autotratamiento ni el autodiagn\u00f3stico. Todas las recomendaciones espec\u00edficas para cada paciente individual deben arreglarse con el coordinador designado de la salud p\u00fablica o con el m\u00e9dico encargado del caso cl\u00ednico. Renunciamos de todas las responsabilidades por la fiabilidad del material provisto ni por errores que contenga. Nos descargamos de responsabilidad por los da\u00f1os, sean que sean directos, indirectos, espec\u00edficos o dem\u00e1s da\u00f1os que resulten de la aplicaci\u00f3n del contenido de la presente p\u00e1gina web ni que sean consecuencias del autotratamiento.<\/p>\n","protected":false},"excerpt":{"rendered":"<p>Bactrim es un producto antibacteriano sint\u00e9tico que se utiliza para tratar infecciones de o\u00eddo, exacerbaciones agudas de la bronquitis cr\u00f3nica e infecciones del tracto urinario.<\/p>\n","protected":false},"featured_media":6747,"comment_status":"open","ping_status":"closed","template":"","meta":[],"product_brand":[],"product_cat":[306],"product_tag":[],"class_list":{"0":"post-6799","1":"product","2":"type-product","3":"status-publish","4":"has-post-thumbnail","6":"product_cat-antibioticos-es","7":"pa_active_substance-trimethoprim","9":"first","10":"instock","11":"shipping-taxable","12":"product-type-variable"},"jetpack_sharing_enabled":true,"_links":{"self":[{"href":"https:\/\/pharmacy-content.com\/index.php?rest_route=\/wp\/v2\/product\/6799","targetHints":{"allow":["GET"]}}],"collection":[{"href":"https:\/\/pharmacy-content.com\/index.php?rest_route=\/wp\/v2\/product"}],"about":[{"href":"https:\/\/pharmacy-content.com\/index.php?rest_route=\/wp\/v2\/types\/product"}],"replies":[{"embeddable":true,"href":"https:\/\/pharmacy-content.com\/index.php?rest_route=%2Fwp%2Fv2%2Fcomments&post=6799"}],"wp:featuredmedia":[{"embeddable":true,"href":"https:\/\/pharmacy-content.com\/index.php?rest_route=\/wp\/v2\/media\/6747"}],"wp:attachment":[{"href":"https:\/\/pharmacy-content.com\/index.php?rest_route=%2Fwp%2Fv2%2Fmedia&parent=6799"}],"wp:term":[{"taxonomy":"product_brand","embeddable":true,"href":"https:\/\/pharmacy-content.com\/index.php?rest_route=%2Fwp%2Fv2%2Fproduct_brand&post=6799"},{"taxonomy":"product_cat","embeddable":true,"href":"https:\/\/pharmacy-content.com\/index.php?rest_route=%2Fwp%2Fv2%2Fproduct_cat&post=6799"},{"taxonomy":"product_tag","embeddable":true,"href":"https:\/\/pharmacy-content.com\/index.php?rest_route=%2Fwp%2Fv2%2Fproduct_tag&post=6799"}],"curies":[{"name":"wp","href":"https:\/\/api.w.org\/{rel}","templated":true}]}}