{"id":7001,"date":"2026-04-22T07:04:56","date_gmt":"2026-04-22T07:04:56","guid":{"rendered":""},"modified":"2026-04-22T07:05:07","modified_gmt":"2026-04-22T07:05:07","slug":"doxycycline-3","status":"publish","type":"product","link":"https:\/\/pharmacy-content.com\/?product=doxycycline-3&lang=fr","title":{"rendered":"Doxycycline"},"content":{"rendered":"<p>Usage courant<br \/>\nLa doxycycline est un antibiotique synth\u00e9tique \u00e0 large spectre d\u00e9riv\u00e9 de la t\u00e9tracycline et utilis\u00e9 pour traiter de nombreuses infections bact\u00e9riennes diff\u00e9rentes, telles que les infections des voies urinaires, l&#8217;acn\u00e9, la gonorrh\u00e9e, la chlamydiose, la parodontite (maladie des gencives), les imperfections, les bosses et l&#8217;acn\u00e9. comme les l\u00e9sions caus\u00e9es par la rosac\u00e9e.<\/p>\n<p>Posologie et mode d&#8217;emploi<br \/>\nCe m\u00e9dicament doit \u00eatre pris apr\u00e8s un repas avec un grand verre d&#8217;eau pour diminuer l&#8217;irritation de l&#8217;\u0153sophage. La dose quotidienne doit \u00eatre prise en une seule prise ou divis\u00e9e en deux (12 heures entre chacune). Ne le prenez pas en plus grande quantit\u00e9 et ne continuez pas \u00e0 le prendre apr\u00e8s la p\u00e9riode administr\u00e9e. Certaines marques de ce m\u00e9dicament ne peuvent pas \u00eatre utilis\u00e9es avec des produits laitiers. N&#8217;\u00e9crasez pas, ne cassez pas et n&#8217;ouvrez pas une capsule \u00e0 lib\u00e9ration retard\u00e9e ; mangez la pilule enti\u00e8re. S&#8217;il s&#8217;agit d&#8217;une suspension buvable, agitez-la avant utilisation et mesurez avec une cuill\u00e8re doseuse sp\u00e9ciale. Ne prenez jamais ce m\u00e9dicament s&#8217;il est p\u00e9rim\u00e9, car il pourrait endommager vos reins.<\/p>\n<p>Pr\u00e9cautions<br \/>\nL&#8217;utilisation de la doxycycline pendant la croissance des dents peut entra\u00eener un changement de couleur permanent. Les infections caus\u00e9es par Staphylococcus, Escherichia, Shigella ne sont possibles qu&#8217;apr\u00e8s d\u00e9termination de la sensibilit\u00e9 au m\u00e9dicament. \u00c9vitez l&#8217;exposition prolong\u00e9e de votre corps aux rayons UV pendant le traitement et 4 \u00e0 5 jours apr\u00e8s celui-ci. Si un traitement prolong\u00e9 avec ce m\u00e9dicament est prescrit, surveiller r\u00e9guli\u00e8rement le contenu des cellules du sang p\u00e9riph\u00e9rique, les tests de la fonction h\u00e9patique et d\u00e9terminer l&#8217;azote et l&#8217;ur\u00e9e dans le s\u00e9rum.<\/p>\n<p>Contre-indications<br \/>\nHypersensibilit\u00e9 \u00e0 la doxycycline et aux t\u00e9tracyclines, grossesse (seconde moiti\u00e9 du terme), allaitement. , petite enfance (pour les enfants de moins de 9 ans), leucop\u00e9nie, porphyrie, insuffisance h\u00e9patique s\u00e9v\u00e8re.<\/p>\n<p>Effets secondaires possibles<br \/>\nLes effets secondaires provoqu\u00e9s par la doxycycline peuvent se manifester par des maux de t\u00eate, des \u00e9tourdissements, une vision floue, de la fi\u00e8vre, des frissons, des courbatures, des rougeurs. \u00e9ruption cutan\u00e9e, peau p\u00e2le ou jaunie, urine de couleur fonc\u00e9e, douleur intense dans la partie sup\u00e9rieure de l&#8217;estomac, perte d&#8217;app\u00e9tit, jaunisse, ecchymoses ou saignements faciles. Contactez votre m\u00e9decin si vous ressentez les effets graves \u00e9num\u00e9r\u00e9s ci-dessus.<\/p>\n<p>Interaction m\u00e9dicamenteuse<br \/>\nLa co-administration avec des antiacides \u00e0 base d&#8217;aluminium, de magn\u00e9sium ou de calcium n&#8217;est pas recommand\u00e9e, car l&#8217;absorption de la doxycycline peut \u00eatre ralentie. Les min\u00e9raux (comme le calcium ou le fer) ou le sous-salicylate de bismuth ont le m\u00eame effet. La doxycycline renforcerait l&#8217;activit\u00e9 de la warfarine. La ph\u00e9nyto\u00efne (Dilantin), la carbamaz\u00e9pine (Tegretol) et les barbituriques (tels que le ph\u00e9nobarbital) peuvent am\u00e9liorer le m\u00e9tabolisme de la doxycycline.<\/p>\n<p>Dose oubli\u00e9e<br \/>\nNe prenez jamais une double dose de ce m\u00e9dicament. S&#8217;il est presque l&#8217;heure de prendre la dose suivante, sautez simplement la dose oubli\u00e9e et continuez \u00e0 prendre le m\u00e9dicament conform\u00e9ment au programme.<\/p>\n<p>Surdosage<br \/>\nEn cas de naus\u00e9es, de vomissements et de diarrh\u00e9e graves et persistants, consultez votre m\u00e9decin.<\/p>\n<p>Stockage<br \/>\nConserver \u00e0 temp\u00e9rature ambiante entre 59 et 77 degr\u00e9s Fahrenheit (15 et 25 degr\u00e9s Celsius), \u00e0 l&#8217;abri de la lumi\u00e8re, de l&#8217;humidit\u00e9, des enfants et des animaux domestiques. Ne pas utiliser apr\u00e8s la date de p\u00e9remption.<\/p>\n<p>Avertissement<br \/>\nNous fournissons uniquement des informations g\u00e9n\u00e9rales sur les m\u00e9dicaments, qui ne couvrent pas toutes les instructions, les interactions m\u00e9dicamenteuses possibles ou les pr\u00e9cautions. Les informations pr\u00e9sentes sur le site ne peuvent \u00eatre utilis\u00e9es \u00e0 des fins d&#8217;auto-traitement et d&#8217;autodiagnostic. Toute instruction sp\u00e9cifique pour un patient particulier doit \u00eatre convenue avec votre conseiller m\u00e9dical ou votre m\u00e9decin en charge du cas. Nous d\u00e9clinons la fiabilit\u00e9 de ces informations ainsi que les erreurs qu&#8217;elles pourraient contenir. Nous ne sommes pas responsables de tout dommage direct, indirect, sp\u00e9cial ou autre indirect r\u00e9sultant de toute utilisation des informations pr\u00e9sentes sur ce site ainsi que des cons\u00e9quences de l&#8217;auto-traitement.<\/p>\n","protected":false},"excerpt":{"rendered":"<p>La doxycycline Generic est un antibiotique t\u00e9tracycline utilis\u00e9 pour traiter les infections des voies urinaires, l&#8217;acn\u00e9, la gonorrh\u00e9e, la chlamydiose, la parodontite, etc.<\/p>\n","protected":false},"featured_media":6989,"comment_status":"open","ping_status":"closed","template":"","meta":[],"product_brand":[],"product_cat":[300],"product_tag":[],"class_list":{"0":"post-7001","1":"product","2":"type-product","3":"status-publish","4":"has-post-thumbnail","6":"product_cat-antibiotiques-fr","7":"pa_active_substance-doxycycline","9":"first","10":"instock","11":"shipping-taxable","12":"product-type-variable"},"jetpack_sharing_enabled":true,"_links":{"self":[{"href":"https:\/\/pharmacy-content.com\/index.php?rest_route=\/wp\/v2\/product\/7001","targetHints":{"allow":["GET"]}}],"collection":[{"href":"https:\/\/pharmacy-content.com\/index.php?rest_route=\/wp\/v2\/product"}],"about":[{"href":"https:\/\/pharmacy-content.com\/index.php?rest_route=\/wp\/v2\/types\/product"}],"replies":[{"embeddable":true,"href":"https:\/\/pharmacy-content.com\/index.php?rest_route=%2Fwp%2Fv2%2Fcomments&post=7001"}],"wp:featuredmedia":[{"embeddable":true,"href":"https:\/\/pharmacy-content.com\/index.php?rest_route=\/wp\/v2\/media\/6989"}],"wp:attachment":[{"href":"https:\/\/pharmacy-content.com\/index.php?rest_route=%2Fwp%2Fv2%2Fmedia&parent=7001"}],"wp:term":[{"taxonomy":"product_brand","embeddable":true,"href":"https:\/\/pharmacy-content.com\/index.php?rest_route=%2Fwp%2Fv2%2Fproduct_brand&post=7001"},{"taxonomy":"product_cat","embeddable":true,"href":"https:\/\/pharmacy-content.com\/index.php?rest_route=%2Fwp%2Fv2%2Fproduct_cat&post=7001"},{"taxonomy":"product_tag","embeddable":true,"href":"https:\/\/pharmacy-content.com\/index.php?rest_route=%2Fwp%2Fv2%2Fproduct_tag&post=7001"}],"curies":[{"name":"wp","href":"https:\/\/api.w.org\/{rel}","templated":true}]}}