{"id":7193,"date":"2026-04-22T07:05:39","date_gmt":"2026-04-22T07:05:39","guid":{"rendered":""},"modified":"2026-04-22T07:05:59","modified_gmt":"2026-04-22T07:05:59","slug":"zithromax-3","status":"publish","type":"product","link":"https:\/\/pharmacy-content.com\/?product=zithromax-3&lang=fr","title":{"rendered":"Zithromax"},"content":{"rendered":"<p>Usage g\u00e9n\u00e9ral<\/p>\n<p>Zithromax est un antibiotique macrolide semi-synth\u00e9tique chimiquement d\u00e9riv\u00e9 de l\u2019\u00e9rythromycine qui est actif contre un grand nombre de types de micro-organismes de gram positif et de gram n\u00e9gatif tels que le genre Staphylococcus; S. aureus, S. pneumoiane, S. pyogenes, S. agalactiae, Haemophilus influenzae and parainfluenzae, Moraxela catarrhalis, Bacteroides fragilis, Escherichia coli, Bordetella ssp., Borrelia burgdorferi, Haemophilus ducreui, Nisseria gonorrhoeae \u00d8 Chlamidia trachomati. In vitro, il s\u2019est caract\u00e9ris\u00e9 par une activit\u00e9 contre Legionella pneumophila, Mycoplasma pneumoiae \u00d8 hominis, pylores de Helicobacter, Toxoplasma gondii, Ureaplasma urealiticum. Comme tous les antibiotiques macrolides, Zithromax inhibe la synth\u00e8se de prot\u00e9ines bact\u00e9riennes et empeche la croissance et lea propagation des bact\u00e9ries. Il est utilis\u00e9 pour traiter les infections des organes respiratoires sup\u00e9rieurs et inf\u00e9rieurs (tonsillite, otite, sinusite, pneumonie), les infections urog\u00e9nitales (ur\u00e9trite, prostatite, cervicite, adnexite, provoqu\u00e9es par la chlamydia, la gonorrh\u00e9e, la syphilis primaire), les infections intestinales, l&#8217;ulc\u00e8re d&#8217;estomac et du duod\u00e9num.<\/p>\n<p>Dosage et administration<\/p>\n<p>Prenez strictement suivant la prescription et n&#8217;interrompez pas votre traitement m\u00eame si vous vous sentez gu\u00e9ris et que vos sympt\u00f4mes se sont am\u00e9lior\u00e9s, sans l\u2019autorisation de votre m\u00e9decin. Prenez le comprim\u00e9 de Zithromax avec un grand verre d&#8217;eau. Pour pr\u00e9parer une suspension liquide, faites un m\u00e9lange d\u2019un sachet avec 2 gouttes d&#8217;eau, secouez et buvez imm\u00e9diatement. N&#8217;utilisez pas une suspension qui a \u00e9t\u00e9 pr\u00e9par\u00e9e il y a plus de 12 heures. Les comprim\u00e9s et la suspension peuvent \u00eatre pris \u00e0 jeun ou avec nourriture, et les capsules devraient \u00eatre prises \u00e0 jeun 2 heures avant ou apr\u00e8s un repas.<\/p>\n<p>Pr\u00e9cautions<\/p>\n<p>L\u2019influence de Zithromax sur un futur b\u00e9b\u00e9 ou son excr\u00e9tion dans le lait maternel ne sont pas mises en \u00e9vidence. Ce m\u00e9dicament devrait \u00eatre utilis\u00e9 chez les femmes enceintes et en p\u00e9riode d\u2019allaitement seulement si l&#8217;avantage vis\u00e9 pr\u00e9domine sur le risque potentiel pour le b\u00e9b\u00e9.<\/p>\n<p>Contre-indications<\/p>\n<p>L&#8217;hypersensibilit\u00e9 \u00e0 Zithromax et aux m\u00e9dicaments d\u00e9riv\u00e9s tels que l\u2019azithromycine ou l\u2019\u00e9rythromycine.<\/p>\n<p>Effets secondaires possibles possibles<\/p>\n<p>Les effets secondaires comprennent la diarrh\u00e9e ou selles spontan\u00e9es, la naus\u00e9e, la douleur abdominale et le vomissement, les battements de coeur irr\u00e9guliers, la perte d&#8217;app\u00e9tit, l\u2019urine sombre, les selles de couleur argileuse, la jaunisse, la fi\u00e8vre, le rougissement de la peau, les maux de t\u00eate. Vous devriez contacter votre m\u00e9decin et informer de tels sympt\u00f4mes ou contacter l&#8217;assistance m\u00e9dicale d\u2019urgence.<\/p>\n<p>Interaction des m\u00e9dicaments<\/p>\n<p>La prise conjointe de Zithromax avec des produits antiacides \u00e0 base d&#8217;aluminium &#8211; ou de magn\u00e9sium, tels que Mylanta ou Maalox est d\u00e9conseill\u00e9e, car ils diminuent son absorption dans l&#8217;intestin.<\/p>\n<p>Omission de dose<\/p>\n<p>Si vous avez omis une dose, prenez-la aussit\u00f4t que vous vous en \u00eates rappel\u00e9, si l\u2019heure de la dose suivante est proche, sautez simplement la dose omise et revenez \u00e0 votre programme de dosage habituel.<\/p>\n<p>Surdosage<\/p>\n<p>Les sympt\u00f4mes de surdosage peuvent appara\u00eetre sous forme de naus\u00e9e, de vomissement, de diarrh\u00e9e et de troubles d&#8217;estomac. Contactez dans ce cas l&#8217;assistance m\u00e9dicale d\u2019urgence.<\/p>\n<p>Conservation<\/p>\n<p>Conserver \u00e0 la temp\u00e9rature de chambre entre 59-77 F (15-25 oC) \u00e0 l\u2019abri de la lumi\u00e8re et de l&#8217;humidit\u00e9, hors de port\u00e9e des enfants et des animaux de compagnie. Ne conservez pas le liquide pendant plus de 10 jours.<\/p>\n<p>Disclaimer (avis de non responsabilit\u00e9)<\/p>\n<p>Nous fournissons des renseignements \u00e0 caract\u00e8res uniquement g\u00e9n\u00e9raux sur les m\u00e9dicaments qui n\u2019englobent pas tous les domaines, les polyvalences possibles du m\u00e9dicament, ou les pr\u00e9cautions. Les renseignements sur le site ne peuvent \u00eatre utilis\u00e9s pour un traitement personnel et un diagnostic personnel. Toute instruction sp\u00e9cifique pour un patient particulier devrait \u00eatre consult\u00e9e avec votre conseiller de soins de sant\u00e9 ou votre m\u00e9decin responsable du cas. Nous refusons toute r\u00e9f\u00e9rence au caract\u00e8re ind\u00e9niable de ces renseignements et des erreurs qu&#8217;ils pourraient contenir. Nous ne sommes pas responsables de tout dommage direct ou indirect, sp\u00e9cial ou d\u2019autre dommage \u00e0 la suite de toute utilisation des renseignements sur ce site et \u00e9galement pour les cons\u00e9quences de l\u2019auto-traitement.<\/p>\n","protected":false},"excerpt":{"rendered":"<p>Zithromax est un antibiotique macrolide utilis\u00e9 dans le traitement des infections des voies respiratoires sup\u00e9rieures et inf\u00e9rieures, en particulier les infections de l&#8217;oreille, la pneumonie.<\/p>\n","protected":false},"featured_media":7161,"comment_status":"open","ping_status":"closed","template":"","meta":[],"product_brand":[],"product_cat":[300],"product_tag":[],"class_list":{"0":"post-7193","1":"product","2":"type-product","3":"status-publish","4":"has-post-thumbnail","6":"product_cat-antibiotiques-fr","7":"pa_active_substance-azithromycin","9":"first","10":"instock","11":"shipping-taxable","12":"product-type-variable"},"jetpack_sharing_enabled":true,"_links":{"self":[{"href":"https:\/\/pharmacy-content.com\/index.php?rest_route=\/wp\/v2\/product\/7193","targetHints":{"allow":["GET"]}}],"collection":[{"href":"https:\/\/pharmacy-content.com\/index.php?rest_route=\/wp\/v2\/product"}],"about":[{"href":"https:\/\/pharmacy-content.com\/index.php?rest_route=\/wp\/v2\/types\/product"}],"replies":[{"embeddable":true,"href":"https:\/\/pharmacy-content.com\/index.php?rest_route=%2Fwp%2Fv2%2Fcomments&post=7193"}],"wp:featuredmedia":[{"embeddable":true,"href":"https:\/\/pharmacy-content.com\/index.php?rest_route=\/wp\/v2\/media\/7161"}],"wp:attachment":[{"href":"https:\/\/pharmacy-content.com\/index.php?rest_route=%2Fwp%2Fv2%2Fmedia&parent=7193"}],"wp:term":[{"taxonomy":"product_brand","embeddable":true,"href":"https:\/\/pharmacy-content.com\/index.php?rest_route=%2Fwp%2Fv2%2Fproduct_brand&post=7193"},{"taxonomy":"product_cat","embeddable":true,"href":"https:\/\/pharmacy-content.com\/index.php?rest_route=%2Fwp%2Fv2%2Fproduct_cat&post=7193"},{"taxonomy":"product_tag","embeddable":true,"href":"https:\/\/pharmacy-content.com\/index.php?rest_route=%2Fwp%2Fv2%2Fproduct_tag&post=7193"}],"curies":[{"name":"wp","href":"https:\/\/api.w.org\/{rel}","templated":true}]}}