{"id":7497,"date":"2026-04-22T07:06:36","date_gmt":"2026-04-22T07:06:36","guid":{"rendered":""},"modified":"2026-04-22T07:06:51","modified_gmt":"2026-04-22T07:06:51","slug":"lipitor-5","status":"publish","type":"product","link":"https:\/\/pharmacy-content.com\/?product=lipitor-5&lang=es","title":{"rendered":"Lipitor"},"content":{"rendered":"<p>Propiedades<\/p>\n<p>Atorvastatin baja colesterol y se usa para tratar el colesterol alto o bajar el riesgo de golpe, ataque card\u00edaco u otras complicaciones de coraz\u00f3n en pacientes con cardiopat\u00eda isqu\u00e9mica o segundo tipo de la diabetes. Atorvastatin ayuda a limpiar el colesterol de lipoprote\u00edna de baja densidad da\u00f1osa de la sangre y limitar la capacidad del cuerpo de formar el nuevo colesterol LDL. As\u00ed puede ayudar a prevenir el endurecimiento de las arterias y enfermedad card\u00edaca, condiciones que pueden llevar a la enfermedad vascular, el ataque card\u00edaco, el golpe.<\/p>\n<p>Posolog\u00eda y forma de precauci\u00f3n<\/p>\n<p>T\u00f3melo oralmente una vez al d\u00eda con o sin comida. Atorvastatine deber\u00eda ser tomado con vaso lleno de agua.<br \/>\nLa dosis com\u00fan para adultos es 10 mg. una vez diariamente.<br \/>\nLa dosis com\u00fan para ni\u00f1os de 10 a 17 a\u00f1os de la edad es 10 mg. una vez diariamente.<br \/>\nUso Atorvastatin por ni\u00f1os que no tienen 10 a\u00f1os de la edad no son recomendado y la dosis debe ser determinada por su m\u00e9dico.<\/p>\n<p>Note: esta instrucci\u00f3n est\u00e1 aqu\u00ed s\u00f3lo para revisi\u00f3n. Es muy necesario consultar con su doctor antes de la utilizaci\u00f3n. Esto le ayuda a conseguir los mejores resultados.<\/p>\n<p>Precauciones<\/p>\n<p>La gente con la diabetes, tiroides underactives, enfermedad de ri\u00f1\u00f3n, o enfermedad de m\u00fasculo a veces se necesita pruebas adicionales antes o durante la terapia de atorvastatin porque los ajustes de dosis pueden requerirse. No use cantidades grandes de alcohol tomando esta medicina porque esto puede empeorar los efectos adversos de esta medicina en el h\u00edgado. Atorvastatin no deber\u00eda ser usado durante el embarazo, quedando embarazada o lactaci\u00f3n sin el consejo del doctor. No use Atorvastatin antes del amamantamiento sin el permiso del doctor.<\/p>\n<p>Contradiciones<\/p>\n<p>Atorvastatin es contradicado a la gente que tiene problemas de h\u00edgado o pruebas de funci\u00f3n de h\u00edgado anormales inexplicadas. No lo use si usted toma un inhibidor de probromista de VIH (eg, ritonavir), itraconazole, o mibefradil. Tambi\u00e9n Atorvastatin es contraindicado si usted es hipersensible a cualquier componente de esta medicaci\u00f3n, durante embarazo o amamantamiento.<\/p>\n<p>Reacciones adversas posibles<\/p>\n<p>Ellas pueden incluir todos los tipos de una reacci\u00f3n al\u00e9rgica. Tambi\u00e9n los efectos secundarios m\u00e1s posibles incluyen:<br \/>\ndolor de m\u00fasculo, ternura, o debilidad con s\u00edntomas de gripe o fiebre; o<br \/>\nn\u00e1usea, deposici\u00f3n de color de la arcilla, dolor de est\u00f3mago, fiebre baja, ictericia, p\u00e9rdida de apetito, orina oscura.<br \/>\nLos efectos secundarios menos serios incluyen:<br \/>\nn\u00e1usea suave o dolor de est\u00f3mago, trastorno de est\u00f3mago, ardor de est\u00f3mago;<br \/>\nestre\u00f1imiento, bloating, gas;<br \/>\nnariz congestionada;<br \/>\nel picor, erupci\u00f3n de piel;<br \/>\ndolor de cabeza.<br \/>\nSi usted experimenta uno de ellos deje de usar Atorvastatin y diga a su doctor cuanto antes. Tambi\u00e9n consulte con su doctor sobre cualquier efecto secundario que parezca extra\u00f1o.<\/p>\n<p>Interacci\u00f3n con otros medicamentos<\/p>\n<p>Atrovastatin coopera con las medicinas siguientes: digoxin; erythromycin o clarithromycin; gemfibrozil o fenofibrate; \u00e1cido nicot\u00ednico; una medicaci\u00f3n antifungosa, como itraconazole, fluconazole, o ketoconazole; las medicinas que debilitan su sistema inmunol\u00f3gico, como medicina de c\u00e1ncer o esteroides, cyclosporine, sirolimus, tacrolimus, y otros; VIH o medicaci\u00f3n de SIDA, como indinavir, nelfinavir, ritonavir, lopinavir-ritonavir, o saquinavir. Tambi\u00e9n note que la interacci\u00f3n entre dos medicaciones no siempre significa que usted debe dejar de tomar a uno de ellos. Como de costumbre esto afecta el efecto de medicinas, tan consulte con su doctor como las interacciones est\u00e1n siendo manejadas o deber\u00edan ser manejadas.<\/p>\n<p>Dosis perdida<\/p>\n<p>Si usted ha olvidado de tomar su dosis a tiempo, por favor h\u00e1galo tan pronto como usted recuerda. Pero no tome si es demasiado tarde o casi tiempo para su siguiente dosis. No aumente su dosis recomendada. Tome su dosis habitual al d\u00eda siguiente en el mismo tiempo regular.<\/p>\n<p>Sobredosis<\/p>\n<p>Los s\u00edntomas de Atorvastatin no son conocidos bien pero los m\u00e1s posibles incluyen una gota severa en la tensi\u00f3n arterial y un latido del coraz\u00f3n m\u00e1s r\u00e1pido. Si usted experimenta uno de ellos o cualquier s\u00edntoma extra\u00f1o llame a su doctor inmediatamente.<\/p>\n<p>Almacenamiento<\/p>\n<p>Se debe almanecear a una temperatura de 15-25 C (59-77 F)del alcance de los rayos solares, ni\u00f1os y animales dom\u00e9sticos. No se puede usar despu\u00e9s de t\u00e9rmino expirado.<\/p>\n<p>Descargo de responsabilidades<\/p>\n<p>Proveemos una informaci\u00f3n del car\u00e1cter general sobre los medicamentos sin intentar cubrir todas las recomendaciones, totalidad de los casos de interacci\u00f3n con otros medicamentos, tampoco todas las precauciones existentes. La informaci\u00f3n de la presente p\u00e1gina web no puede ser de utilidad en el autotratamiento ni el autodiagn\u00f3stico. Todas las recomendaciones espec\u00edficas para cada paciente individual deben arreglarse con el coordinador designado de la salud p\u00fablica o con el m\u00e9dico encargado del caso cl\u00ednico. Renunciamos de todas las responsabilidades por la fiabilidad del material provisto ni por errores que contenga. Nos descargamos de responsabilidad por los da\u00f1os, sean que sean directos, indirectos, espec\u00edficos o dem\u00e1s da\u00f1os que resulten de la aplicaci\u00f3n del contenido de la presente p\u00e1gina web ni que sean consecuencias del autotratamiento.<\/p>\n","protected":false},"excerpt":{"rendered":"<p>La atorvastatina es una estatina que se utiliza para reducir el colesterol y los triglic\u00e9ridos.<\/p>\n","protected":false},"featured_media":7433,"comment_status":"open","ping_status":"closed","template":"","meta":[],"product_brand":[],"product_cat":[366],"product_tag":[],"class_list":{"0":"post-7497","1":"product","2":"type-product","3":"status-publish","4":"has-post-thumbnail","6":"product_cat-colesterol-es","7":"pa_active_substance-atorvastatin","9":"first","10":"instock","11":"shipping-taxable","12":"product-type-variable"},"jetpack_sharing_enabled":true,"_links":{"self":[{"href":"https:\/\/pharmacy-content.com\/index.php?rest_route=\/wp\/v2\/product\/7497","targetHints":{"allow":["GET"]}}],"collection":[{"href":"https:\/\/pharmacy-content.com\/index.php?rest_route=\/wp\/v2\/product"}],"about":[{"href":"https:\/\/pharmacy-content.com\/index.php?rest_route=\/wp\/v2\/types\/product"}],"replies":[{"embeddable":true,"href":"https:\/\/pharmacy-content.com\/index.php?rest_route=%2Fwp%2Fv2%2Fcomments&post=7497"}],"wp:featuredmedia":[{"embeddable":true,"href":"https:\/\/pharmacy-content.com\/index.php?rest_route=\/wp\/v2\/media\/7433"}],"wp:attachment":[{"href":"https:\/\/pharmacy-content.com\/index.php?rest_route=%2Fwp%2Fv2%2Fmedia&parent=7497"}],"wp:term":[{"taxonomy":"product_brand","embeddable":true,"href":"https:\/\/pharmacy-content.com\/index.php?rest_route=%2Fwp%2Fv2%2Fproduct_brand&post=7497"},{"taxonomy":"product_cat","embeddable":true,"href":"https:\/\/pharmacy-content.com\/index.php?rest_route=%2Fwp%2Fv2%2Fproduct_cat&post=7497"},{"taxonomy":"product_tag","embeddable":true,"href":"https:\/\/pharmacy-content.com\/index.php?rest_route=%2Fwp%2Fv2%2Fproduct_tag&post=7497"}],"curies":[{"name":"wp","href":"https:\/\/api.w.org\/{rel}","templated":true}]}}