{"id":7650,"date":"2026-04-22T07:07:02","date_gmt":"2026-04-22T07:07:02","guid":{"rendered":""},"modified":"2026-04-22T07:07:35","modified_gmt":"2026-04-22T07:07:35","slug":"stromectol-3","status":"publish","type":"product","link":"https:\/\/pharmacy-content.com\/?product=stromectol-3&lang=fr","title":{"rendered":"Stromectol"},"content":{"rendered":"<p>Usage courant<br \/>\nLe Stromectol est un anthelminthique. Il est utilis\u00e9 pour traiter les infections caus\u00e9es par certains parasites. Il agit en tuant les parasites sensibles.<\/p>\n<p>Dosage et mode d&#8217;emploi<br \/>\nUtilisez Stromectol selon les directives de votre m\u00e9decin. Prenez Stromectol par voie orale \u00e0 jeun avec de l&#8217;eau. Certains patients prenant du Stromectol auront besoin d&#8217;un suivi et d&#8217;un retraitement r\u00e9p\u00e9t\u00e9s pour s&#8217;assurer que l&#8217;infection est compl\u00e8tement \u00e9limin\u00e9e. Suivez les instructions de votre m\u00e9decin. Assurez-vous de respecter tous vos rendez-vous chez le m\u00e9decin et au laboratoire.<\/p>\n<p>Pr\u00e9cautions<br \/>\nStromectol peut provoquer des \u00e9tourdissements ou une somnolence. Ces effets peuvent \u00eatre pires si vous le prenez avec de l&#8217;alcool ou certains m\u00e9dicaments. Utilisez Stromectol avec prudence. Ne conduisez pas et n&#8217;effectuez pas d&#8217;autres t\u00e2ches potentiellement dangereuses jusqu&#8217;\u00e0 ce que vous sachiez comment vous y r\u00e9agissez.<br \/>\nLe Stromectol peut provoquer des \u00e9tourdissements, des \u00e9tourdissements ou des \u00e9vanouissements ; l&#8217;alcool, le temps chaud, l&#8217;exercice ou la fi\u00e8vre peuvent augmenter ces effets. Pour les \u00e9viter, asseyez-vous ou levez-vous lentement, surtout le matin. Asseyez-vous ou allongez-vous d\u00e8s les premiers signes de l&#8217;un de ces effets.<br \/>\nRarement, certains patients prenant du Stromectol et qui ont \u00e9galement eu une autre infection parasitaire (lo\u00efase) ont d\u00e9velopp\u00e9 un probl\u00e8me c\u00e9r\u00e9bral grave et parfois mortel. Informez votre m\u00e9decin si vous avez une autre infection parasitaire. Informez votre m\u00e9decin si vous avez s\u00e9journ\u00e9 dans une r\u00e9gion o\u00f9 l&#8217;infection par Loa loa est probable (par exemple, Afrique de l&#8217;Ouest ou centrale). Informez imm\u00e9diatement votre m\u00e9decin si vous pr\u00e9sentez des sympt\u00f4mes tels que des maux de dos inhabituels, des saignements oculaires, un essoufflement, un manque de contr\u00f4le de la vessie ou des intestins, des difficult\u00e9s \u00e0 marcher ou \u00e0 vous tenir debout, des changements mentaux (par exemple, confusion), une faiblesse inhabituelle ou des convulsions.<br \/>\nStromectol doit \u00eatre utilis\u00e9 avec une extr\u00eame prudence chez les ENFANTS pesant moins de 33 livres (15 kilogrammes) ; la s\u00e9curit\u00e9 et l&#8217;efficacit\u00e9 chez ces enfants n&#8217;ont pas \u00e9t\u00e9 confirm\u00e9es.<br \/>\nN&#8217;utilisez pas Stromectol si vous \u00eates enceinte. Si vous pensez \u00eatre enceinte, contactez imm\u00e9diatement votre m\u00e9decin. Le stromectol se trouve dans le lait maternel. Si vous allaitez ou allez allaiter pendant que vous utilisez Stromectol, consultez votre m\u00e9decin. Discutez des risques possibles pour votre b\u00e9b\u00e9.<\/p>\n<p>Contre-indications<br \/>\nN&#8217;utilisez pas ce m\u00e9dicament si vous \u00eates allergique \u00e0 l&#8217;un des ingr\u00e9dients du Stromectol.<\/p>\n<p>Effets secondaires possibles<br \/>\nLes effets les plus courants sont la diarrh\u00e9e, les \u00e9tourdissements et les naus\u00e9es.<br \/>\nEffets secondaires graves inclure des r\u00e9actions allergiques graves (\u00e9ruption cutan\u00e9e, urticaire, d\u00e9mangeaisons, difficult\u00e9s respiratoires, oppression thoracique, gonflement de la bouche, du visage, des l\u00e8vres ou de la langue) ; douleur, gonflement ou rougeur oculaire ; \u00e9vanouissement; pouls rapide; fi\u00e8vre; douleur articulaire; peau rouge, enfl\u00e9e, boursoufl\u00e9e ou qui p\u00e8le ; convulsions; des \u00e9tourdissements ou des \u00e9tourdissements s\u00e9v\u00e8res ; gonflement de la peau, des bras, des jambes, des chevilles ou des pieds ; ganglions lymphatiques sensibles ou enfl\u00e9s (par ex. dans le cou, l&#8217;aine, les aisselles); changements de vision; jaunissement des yeux ou de la peau.<\/p>\n<p>Interaction m\u00e9dicamenteuse<br \/>\nInformez votre fournisseur de soins de sant\u00e9 si vous prenez d&#8217;autres m\u00e9dicaments, en particulier l&#8217;un des m\u00e9dicaments suivants : Warfarine, car le risque de ses effets secondaires peut \u00eatre augment\u00e9 par Stromectol.<\/p>\n<p>Oubli\u00e9 dose<br \/>\nSi vous oubliez une dose, prenez-la d\u00e8s que vous vous en souvenez. S&#8217;il est proche de l&#8217;heure de la dose suivante, sautez la dose oubli\u00e9e et reprenez votre programme de dosage habituel. Ne doublez pas la dose pour rattraper le retard.<\/p>\n<p>Surdosage<br \/>\nSi un surdosage est suspect\u00e9, contactez imm\u00e9diatement un centre antipoison local ou une salle d&#8217;urgence. Les sympt\u00f4mes de surdosage peuvent inclure des engourdissements, des picotements, des difficult\u00e9s respiratoires, une perte de coordination, des convulsions.<\/p>\n<p>Conservation<br \/>\nConserver \u00e0 temp\u00e9rature ambiante inf\u00e9rieure \u00e0 86 degr\u00e9s F (30 degr\u00e9s C), \u00e0 l&#8217;abri de la lumi\u00e8re et de l&#8217;humidit\u00e9. Ne pas ranger dans la salle de bain. Gardez tous les m\u00e9dicaments hors de port\u00e9e des enfants et des animaux domestiques.<\/p>\n<p>Avis de non-responsabilit\u00e9<br \/>\nNous fournissons uniquement des informations g\u00e9n\u00e9rales sur les m\u00e9dicaments, qui ne couvrent pas toutes les instructions, les interactions m\u00e9dicamenteuses possibles ou les pr\u00e9cautions. Les informations pr\u00e9sentes sur le site ne peuvent \u00eatre utilis\u00e9es \u00e0 des fins d&#8217;auto-traitement et d&#8217;autodiagnostic. Toute instruction sp\u00e9cifique pour un patient particulier doit \u00eatre convenue avec votre conseiller en soins de sant\u00e9 ou votre m\u00e9decin en charge du cas. Nous d\u00e9clinons la fiabilit\u00e9 de ces informations et des erreurs qu&#8217;elles pourraient contenir. Nous ne sommes pas responsables de tout dommage direct, indirect, sp\u00e9cial ou autre indirect r\u00e9sultant de toute utilisation des informations pr\u00e9sentes sur ce site ainsi que des cons\u00e9quences de l&#8217;auto-traitement.<\/p>\n","protected":false},"excerpt":{"rendered":"<p>Le Stromectol est un anthelminthique utilis\u00e9 dans le traitement des infections caus\u00e9es par certains parasites.<\/p>\n","protected":false},"featured_media":7594,"comment_status":"open","ping_status":"closed","template":"","meta":[],"product_brand":[],"product_cat":[390],"product_tag":[],"class_list":{"0":"post-7650","1":"product","2":"type-product","3":"status-publish","4":"has-post-thumbnail","6":"product_cat-covid-19-fr","7":"pa_active_substance-ivermectin","9":"first","10":"instock","11":"shipping-taxable","12":"product-type-variable"},"jetpack_sharing_enabled":true,"_links":{"self":[{"href":"https:\/\/pharmacy-content.com\/index.php?rest_route=\/wp\/v2\/product\/7650","targetHints":{"allow":["GET"]}}],"collection":[{"href":"https:\/\/pharmacy-content.com\/index.php?rest_route=\/wp\/v2\/product"}],"about":[{"href":"https:\/\/pharmacy-content.com\/index.php?rest_route=\/wp\/v2\/types\/product"}],"replies":[{"embeddable":true,"href":"https:\/\/pharmacy-content.com\/index.php?rest_route=%2Fwp%2Fv2%2Fcomments&post=7650"}],"wp:featuredmedia":[{"embeddable":true,"href":"https:\/\/pharmacy-content.com\/index.php?rest_route=\/wp\/v2\/media\/7594"}],"wp:attachment":[{"href":"https:\/\/pharmacy-content.com\/index.php?rest_route=%2Fwp%2Fv2%2Fmedia&parent=7650"}],"wp:term":[{"taxonomy":"product_brand","embeddable":true,"href":"https:\/\/pharmacy-content.com\/index.php?rest_route=%2Fwp%2Fv2%2Fproduct_brand&post=7650"},{"taxonomy":"product_cat","embeddable":true,"href":"https:\/\/pharmacy-content.com\/index.php?rest_route=%2Fwp%2Fv2%2Fproduct_cat&post=7650"},{"taxonomy":"product_tag","embeddable":true,"href":"https:\/\/pharmacy-content.com\/index.php?rest_route=%2Fwp%2Fv2%2Fproduct_tag&post=7650"}],"curies":[{"name":"wp","href":"https:\/\/api.w.org\/{rel}","templated":true}]}}