{"id":7706,"date":"2026-04-22T07:07:10","date_gmt":"2026-04-22T07:07:10","guid":{"rendered":""},"modified":"2026-04-22T07:07:35","modified_gmt":"2026-04-22T07:07:35","slug":"stromectol-5","status":"publish","type":"product","link":"https:\/\/pharmacy-content.com\/?product=stromectol-5&lang=es","title":{"rendered":"Stromectol"},"content":{"rendered":"<p>Uso com\u00fan<br \/>\nStromectol es un antihelm\u00edntico. Se utiliza para tratar infecciones causadas por ciertos par\u00e1sitos. Act\u00faa matando par\u00e1sitos sensibles.<\/p>\n<p>Dosis e instrucciones<br \/>\nUse Stromectol seg\u00fan las indicaciones de su m\u00e9dico. Tome Stromectol por v\u00eda oral con el est\u00f3mago vac\u00edo y agua. Algunos pacientes que toman Stromectol necesitar\u00e1n un seguimiento repetido y un nuevo tratamiento para asegurarse de que la infecci\u00f3n desaparezca por completo. Siga las instrucciones de su m\u00e9dico. Aseg\u00farese de acudir a todas las citas con el m\u00e9dico y el laboratorio.<\/p>\n<p>Precauciones<br \/>\nEl estromectol puede provocar mareos o somnolencia. Estos efectos pueden empeorar si lo toma con alcohol o ciertos medicamentos. Utilice Stromectol con precauci\u00f3n. No conduzca ni realice otras tareas posiblemente peligrosas hasta que sepa c\u00f3mo reaccionar\u00e1.<br \/>\nStromectol puede provocar mareos, aturdimiento o desmayos; El alcohol, el clima c\u00e1lido, el ejercicio o la fiebre pueden aumentar estos efectos. Para prevenirlas, si\u00e9ntate o lev\u00e1ntate lentamente, especialmente por la ma\u00f1ana. Si\u00e9ntese o acu\u00e9stese ante el primer signo de cualquiera de estos efectos.<br \/>\nEn raras ocasiones, algunos pacientes que toman Stromectol y que tambi\u00e9n han tenido otra infecci\u00f3n parasitaria (loiasis) han desarrollado un problema cerebral grave y, a veces, mortal. Informe a su m\u00e9dico si tiene alguna otra infecci\u00f3n parasitaria. Informe a su m\u00e9dico si ha estado en un \u00e1rea donde es probable que haya infecci\u00f3n por Loa loa (por ejemplo, \u00c1frica occidental o central). Informe a su m\u00e9dico de inmediato si tiene s\u00edntomas como dolor de espalda inusual, sangrado en los ojos, dificultad para respirar, falta de control de la vejiga o los intestinos, dificultad para caminar o pararse, cambios mentales (por ejemplo, confusi\u00f3n), debilidad inusual o convulsiones.<br \/>\nStromectol debe usarse con extrema precauci\u00f3n en NI\u00d1OS que pesen menos de 33 libras (15 kilogramos); La seguridad y eficacia en estos ni\u00f1os no han sido confirmadas.<br \/>\nNo use Stromectol si est\u00e1 embarazada. Si cree que puede estar embarazada, comun\u00edquese con su m\u00e9dico de inmediato. Stromectol se encuentra en la leche materna. Si est\u00e1 o estar\u00e1 amamantando mientras usa Stromectol, consulte con su m\u00e9dico. Discuta cualquier posible riesgo para su beb\u00e9.<\/p>\n<p>Contraindicaciones<br \/>\nNo use este medicamento si es al\u00e9rgico a alg\u00fan ingrediente del Stromectol.<\/p>\n<p>Posibles efectos secundarios<br \/>\nLos efectos m\u00e1s comunes son diarrea, mareos y n\u00e1useas.<br \/>\nEfectos secundarios graves incluyen reacciones al\u00e9rgicas graves (sarpullido, urticaria, picaz\u00f3n, dificultad para respirar, opresi\u00f3n en el pecho, hinchaz\u00f3n de la boca, cara, labios o lengua); dolor, hinchaz\u00f3n o enrojecimiento de los ojos; desmayo; latidos card\u00edacos acelerados; fiebre; dolor en las articulaciones; piel enrojecida, hinchada, con ampollas o descamaci\u00f3n; convulsiones; mareos o aturdimiento intensos; hinchaz\u00f3n de la piel, brazos, piernas, tobillos o pies; ganglios linf\u00e1ticos sensibles o inflamados (por ejemplo, en el cuello, la ingle, las axilas); cambios de visi\u00f3n; coloraci\u00f3n amarillenta de los ojos o la piel.<\/p>\n<p>Interacci\u00f3n con otros medicamentos<br \/>\nInforme a su proveedor de atenci\u00f3n m\u00e9dica si est\u00e1 tomando otros medicamentos, especialmente cualquiera de los siguientes: warfarina, ya que Stromectol puede aumentar el riesgo de sus efectos secundarios.<\/p>\n<p>Omitido dosis<br \/>\nSi olvida una dosis, t\u00f3mela tan pronto como se acuerde. Si se acerca la hora de la siguiente dosis, omita la dosis olvidada y reanude su horario de dosificaci\u00f3n habitual. No duplique la dosis para ponerse al d\u00eda.<\/p>\n<p>Sobredosis<br \/>\nSi se sospecha una sobredosis, comun\u00edquese con un centro local de control de intoxicaciones o con la sala de emergencias de inmediato. Los s\u00edntomas de una sobredosis pueden incluir entumecimiento, hormigueo, dificultad para respirar, p\u00e9rdida de coordinaci\u00f3n y convulsiones.<\/p>\n<p>Almacenamiento<br \/>\nGuarde a temperatura ambiente por debajo de 86 grados F (30 grados C), protegido de la luz y la humedad. No guardar en el ba\u00f1o. Mantenga todos los medicamentos fuera del alcance de los ni\u00f1os y las mascotas.<\/p>\n<p>Descargo de responsabilidad<br \/>\nSolo proporcionamos informaci\u00f3n general sobre los medicamentos, que no cubre todas las instrucciones, posibles interacciones entre medicamentos ni precauciones. La informaci\u00f3n contenida en el sitio no se puede utilizar para autotratamiento y autodiagn\u00f3stico. Cualquier instrucci\u00f3n espec\u00edfica para un paciente en particular debe acordarse con su asesor de atenci\u00f3n m\u00e9dica o m\u00e9dico a cargo del caso. Renunciamos a la fiabilidad de esta informaci\u00f3n y a los errores que pueda contener. No somos responsables de ning\u00fan da\u00f1o directo, indirecto, especial u otro da\u00f1o indirecto como resultado de cualquier uso de la informaci\u00f3n en este sitio y tampoco de las consecuencias del autotratamiento.<\/p>\n","protected":false},"excerpt":{"rendered":"<p>Stromectol es un antihelm\u00edntico que se utiliza para tratar infecciones causadas por determinados par\u00e1sitos<\/p>\n","protected":false},"featured_media":7594,"comment_status":"open","ping_status":"closed","template":"","meta":[],"product_brand":[],"product_cat":[396],"product_tag":[],"class_list":{"0":"post-7706","1":"product","2":"type-product","3":"status-publish","4":"has-post-thumbnail","6":"product_cat-covid-19-es","7":"pa_active_substance-ivermectin","9":"first","10":"instock","11":"shipping-taxable","12":"product-type-variable"},"jetpack_sharing_enabled":true,"_links":{"self":[{"href":"https:\/\/pharmacy-content.com\/index.php?rest_route=\/wp\/v2\/product\/7706","targetHints":{"allow":["GET"]}}],"collection":[{"href":"https:\/\/pharmacy-content.com\/index.php?rest_route=\/wp\/v2\/product"}],"about":[{"href":"https:\/\/pharmacy-content.com\/index.php?rest_route=\/wp\/v2\/types\/product"}],"replies":[{"embeddable":true,"href":"https:\/\/pharmacy-content.com\/index.php?rest_route=%2Fwp%2Fv2%2Fcomments&post=7706"}],"wp:featuredmedia":[{"embeddable":true,"href":"https:\/\/pharmacy-content.com\/index.php?rest_route=\/wp\/v2\/media\/7594"}],"wp:attachment":[{"href":"https:\/\/pharmacy-content.com\/index.php?rest_route=%2Fwp%2Fv2%2Fmedia&parent=7706"}],"wp:term":[{"taxonomy":"product_brand","embeddable":true,"href":"https:\/\/pharmacy-content.com\/index.php?rest_route=%2Fwp%2Fv2%2Fproduct_brand&post=7706"},{"taxonomy":"product_cat","embeddable":true,"href":"https:\/\/pharmacy-content.com\/index.php?rest_route=%2Fwp%2Fv2%2Fproduct_cat&post=7706"},{"taxonomy":"product_tag","embeddable":true,"href":"https:\/\/pharmacy-content.com\/index.php?rest_route=%2Fwp%2Fv2%2Fproduct_tag&post=7706"}],"curies":[{"name":"wp","href":"https:\/\/api.w.org\/{rel}","templated":true}]}}