{"id":8264,"date":"2026-04-22T07:08:57","date_gmt":"2026-04-22T07:08:57","guid":{"rendered":""},"modified":"2026-04-22T07:09:02","modified_gmt":"2026-04-22T07:09:02","slug":"bimat-7","status":"publish","type":"product","link":"https:\/\/pharmacy-content.com\/pt\/product\/bimat-7\/","title":{"rendered":"Bimat"},"content":{"rendered":"<p>Uso comum<br \/>\nO ingrediente ativo do col\u00edrio Bimat \u00e9 o Bimatoprost. Seu olho cont\u00e9m um l\u00edquido aquoso que serve para alimentar o interior do olho. Constantemente, esse l\u00edquido \u00e9 drenado do olho, sendo substitu\u00eddo por um novo. Se o processo de drenagem n\u00e3o for r\u00e1pido o suficiente, isso leva ao aumento da press\u00e3o intraocular. O bimatoprost atua reduzindo os n\u00edveis de fluidos e aumentando a quantidade de fluido drenado do olho, resultando em uma queda na press\u00e3o intraocular.<br \/>\nDosagem e dire\u00e7\u00e3o<br \/>\nO col\u00edrio Bimat deve ser aplicado uma vez ao dia no olho. N\u00e3o \u00e9 necess\u00e1rio aplic\u00e1-lo em ambos os olhos, apenas no olho que necessita de tratamento para um caso diagnosticado de glaucoma ou press\u00e3o intraocular elevada. O hor\u00e1rio preferido para aplica\u00e7\u00e3o do medicamento \u00e9 \u00e0 noite. Se o col\u00edrio Bimat for usado com outro tipo de medicamento oftalmol\u00f3gico, o tempo que voc\u00ea deve esperar entre os dois \u00e9 de quinze minutos. A maneira correta de aplicar o col\u00edrio Bimat \u00e9 primeiro remover as lentes de contato e, em seguida, colocar algumas gotas no olho. Depois de fazer isso, voc\u00ea precisa espalhar o l\u00edquido por todo o olho, fechando-o e reabrindo-o lentamente.<br \/>\nPrecau\u00e7\u00f5es<br \/>\n\u00c9 altamente recomend\u00e1vel que voc\u00ea converse com seu m\u00e9dico ou farmac\u00eautico antes de come\u00e7ar a tomar este medicamento. Informe o seu m\u00e9dico sobre todos os tipos de medicamentos que voc\u00ea est\u00e1 usando. Se voc\u00ea estiver usando outros medicamentos para os olhos, deixe um intervalo de quinze minutos entre a administra\u00e7\u00e3o dos dois. N\u00e3o toque diretamente no conta-gotas do frasco com as m\u00e3os, pois pode contamin\u00e1-lo, podendo causar infec\u00e7\u00e3o. As lentes de contato dificultam a administra\u00e7\u00e3o do medicamento e podem interferir nos seus efeitos, pois podem absorver o medicamento. Se voc\u00ea teve uma les\u00e3o ocular recente, entre em contato com seu m\u00e9dico antes de usar o medicamento. N\u00e3o opere m\u00e1quinas pesadas ap\u00f3s usar o col\u00edrio Bimat, pois eles podem causar problemas tempor\u00e1rios de vis\u00e3o.<br \/>\nContra-indica\u00e7\u00f5es<br \/>\nSe voc\u00ea \u00e9 al\u00e9rgico \u00e0 subst\u00e2ncia ativa do col\u00edrio Bimat, n\u00e3o use este medicamento. Os poss\u00edveis sintomas de uma rea\u00e7\u00e3o al\u00e9rgica s\u00e3o dificuldade em respirar, dificuldade em engolir, incha\u00e7o, aperto no peito e erup\u00e7\u00f5es cut\u00e2neas. Siga sempre as instru\u00e7\u00f5es fornecidas pelo seu m\u00e9dico ou farmac\u00eautico para obter melhores resultados. N\u00e3o perca uma dose. Informe o seu m\u00e9dico se voc\u00ea sofre de outras doen\u00e7as, como doen\u00e7as renais ou card\u00edacas, ou se estiver gr\u00e1vida ou tentando engravidar.<br \/>\nPoss\u00edveis efeitos colaterais<br \/>\nAlguns dos efeitos colaterais mais comuns deste medicamento s\u00e3o em sua maioria inofensivos e podem incluir irrita\u00e7\u00e3o nas olhos, sensa\u00e7\u00e3o de ardor, vermelhid\u00e3o, ardor, comich\u00e3o, olhos lacrimejantes e, por vezes, descolora\u00e7\u00e3o da \u00edris. Outros efeitos colaterais, que s\u00e3o mais graves, incluem dores de cabe\u00e7a, fotossensibilidade, fotofobia, olhos secos, vis\u00e3o turva e p\u00e1lpebras inchadas.<br \/>\nIntera\u00e7\u00e3o medicamentosa<br \/>\nN\u00e3o use col\u00edrio Bimat se j\u00e1 estiver usando um ou mais dos seguintes medicamentos: latanoprost oft\u00e1lmico, bimatoprost t\u00f3pico ou se estiver usando outros medicamentos que contenham os ingredientes ativos Latisse ou Xalatan. Al\u00e9m disso, se voc\u00ea sofre de uve\u00edte, doen\u00e7a renal ou hep\u00e1tica, edema macular, n\u00e3o use este medicamento.<br \/>\nDose esquecida<br \/>\n\u00c9 prefer\u00edvel que voc\u00ea mantenha o esquema prescrito pelo seu m\u00e9dico, mas no caso de voc\u00ea esquecer de uma dose, continue usando-o normalmente; n\u00e3o duplique a dose.<br \/>\nSobredosagem<br \/>\nOs sintomas de sobredosagem podem incluir sensibilidade \u00e0 luz e olhos rosados. Se for este o caso, procure atendimento m\u00e9dico imediato.<br \/>\nArmazenamento<br \/>\nManter afastado do calor. Guarde-o em local escuro, evitando calor e umidade. Mantenha-o longe do alcance de crian\u00e7as.<br \/>\nIsen\u00e7\u00e3o de responsabilidade<br \/>\nFornecemos apenas informa\u00e7\u00f5es gerais sobre medicamentos, que n\u00e3o cobrem todas as instru\u00e7\u00f5es, poss\u00edveis intera\u00e7\u00f5es medicamentosas ou precau\u00e7\u00f5es. As informa\u00e7\u00f5es do site n\u00e3o podem ser utilizadas para autotratamento e autodiagn\u00f3stico. Quaisquer instru\u00e7\u00f5es espec\u00edficas para um determinado paciente devem ser acordadas com o seu conselheiro de sa\u00fade ou m\u00e9dico respons\u00e1vel pelo caso. N\u00f3s nos isentamos da confiabilidade dessas informa\u00e7\u00f5es e de quaisquer erros que elas possam conter. N\u00e3o somos respons\u00e1veis por quaisquer danos diretos, indiretos, especiais ou outros danos indiretos resultantes de qualquer uso das informa\u00e7\u00f5es deste site e tamb\u00e9m pelas consequ\u00eancias do autotratamento.<\/p>\n","protected":false},"excerpt":{"rendered":"<p>O col\u00edrio Bimat Gen\u00e9rico \u00e9 usado por pacientes que foram diagnosticados com press\u00e3o intraocular elevada, condi\u00e7\u00e3o que pode levar ao glaucoma. Se n\u00e3o for tratado, o glaucoma pode levar \u00e0 cegueira. Ao reduzir a press\u00e3o intraocular, o risco de cegueira associado a esta condi\u00e7\u00e3o \u00e9 drasticamente reduzido.<\/p>\n","protected":false},"featured_media":8228,"comment_status":"open","ping_status":"closed","template":"","meta":[],"product_brand":[],"product_cat":[462],"product_tag":[],"class_list":{"0":"post-8264","1":"product","2":"type-product","3":"status-publish","4":"has-post-thumbnail","6":"product_cat-colirio-pt","7":"pa_active_substance-bimatoprost","9":"first","10":"instock","11":"shipping-taxable","12":"product-type-variable"},"jetpack_sharing_enabled":true,"_links":{"self":[{"href":"https:\/\/pharmacy-content.com\/wp-json\/wp\/v2\/product\/8264","targetHints":{"allow":["GET"]}}],"collection":[{"href":"https:\/\/pharmacy-content.com\/wp-json\/wp\/v2\/product"}],"about":[{"href":"https:\/\/pharmacy-content.com\/wp-json\/wp\/v2\/types\/product"}],"replies":[{"embeddable":true,"href":"https:\/\/pharmacy-content.com\/wp-json\/wp\/v2\/comments?post=8264"}],"wp:featuredmedia":[{"embeddable":true,"href":"https:\/\/pharmacy-content.com\/wp-json\/wp\/v2\/media\/8228"}],"wp:attachment":[{"href":"https:\/\/pharmacy-content.com\/wp-json\/wp\/v2\/media?parent=8264"}],"wp:term":[{"taxonomy":"product_brand","embeddable":true,"href":"https:\/\/pharmacy-content.com\/wp-json\/wp\/v2\/product_brand?post=8264"},{"taxonomy":"product_cat","embeddable":true,"href":"https:\/\/pharmacy-content.com\/wp-json\/wp\/v2\/product_cat?post=8264"},{"taxonomy":"product_tag","embeddable":true,"href":"https:\/\/pharmacy-content.com\/wp-json\/wp\/v2\/product_tag?post=8264"}],"curies":[{"name":"wp","href":"https:\/\/api.w.org\/{rel}","templated":true}]}}