{"id":8412,"date":"2026-04-22T07:09:31","date_gmt":"2026-04-22T07:09:31","guid":{"rendered":""},"modified":"2026-04-22T07:09:40","modified_gmt":"2026-04-22T07:09:40","slug":"vermox-3","status":"publish","type":"product","link":"https:\/\/pharmacy-content.com\/?product=vermox-3&lang=fr","title":{"rendered":"Vermox"},"content":{"rendered":"<p>Usage courant<br \/>\nIl est utilis\u00e9 dans le traitement des infections caus\u00e9es par les oxyures, les trichures, les ankylostomes et les ascaris. Son composant actif, le m\u00e9bendazole, emp\u00eache les vers de cro\u00eetre ou de se multiplier dans votre corps.<br \/>\nDosage et mode d&#8217;emploi<br \/>\nPrenez Vermox exactement comme votre m\u00e9decin vous l&#8217;a prescrit avec un grand verre d&#8217;eau.<br \/>\nPr\u00e9cautions<br \/>\nSuivez toutes les instructions de votre m\u00e9decin concernant traitement, lavage des draps, des v\u00eatements et des serviettes, car les infections par les oxyures se transmettent facilement d&#8217;une personne \u00e0 l&#8217;autre.<br \/>\nContre-indications<br \/>\nDiscutez avec votre m\u00e9decin de toutes les affections que vous pourriez avoir avant de commencer \u00e0 prendre Vermox. Il n&#8217;est pas recommand\u00e9 de prendre ce m\u00e9dicament si vous \u00eates enceinte ou si vous pourriez le devenir pendant le traitement. On ne sait pas si Vermox passe dans le lait maternel. Ne le prenez pas sans l&#8217;accord du m\u00e9decin si vous allaitez. Les enfants de moins de 2 ans ne doivent pas prendre de m\u00e9bendazole.<br \/>\nEffets secondaires possibles<br \/>\nSi vous ressentez des r\u00e9actions allergiques telles que de l&#8217;urticaire, un gonflement des l\u00e8vres, de la langue, une fermeture de la gorge, un essoufflement, consultez imm\u00e9diatement un m\u00e9decin.<br \/>\nDe plus, moins des effets secondaires graves peuvent survenir, tels que des douleurs abdominales, de la diarrh\u00e9e ou de la fi\u00e8vre. Si vous en ressentez, continuez \u00e0 prendre Vermox et parlez-en \u00e0 votre m\u00e9decin.<br \/>\nInteractions m\u00e9dicamenteuses<br \/>\nLes effets de Vermox peuvent \u00eatre diminu\u00e9s par des m\u00e9dicaments contre les convulsions, tels que l&#8217;\u00e9thoto\u00efne (Peganone), la ph\u00e9nyto\u00efne (Dilantin), la m\u00e9ph\u00e9nyto\u00efne (Mesantoin) et la carbamaz\u00e9pine. (Tegretol).<br \/>\nDiscutez avec votre m\u00e9decin avant de prendre des m\u00e9dicaments sur ordonnance ou en vente libre, y compris des vitamines, des min\u00e9raux et des produits \u00e0 base de plantes.<br \/>\nDose oubli\u00e9e<br \/>\nSi vous oubliez une dose, utilisez-la d\u00e8s que vous vous en souvenez. S&#8217;il est presque l&#8217;heure de la dose suivante, sautez la dose oubli\u00e9e et reprenez votre programme de dosage habituel. Ne doublez pas la dose pour rattraper le retard.<br \/>\nSurdosage<br \/>\nLes sympt\u00f4mes d&#8217;un surdosage de Vermox sont des vomissements, des naus\u00e9es, de la diarrh\u00e9e et des douleurs abdominales. Consultez imm\u00e9diatement un m\u00e9decin si un surdosage est suspect\u00e9.<br \/>\nConservation<br \/>\nConserver \u00e0 temp\u00e9rature ambiante inf\u00e9rieure \u00e0 86 degr\u00e9s F (30 degr\u00e9s C), \u00e0 l&#8217;abri de la lumi\u00e8re et de l&#8217;humidit\u00e9. Ne pas ranger dans la salle de bain. Gardez tous les m\u00e9dicaments hors de port\u00e9e des enfants et des animaux domestiques.<br \/>\nAvertissement<br \/>\nNous fournissons uniquement des informations g\u00e9n\u00e9rales sur les m\u00e9dicaments, qui ne couvrent pas toutes les instructions, les interactions m\u00e9dicamenteuses possibles ou les pr\u00e9cautions. Les informations pr\u00e9sentes sur le site ne peuvent \u00eatre utilis\u00e9es \u00e0 des fins d&#8217;auto-traitement et d&#8217;autodiagnostic. Toute instruction sp\u00e9cifique pour un patient particulier doit \u00eatre convenue avec votre conseiller m\u00e9dical ou votre m\u00e9decin en charge du cas. Nous d\u00e9clinons la fiabilit\u00e9 de ces informations ainsi que les erreurs qu&#8217;elles pourraient contenir. Nous ne sommes pas responsables de tout dommage direct, indirect, sp\u00e9cial ou autre indirect r\u00e9sultant de toute utilisation des informations pr\u00e9sentes sur ce site, ainsi que des cons\u00e9quences d&#8217;un auto-traitement.<\/p>\n","protected":false},"excerpt":{"rendered":"<p>Vermox est utilis\u00e9 dans le traitement des infections caus\u00e9es par des vers comme les trichoc\u00e9phales, les oxyures, les ascaris et les ankylostomes.<\/p>\n","protected":false},"featured_media":8400,"comment_status":"open","ping_status":"closed","template":"","meta":[],"product_brand":[],"product_cat":[480],"product_tag":[],"class_list":{"0":"post-8412","1":"product","2":"type-product","3":"status-publish","4":"has-post-thumbnail","6":"product_cat-sante-generale-fr","7":"pa_active_substance-mebendazole","9":"first","10":"instock","11":"shipping-taxable","12":"product-type-variable"},"jetpack_sharing_enabled":true,"_links":{"self":[{"href":"https:\/\/pharmacy-content.com\/index.php?rest_route=\/wp\/v2\/product\/8412","targetHints":{"allow":["GET"]}}],"collection":[{"href":"https:\/\/pharmacy-content.com\/index.php?rest_route=\/wp\/v2\/product"}],"about":[{"href":"https:\/\/pharmacy-content.com\/index.php?rest_route=\/wp\/v2\/types\/product"}],"replies":[{"embeddable":true,"href":"https:\/\/pharmacy-content.com\/index.php?rest_route=%2Fwp%2Fv2%2Fcomments&post=8412"}],"wp:featuredmedia":[{"embeddable":true,"href":"https:\/\/pharmacy-content.com\/index.php?rest_route=\/wp\/v2\/media\/8400"}],"wp:attachment":[{"href":"https:\/\/pharmacy-content.com\/index.php?rest_route=%2Fwp%2Fv2%2Fmedia&parent=8412"}],"wp:term":[{"taxonomy":"product_brand","embeddable":true,"href":"https:\/\/pharmacy-content.com\/index.php?rest_route=%2Fwp%2Fv2%2Fproduct_brand&post=8412"},{"taxonomy":"product_cat","embeddable":true,"href":"https:\/\/pharmacy-content.com\/index.php?rest_route=%2Fwp%2Fv2%2Fproduct_cat&post=8412"},{"taxonomy":"product_tag","embeddable":true,"href":"https:\/\/pharmacy-content.com\/index.php?rest_route=%2Fwp%2Fv2%2Fproduct_tag&post=8412"}],"curies":[{"name":"wp","href":"https:\/\/api.w.org\/{rel}","templated":true}]}}