{"id":8424,"date":"2026-04-22T07:09:33","date_gmt":"2026-04-22T07:09:33","guid":{"rendered":""},"modified":"2026-04-22T07:09:40","modified_gmt":"2026-04-22T07:09:40","slug":"vermox-5","status":"publish","type":"product","link":"https:\/\/pharmacy-content.com\/?product=vermox-5&lang=es","title":{"rendered":"Vermox"},"content":{"rendered":"<p>Uso com\u00fan<br \/>\nSe utiliza en el tratamiento de infecciones causadas por oxiuros, tricoc\u00e9falos, anquilostomas y asc\u00e1rides. Su componente activo, mebendazol, evita que los gusanos crezcan o se multipliquen en su cuerpo.<br \/>\nDosis e instrucciones<br \/>\nTome Vermox exactamente como se lo recet\u00f3 su m\u00e9dico con un vaso lleno de agua.<br \/>\nPrecauciones<br \/>\nSiga todas las instrucciones de su m\u00e9dico con respecto a tratamiento, lavado de ropa de cama, ropa y toallas, ya que las infecciones por oxiuros se transmiten f\u00e1cilmente de una persona a otra.<br \/>\nContraindicaciones<br \/>\nHable con su m\u00e9dico de todas las condiciones que pueda tener antes de comenzar a tomar Vermox. No se recomienda tomar el medicamento si est\u00e1 embarazada o podr\u00eda quedar embarazada durante el tratamiento. No se sabe si Vermox pasa a la leche materna. No lo tomes sin la aprobaci\u00f3n del m\u00e9dico si est\u00e1s amamantando. Los ni\u00f1os menores de 2 a\u00f1os no deben tomar mebendazol.<br \/>\nPosibles efectos secundarios<br \/>\nSi experimenta reacciones al\u00e9rgicas como urticaria, hinchaz\u00f3n de labios, lengua, cierre de garganta, dificultad para respirar, busque atenci\u00f3n m\u00e9dica de inmediato.<br \/>\nAdem\u00e1s, menos Pueden producirse efectos secundarios graves, como dolor abdominal, diarrea o fiebre. Si los experimenta, contin\u00fae tomando Vermox e inf\u00f3rmele a su m\u00e9dico.<br \/>\nInteracci\u00f3n con otros medicamentos<br \/>\nLos efectos de Vermox pueden disminuir con medicamentos para las convulsiones, como etoto\u00edna (Peganone), fenito\u00edna (Dilantin), mefenito\u00edna (Mesantoin) y carbamazepina. (Tegretol).<br \/>\nHable con su m\u00e9dico antes de tomar cualquier medicamento recetado o de venta libre, incluidas vitaminas, minerales y productos herbales.<br \/>\nDosis omitida<br \/>\nSi omite una dosis, \u00fasela tan pronto como se acuerde. Si se acerca la hora de la siguiente dosis, omita la dosis olvidada y reanude su horario de dosificaci\u00f3n habitual. No duplique la dosis para ponerse al d\u00eda.<br \/>\nSobredosis<br \/>\nLos s\u00edntomas de una sobredosis de Vermox son v\u00f3mitos, n\u00e1useas, diarrea y dolor abdominal. Busque atenci\u00f3n m\u00e9dica de inmediato si se sospecha una sobredosis.<br \/>\nAlmacenamiento<br \/>\nGuarde a temperatura ambiente por debajo de 86 grados F (30 grados C), protegido de la luz y la humedad. No guardar en el ba\u00f1o. Mantenga todos los medicamentos fuera del alcance de los ni\u00f1os y las mascotas.<br \/>\nDescargo de responsabilidad<br \/>\nSolo proporcionamos informaci\u00f3n general sobre los medicamentos, que no cubre todas las instrucciones, posibles interacciones entre medicamentos ni precauciones. La informaci\u00f3n contenida en el sitio no se puede utilizar para autotratamiento y autodiagn\u00f3stico. Cualquier instrucci\u00f3n espec\u00edfica para un paciente en particular debe acordarse con su asesor sanitario o m\u00e9dico a cargo del caso. Renunciamos a la fiabilidad de esta informaci\u00f3n y a cualquier error que pueda contener. No somos responsables de ning\u00fan da\u00f1o directo, indirecto, especial u otro da\u00f1o indirecto como resultado de cualquier uso de la informaci\u00f3n en este sitio, y tampoco de las consecuencias del autotratamiento.<\/p>\n","protected":false},"excerpt":{"rendered":"<p>Vermox se utiliza para tratar infecciones causadas por lombrices como la tricoc\u00e9fala, la oxiurosis, la asc\u00e1ride y la anquilostomiasis.<\/p>\n","protected":false},"featured_media":8400,"comment_status":"open","ping_status":"closed","template":"","meta":[],"product_brand":[],"product_cat":[486],"product_tag":[],"class_list":{"0":"post-8424","1":"product","2":"type-product","3":"status-publish","4":"has-post-thumbnail","6":"product_cat-salud-general-es","7":"pa_active_substance-mebendazole","9":"first","10":"instock","11":"shipping-taxable","12":"product-type-variable"},"jetpack_sharing_enabled":true,"_links":{"self":[{"href":"https:\/\/pharmacy-content.com\/index.php?rest_route=\/wp\/v2\/product\/8424","targetHints":{"allow":["GET"]}}],"collection":[{"href":"https:\/\/pharmacy-content.com\/index.php?rest_route=\/wp\/v2\/product"}],"about":[{"href":"https:\/\/pharmacy-content.com\/index.php?rest_route=\/wp\/v2\/types\/product"}],"replies":[{"embeddable":true,"href":"https:\/\/pharmacy-content.com\/index.php?rest_route=%2Fwp%2Fv2%2Fcomments&post=8424"}],"wp:featuredmedia":[{"embeddable":true,"href":"https:\/\/pharmacy-content.com\/index.php?rest_route=\/wp\/v2\/media\/8400"}],"wp:attachment":[{"href":"https:\/\/pharmacy-content.com\/index.php?rest_route=%2Fwp%2Fv2%2Fmedia&parent=8424"}],"wp:term":[{"taxonomy":"product_brand","embeddable":true,"href":"https:\/\/pharmacy-content.com\/index.php?rest_route=%2Fwp%2Fv2%2Fproduct_brand&post=8424"},{"taxonomy":"product_cat","embeddable":true,"href":"https:\/\/pharmacy-content.com\/index.php?rest_route=%2Fwp%2Fv2%2Fproduct_cat&post=8424"},{"taxonomy":"product_tag","embeddable":true,"href":"https:\/\/pharmacy-content.com\/index.php?rest_route=%2Fwp%2Fv2%2Fproduct_tag&post=8424"}],"curies":[{"name":"wp","href":"https:\/\/api.w.org\/{rel}","templated":true}]}}