{"id":8471,"date":"2026-04-22T07:09:46","date_gmt":"2026-04-22T07:09:46","guid":{"rendered":""},"modified":"2026-04-22T07:10:01","modified_gmt":"2026-04-22T07:10:01","slug":"baclofen-2","status":"publish","type":"product","link":"https:\/\/pharmacy-content.com\/?product=baclofen-2&lang=de","title":{"rendered":"Baclofen"},"content":{"rendered":"<p>Allgemeine Anwendung<br \/>\nBaclosign wird zur Behandlung von Skelettmuskelkr\u00e4mpfen, Muskelklonus, Muskelkr\u00e4mpfen, Steifheit, R\u00fcckenmarksverletzungen und Schmerzen verwendet, die durch Erkrankungen wie Multiple Sklerose verursacht werden. Baclosign wirkt durch die Entspannung der Skelettmuskulatur, der Muskeln, die das Skelett bewegen (und auch quergestreifte Muskeln genannt werden).<br \/>\nDosierung und Anwendung<br \/>\nNehmen Sie Baclosign genau so ein, wie es Ihnen Ihr Arzt verschrieben hat. Nehmen Sie das Medikament nicht in gr\u00f6\u00dferen Dosen oder \u00fcber einen l\u00e4ngeren Zeitraum ein. Nehmen Sie dieses Arzneimittel oral mit einem Schluck Wasser ein. Schluck es. Die \u00fcbliche Anfangsdosis von Baclosign f\u00fcr Erwachsene betr\u00e4gt 5 mg dreimal t\u00e4glich. Die Dosis kann alle drei Tage um 15 mg auf maximal 80 mg\/Tag in mehreren Dosen erh\u00f6ht werden.<br \/>\nVorsichtsma\u00dfnahmen<br \/>\nIhr Arzt muss Ihre Krankengeschichte kennen, insbesondere \u00fcber Nierenerkrankungen, Diabetes, Krampfanf\u00e4lle, Schlaganfall, ungew\u00f6hnliche oder allergische Erkrankungen Reaktion auf Baclosign, andere Medikamente, Lebensmittel, Farbstoffe oder Konservierungsstoffe. Sie sollten Ihren Arzt informieren, wenn Sie schwanger sind oder versuchen, schwanger zu werden, und wenn Sie stillen. Wenn Sie die Einnahme Ihres Arzneimittels pl\u00f6tzlich abbrechen, kann es zu einer schweren Reaktion kommen. Die Dosis wird im Laufe der Zeit langsam gesenkt, um Nebenwirkungen zu vermeiden, und Ihr Arzt muss diesen Prozess kontrollieren. Befolgen Sie den Rat Ihres Arztes. Es kann sein, dass Sie schl\u00e4frig oder schwindelig werden, wenn Sie mit der Einnahme des Arzneimittels beginnen oder die Dosis \u00e4ndern. Sie sollten langsam aufstehen oder aufstehen. Fahren Sie nicht, bedienen Sie keine Maschinen und tun Sie nichts, was Ihre Aufmerksamkeit erfordert und gef\u00e4hrlich sein kann. Unterbrechen Sie diese Art von Aktivit\u00e4t, bis Sie wissen, wie sich das Arzneimittel auf Sie auswirkt.<br \/>\nKontraindikationen<br \/>\nPatienten mit einer Allergie gegen Baclosign sollten es nicht einnehmen. Informieren Sie Ihren Arzt vor der Einnahme von Baclosign \u00fcber Ihre Allergie gegen andere Arzneimittel. Auch wenn Sie an einer Nierenerkrankung, Epilepsie oder einer anderen Anfallserkrankung leiden oder in der Vergangenheit einen Schlaganfall oder Blutgerinnsel hatten, m\u00fcssen Sie dies mit Ihrem Arzt besprechen, und es ist m\u00f6glich, dass Sie dieses Medikament nicht einnehmen werden.<br \/>\nM\u00f6gliche Nebenwirkungen<br \/>\nDa ist eine Liste von Nebenwirkungen, \u00fcber die Sie unverz\u00fcglich Ihren Arzt oder das medizinische Fachpersonal informieren sollten. Dazu geh\u00f6ren allergische Reaktionen wie Hautausschlag, Juckreiz oder Nesselsucht, Anschwellen des Gesichts, der Lippen oder der Zunge, Schmerzen in der Brust, Verstopfung, niedriger Blutdruck, Halluzinationen, Erbrechen, Atemdepression, Schlaflosigkeit und erh\u00f6hte H\u00e4ufigkeit des Wasserlassens oder Harnverhalt. Beschlagnahme. Dar\u00fcber hinaus gibt es eine weitere Liste von Nebenwirkungen, die in der Regel keiner \u00e4rztlichen Behandlung bed\u00fcrfen. Sie sollten jedoch Ihren Arzt oder das medizinische Fachpersonal informieren, wenn sie anhalten oder st\u00f6rend sind. Dazu geh\u00f6rt Verwirrung.<br \/>\nArzneimittelwechselwirkungen<br \/>\nBaclosign kann mit den n\u00e4chsten Medikamenten und Produkten wie Alkohol, Antihistaminika, Medikamenten gegen Depressionen, Angstzust\u00e4nden und anderen psychischen Erkrankungen, Medikamenten gegen Schmerzen wie Codein, Oxycodon, Tramadol und Propoxyphen sowie Medikamenten gegen Schlafst\u00f6rungen interagieren , Phenobarbital. Die Einnahme von Baclosign zusammen mit anderen Arzneimitteln kann zu einer zus\u00e4tzlichen Beeintr\u00e4chtigung der Gehirnfunktion f\u00fchren. Beispielsweise kann die gleichzeitige Anwendung von Baclosign und trizyklischen Antidepressiva zu Muskelschw\u00e4che f\u00fchren; Die Verwendung von Baclosign und Monoaminoxidasehemmern kann zu einer st\u00e4rkeren Beeintr\u00e4chtigung der Gehirnfunktion sowie zu niedrigem Blutdruck f\u00fchren.<br \/>\nVerpasste Dosis<br \/>\nWenn Sie eine Dosis vergessen haben, nehmen Sie sie so bald wie m\u00f6glich ein. Wenn es fast Zeit f\u00fcr Ihre n\u00e4chste Dosis ist, nehmen Sie nur diese Dosis ein. Nehmen Sie keine doppelten oder zus\u00e4tzlichen Dosen ein.<br \/>\n\u00dcberdosierung<br \/>\nWenn Sie glauben, zu viel von diesem Arzneimittel eingenommen zu haben, sollten Sie sich sofort an eine Giftnotrufzentrale oder Notaufnahme wenden.<br \/>\nLagerung<br \/>\nBei Raumtemperatur zwischen 15 und 30 \u00b0C (59 \u00b0C) lagern und 86 Grad F). Bewahren Sie den Beh\u00e4lter fest verschlossen und au\u00dferhalb der Reichweite von Kindern auf.<br \/>\nHaftungsausschluss<br \/>\nWir stellen nur allgemeine Informationen zu Medikamenten zur Verf\u00fcgung, die nicht alle Anwendungsgebiete, m\u00f6gliche Wechselwirkungen mit anderen Arzneimitteln oder Vorsichtsma\u00dfnahmen abdecken. Die Informationen auf der Website k\u00f6nnen nicht zur Selbstbehandlung und Selbstdiagnose verwendet werden. Spezifische Anweisungen f\u00fcr einen bestimmten Patienten sollten mit Ihrem Gesundheitsberater oder dem f\u00fcr den Fall zust\u00e4ndigen Arzt vereinbart werden. Wir lehnen die Zuverl\u00e4ssigkeit dieser Informationen und etwaige darin enthaltene Fehler ab. Wir haften nicht f\u00fcr direkte, indirekte, besondere oder sonstige indirekte Sch\u00e4den, die sich aus der Nutzung der Informationen auf dieser Website ergeben, sowie f\u00fcr Folgen der Selbstbehandlung.<\/p>\n","protected":false},"excerpt":{"rendered":"<p>Baclofen Generisch wird zur Behandlung von Kr\u00e4mpfen der Skelettmuskulatur, Muskelklonus, Muskelkr\u00e4mpfen, Steifheit, R\u00fcckenmarksverletzungen und Schmerzen verwendet, die durch Erkrankungen wie Multiple Sklerose verursacht werden.<\/p>\n","protected":false},"featured_media":8461,"comment_status":"open","ping_status":"closed","template":"","meta":[],"product_brand":[],"product_cat":[507],"product_tag":[],"class_list":{"0":"post-8471","1":"product","2":"type-product","3":"status-publish","4":"has-post-thumbnail","6":"product_cat-schmerzlinderung-de","7":"pa_active_substance-baclofen","9":"first","10":"instock","11":"shipping-taxable","12":"product-type-variable"},"jetpack_sharing_enabled":true,"_links":{"self":[{"href":"https:\/\/pharmacy-content.com\/index.php?rest_route=\/wp\/v2\/product\/8471","targetHints":{"allow":["GET"]}}],"collection":[{"href":"https:\/\/pharmacy-content.com\/index.php?rest_route=\/wp\/v2\/product"}],"about":[{"href":"https:\/\/pharmacy-content.com\/index.php?rest_route=\/wp\/v2\/types\/product"}],"replies":[{"embeddable":true,"href":"https:\/\/pharmacy-content.com\/index.php?rest_route=%2Fwp%2Fv2%2Fcomments&post=8471"}],"wp:featuredmedia":[{"embeddable":true,"href":"https:\/\/pharmacy-content.com\/index.php?rest_route=\/wp\/v2\/media\/8461"}],"wp:attachment":[{"href":"https:\/\/pharmacy-content.com\/index.php?rest_route=%2Fwp%2Fv2%2Fmedia&parent=8471"}],"wp:term":[{"taxonomy":"product_brand","embeddable":true,"href":"https:\/\/pharmacy-content.com\/index.php?rest_route=%2Fwp%2Fv2%2Fproduct_brand&post=8471"},{"taxonomy":"product_cat","embeddable":true,"href":"https:\/\/pharmacy-content.com\/index.php?rest_route=%2Fwp%2Fv2%2Fproduct_cat&post=8471"},{"taxonomy":"product_tag","embeddable":true,"href":"https:\/\/pharmacy-content.com\/index.php?rest_route=%2Fwp%2Fv2%2Fproduct_tag&post=8471"}],"curies":[{"name":"wp","href":"https:\/\/api.w.org\/{rel}","templated":true}]}}