{"id":8580,"date":"2026-04-22T07:10:10","date_gmt":"2026-04-22T07:10:10","guid":{"rendered":""},"modified":"2026-04-22T07:10:19","modified_gmt":"2026-04-22T07:10:19","slug":"orlistat-4","status":"publish","type":"product","link":"https:\/\/pharmacy-content.com\/?product=orlistat-4&lang=it","title":{"rendered":"Orlistat"},"content":{"rendered":"<p>Uso comune<\/p>\n<p>Xenical \u00e8 un inibitore della lipasi che ha usato per aiutare a perdere il peso e anche di evitare di tornare. Xenical \u00e8 prescritto per i soggetti obesi e per le persone in sovrappeso che hanno altri problemi di salute come il diabete, pressione alta o colesterolo alto. Xenical blocca l&#8217;assorbimento dei grassi nel sangue, vi riducendo il numero di calorie che si ottiene da un pasto. \u00c8 possibile utilizzare Xenical insieme con la dieta e gli esercizi per ottenere pi\u00f9 benefici. Si noti inoltre che, fintanto che si prende il farmaco si ottengono risultati.<\/p>\n<p>Dosaggio e direzioni<\/p>\n<p>Consultare il proprio medico prima di utilizzare. Non utilizzare pi\u00f9 di quanto fosse previsto. Prendere per via orale, generalmente tre volte al giorno durante (o fino ad un&#8217;ora dopo) ogni pasto principale che contiene grassi. Si dovrebbe prendere un multivitaminico aggiunta tra cui le vitamine A, D, E e K per garantire la buona fornitura. L&#8217;aggiunta deve essere assunto almeno due ore prima o dopo di prendere questo farmaco, come ad esempio prima di andare a letto.<br \/>\nLa dose raccomandata per adulti e bambini sotto i 12 anni \u00e8 una capsula da 120 mg 3 volte al giorno.<br \/>\nNota: questa istruzione presentato qui solo per la revisione. E&#8217; molto necessario consultare il medico prima di utilizzare. Essa vi aiuter\u00e0 ad avere migliori risultati.<\/p>\n<p>Precauzioni<\/p>\n<p>Non assumere questo farmaco senza il parere medico se lei ha una sindrome da malassorbimento cronico, o problemi di colecisti. Non utilizzare Xenical se la vostra storia clinica comprende calcoli renali, hanno anoressia o bulimia, diabete, prendere ciclosporina, o fare qualunque altra medicina di perdita di peso. La perdita di peso inizia entro due settimane e continua per anni. L&#8217;effetto di utilizzare Xenical per pi\u00f9 di 2 anni \u00e8 ancora unknown. If hai il diabete, la perdita di peso \u00e8 in grado di ridurre i livelli di zucchero nel sangue. Consultare il medico per il dosaggio di Xenical se si sta prendendo un farmaco orale del diabete o di insulina. Xenical non deve essere usato durante la gravidanza, diventando la gravidanza o in allattamento. Non utilizzare prima di allattare senza il permesso del medico.<\/p>\n<p>Controindicazioni<\/p>\n<p>Xenical \u00e8 controindicato in:<br \/>\nMalassorbimento<br \/>\ncolecisti funzione ridotta (ad esempio dopo colecistectomia)<br \/>\nGravidanza e allattamento<br \/>\nalcune malattie dei reni<br \/>\nSi noti che la sicurezza e l&#8217;efficacia di Xenical nei bambini di et\u00e0 inferiore ai 12 anni non sono state stabilite.<\/p>\n<p>Possibili effetti collaterali<\/p>\n<p>Essi possono includere tutti i tipi di una reazione allergica. Smettere di prendere Xenical subito se hai forti dolori allo stomaco superiore diffusione verso la schiena, nausea e vomito, e una frequenza cardiaca veloce. Anche gli effetti collaterali pi\u00f9 possibili sono:<br \/>\nspotting oleoso nella vostra biancheria intima;<br \/>\nsgabelli oleosi o grassi;<br \/>\narancione o marrone olio colorato nelle feci;<br \/>\nil gas di scarico, uno scarico oleoso;<br \/>\nperdita di feci, o un bisogno urgente di andare in bagno, incapacit\u00e0 di controllare i movimenti intestinali;<br \/>\nun maggior numero di movimenti intestinali;<br \/>\nmal di stomaco, nausea, vomito, diarrea, dolore rettale;<br \/>\nperdita di appetito, debolezza, feci color argilla, urine scure, prurito, o ittero.<br \/>\nMeno gravi sono:<br \/>\nproblemi con i denti o gengive;<br \/>\nsintomi del raffreddore, quali naso chiuso, starnuti, tosse;<br \/>\nfebbre, brividi, mal di gola, sintomi influenzali;<br \/>\nmal di testa, dolore alla schiena;<br \/>\neruzione cutanea lieve.<br \/>\nSe si verifica uno di loro smettere di usare Xenical e informare il medico il pi\u00f9 presto possibile. Inoltre consultare il proprio medico di qualsiasi effetto indesiderato che sembra insolito.<\/p>\n<p>Interazione farmacologica<\/p>\n<p>Xenical interagire con le seguenti farmaci: ciclosporina e Warfarin. Si noti inoltre che l&#8217;interazione tra due farmaci non sempre significa che si deve interrompere l&#8217;assunzione di uno di loro. Come al solito colpisce \u00e8 l&#8217;effetto della droga, cos\u00ec consultare il proprio medico su come le interazioni sono gestite o dovrebbero essere gestiti.<\/p>\n<p>Dose<\/p>\n<p>Se hai dimenticato di prendere la dose nel tempo, si prega di farlo non appena si ricorda. Ma non prendete se \u00e8 troppo tardi, o quasi ora per la dose successiva. Non aumentare la dose raccomandata. Prenda la dose di solito il giorno dopo nello stesso tempo regolarmente.<\/p>\n<p>Overdose<\/p>\n<p>I sintomi di overdose Xenical non sono noti. Ma se si verifica uno dei sintomi insoliti chiamare immediatamente il medico.<\/p>\n<p>Conservazione<\/p>\n<p>Conservare a temperatura ambiente tra i 20-25 C (68-77 F).<\/p>\n<p>Declinazione della responsabilita<\/p>\n<p>Noi forniamo solo informazioni di carattere generale su farmaci che non copre tutte le direzioni, integrazioni farmacologiche, o precauzioni. Informazioni presso il sito non pu\u00f2 essere utilizzato per l&#8217;auto-trattamento e di auto-diagnosi. Eventuali istruzioni specifiche per un particolare paziente deve essere concordato con il proprio consulente sanitario o medico incaricato del caso. Decliniamo l&#8217;affidabilit\u00e0 di queste informazioni e potrebbe contenere errori. Noi non siamo responsabili per qualsiasi danno diretto, indiretto, speciale o di altro indiretta, a seguito di qualsiasi utilizzo delle informazioni presenti su questo sito e anche per le conseguenze di auto-trattamento.<\/p>\n","protected":false},"excerpt":{"rendered":"<p>Orlistat \u00e8 un inibitore delle lipasi che aiuta a dimagrire e a mantenere il peso forma.<\/p>\n","protected":false},"featured_media":8562,"comment_status":"open","ping_status":"closed","template":"","meta":[],"product_brand":[],"product_cat":[543],"product_tag":[],"class_list":{"0":"post-8580","1":"product","2":"type-product","3":"status-publish","4":"has-post-thumbnail","6":"product_cat-perdita-di-peso-it","7":"pa_active_substance-orlistat","9":"first","10":"instock","11":"shipping-taxable","12":"product-type-variable"},"jetpack_sharing_enabled":true,"_links":{"self":[{"href":"https:\/\/pharmacy-content.com\/index.php?rest_route=\/wp\/v2\/product\/8580","targetHints":{"allow":["GET"]}}],"collection":[{"href":"https:\/\/pharmacy-content.com\/index.php?rest_route=\/wp\/v2\/product"}],"about":[{"href":"https:\/\/pharmacy-content.com\/index.php?rest_route=\/wp\/v2\/types\/product"}],"replies":[{"embeddable":true,"href":"https:\/\/pharmacy-content.com\/index.php?rest_route=%2Fwp%2Fv2%2Fcomments&post=8580"}],"wp:featuredmedia":[{"embeddable":true,"href":"https:\/\/pharmacy-content.com\/index.php?rest_route=\/wp\/v2\/media\/8562"}],"wp:attachment":[{"href":"https:\/\/pharmacy-content.com\/index.php?rest_route=%2Fwp%2Fv2%2Fmedia&parent=8580"}],"wp:term":[{"taxonomy":"product_brand","embeddable":true,"href":"https:\/\/pharmacy-content.com\/index.php?rest_route=%2Fwp%2Fv2%2Fproduct_brand&post=8580"},{"taxonomy":"product_cat","embeddable":true,"href":"https:\/\/pharmacy-content.com\/index.php?rest_route=%2Fwp%2Fv2%2Fproduct_cat&post=8580"},{"taxonomy":"product_tag","embeddable":true,"href":"https:\/\/pharmacy-content.com\/index.php?rest_route=%2Fwp%2Fv2%2Fproduct_tag&post=8580"}],"curies":[{"name":"wp","href":"https:\/\/api.w.org\/{rel}","templated":true}]}}