{"id":8645,"date":"2026-04-22T07:10:26","date_gmt":"2026-04-22T07:10:26","guid":{"rendered":""},"modified":"2026-04-22T07:10:40","modified_gmt":"2026-04-22T07:10:40","slug":"diflucan-3","status":"publish","type":"product","link":"https:\/\/pharmacy-content.com\/?product=diflucan-3&lang=fr","title":{"rendered":"Diflucan"},"content":{"rendered":"<p>Usage g\u00e9n\u00e9ral<br \/>\nDiflucan est un antibiotique antifongique qui avait l&#8217;habitude de traiter candidiasis appel\u00e9 d&#8217;infections fongiques. Cette m\u00e9dication est prescrite pour le traitement un tel type d&#8217;infections comme vaginale, la gorge et les infections fongiques, les infections de l&#8217;\u00e9tendue urinaire, le p\u00e9ritonite et la pneumonie. Diflucan travaille en tuant des champignons sensibles en interf\u00e9rant de la formation de la membrane de cellule fongique.<br \/>\nDosage et administration<br \/>\nPrenez-le oralement une fois par jour, avec ou sans nourriture en utilisant la cuill\u00e8re mesurante. Prenez-le en m\u00eame temps chaque jour si vous voulez recevoir le meilleur r\u00e9sultat avec un plein verre d&#8217;eau. Diflucan te font se sentir mieux apr\u00e8s 24 heures. Cependant, tes sympt\u00f4mes partent compl\u00e8tement juste apr\u00e8s quelques jours. S&#8217;il n&#8217;y a aucun changement dans votre sant\u00e9 apr\u00e8s que quelques jours s&#8217;entretiennent avec votre m\u00e9decin traitant immediatl.<br \/>\nLe dosage pour les adultes diff\u00e9rents du type d&#8217;infection et se compose :<br \/>\n1) La grive g\u00e9nitale &#8211; 150 mgs comme une dose seule<br \/>\n2) La grive de Mucosal &#8211; la dose d\u00e9pend d&#8217;o\u00f9 l&#8217;infection est localis\u00e9e 50 mgs une fois tous les jours pendant le mois.<br \/>\n3) Les infections de peau fongiques &#8211; 50 mgs une fois tous les jours depuis 2-4 semaines;<br \/>\n4) Les infections fongiques int\u00e9rieures 400 mgs le premier jour alors 200-400mg une fois tous les jours depuis 6-8 semaines ou plus long si n\u00e9cessaire.<br \/>\n5) T&#8217;arr\u00eater de recevoir des infections fongiques &#8211; 50-400mg une fois tous les jours pendant que tu as le risque de recevoir une infection;<br \/>\n6) Arr\u00eater l&#8217;infection provoqu\u00e9e par Cryptococcus de revenir &#8211; 100-200mg une fois tous les jours ind\u00e9finiment<br \/>\nLe dosage pour les enfants 4 semaines \u00e0 15 ans aussi diff\u00e9rents du type d&#8217;infection et se compose :<br \/>\n1) les infections de mucosal &#8211; 3mg\/kg une fois tous les jours;<br \/>\n2) les infections fongiques int\u00e9rieures &#8211; 6-12mg\/kg une fois tous les jours;<br \/>\n3) la pr\u00e9vention d&#8217;infections fongiques &#8211; 3-12mg\/kg une fois tous les jours pendant qu&#8217;en danger de recevoir une infection.<br \/>\nPour les enfants 2-4 semaines c&#8217;est m\u00eame dose qu&#8217;au-dessus, mais donn\u00e9 une fois tous les 2 jours. Une dose maximum de 12mg\/kg tous les 2 jours.<br \/>\nPour les enfants moins de 2 semaines c&#8217;est m\u00eame dose qu&#8217;au-dessus, mais donn\u00e9 une fois tous les 3 jours. Ne donnez pas plus alors 12mg\/kg tous les 3 jours.<br \/>\nNotez : cette instruction pr\u00e9sent\u00e9e ici juste pour la r\u00e9vision. Il est tr\u00e8s n\u00e9cessaire de s&#8217;entretenir avec votre m\u00e9decin traitant avant l&#8217;utilisation. Il a vousaide \u00e0 recevoir les meilleurs r\u00e9sultats.<br \/>\nPr\u00e9cautions<br \/>\nPour les infections de levure vaginales, les docteurs prescrivent d&#8217;habitude une dose seule de Diflucan. Si l&#8217;infection de levure ne s&#8217;am\u00e9liore pas apr\u00e8s 5 jours, contactez votre m\u00e9decin traitant aussit\u00f4t que possible. Faites attention \u00e0 cette m\u00e9dication si votre histoire m\u00e9dicale inclut la maladie de foie ou la maladie du rein. Bien que rare, ce m\u00e9dicament peut vous faire donner le vertige, ainsi \u00eatre plus attentifs pendant que vous conduisez ou utilises des machines. Consommation d&#8217;alcool de limite. Diflucan ne devrait pas \u00eatre utilis\u00e9 pendant la grossesse, en devenant pregnantor produisant du lait sans le conseil de m\u00e9decin traitant. N&#8217;utilisez pas avant l&#8217;alimentation du sein sans le conseil de m\u00e9decin traitant.<br \/>\nContre-indications<br \/>\nDiflucan n&#8217;est pas permis aux gens qui sont l&#8217;hypersensibilit\u00e9 \u00e0 Fluconazole ou d&#8217;autres pr\u00e9parations azole fongiques anti-, eg clotrimazole, ketoconazole, itraconazole et d&#8217;autre. Aussi Diflucan a contre-indiqu\u00e9 dans :<br \/>\nRein et d\u00e9sordres de foie;<br \/>\nLes maladies cardiovasculaires en incluant des maladies du c\u0153ur (le taux du c\u0153ur ou les d\u00e9rangements de rythme);<br \/>\nLes niveaux de sang bas de calcium, magn\u00e9sium ou potassium.<br \/>\nEffet secondaire possible<br \/>\nIls peuvent inclure une r\u00e9action allergique : ruches; respiration de difficult\u00e9; en se gonflant de votre visage, l\u00e8vres, langue, ou gorge. Aussi les Effets secondaires possibles les plus possibles incluent :<br \/>\nla naus\u00e9e, la douleur d&#8217;estomac, la fi\u00e8vre basse, la perte d&#8217;app\u00e9tit, urine sombre, tabourets \u00e0 la couleur d&#8217;argile, la jaunisse (yellowing de la peau ou des yeux);<br \/>\nla fi\u00e8vre, les fra\u00eecheurs, les maux de corps, les sympt\u00f4mes de grippe;<br \/>\nle fait de cloquer s\u00e9v\u00e8re, l&#8217;\u00e9pluchage et les rougeurs de peau rouges;<br \/>\nle fait de faire facilement des bleus facile ou le saignement, la faiblesse inhabituelle; ou<br \/>\nsaisie (convulsions).<br \/>\nMoins s\u00e9rieux incluez :<br \/>\nla naus\u00e9e l\u00e9g\u00e8re, le vomissement, la diarrh\u00e9e, ou l&#8217;estomac d\u00e9rang\u00e9;<br \/>\nmal de t\u00eate;<br \/>\nvertige;<br \/>\ngo\u00fbt inhabituel ou d\u00e9sagr\u00e9able dans ta bouche; ou<br \/>\nrougeurs de peau ou d\u00e9mangeaison.<br \/>\nSi vous connaisez un d&#8217;entre eux arr\u00eatent d&#8217;utiliser Serevent et disent \u00e0 votre m\u00e9decin traitant aussit\u00f4t que possible. Entretenez-vous aussi avec votre m\u00e9decin traitant sur n&#8217;importe quel effet secondaire qui semble inhabituel.<br \/>\nAction r\u00e9ciproque de m\u00e9dicament<br \/>\nDiflucan communiquent avec une telle m\u00e9dication que :<br \/>\nun sang plus mince tel que warfarin (Coumadin)<br \/>\ncyclosporine (Gengraf, Sandimmune, Neoral);<br \/>\nune m\u00e9decine de diab\u00e8te orale telle que glipizide (Glucotrol), glyburide (Diabeta, Micronase, Glynase), tolbutamide (Orinase), tolazamide (Tolinase), chlorpropamide (Diabinese) et d&#8217;autres;<br \/>\nrifabutin (Mycobutin) ou rifampin (Rifadin, Rifater, Rifamate, Rimactane);<br \/>\nun s\u00e9datif tel que diazepam (le Valium), lorazepam (Ativan), alprazolam (Xanax), ou midazolam (Vers\u00e9);<br \/>\nla m\u00e9dication de saisie telle que phenytoin (Dilantin) ou acide valproic (Depakene);<br \/>\ntacrolimus ((Prograf);<br \/>\ntheophylline (Theo-Dur, Theolair, Theochron, Elixophyllin, Slo-Phyllin, d&#8217;autres).<br \/>\nNotez aussi que l&#8217;action r\u00e9ciproque entre deux m\u00e9dications toujours ne signifie pas que vous<br \/>\ndevez arr\u00eater de prendre un d&#8217;entre eux. Comme d&#8217;habitude il affecte l&#8217;effet de m\u00e9dicaments, entretenez-vous ainsi avec votre m\u00e9decin traitant sur comment cela les actions r\u00e9ciproques sont dirig\u00e9es ou devraient \u00eatre dirig\u00e9es.<br \/>\nOmission de dose<br \/>\nSi vous manquez une dose, prenez la aussit\u00f4t que vous vous en apercevez. Si c&#8217;est pr\u00e8s de l&#8217;herue de la dose suivante, sautez la dose manqu\u00e9e et reprenez votre programme de dosage ordinaire. Ne doublez pas la dose pour vous ratraper. Appelez votre docteur si vous oublier 2 ou plus doses d&#8217;affil\u00e9e.<br \/>\nSurdosage<br \/>\nAvertisser imm\u00e9diatment les secours d&#8217;urgence(m\u00e9decins ,pompier..) si vous croyez que vous avez trop utilis\u00e9 ce m\u00e9dicament. Les sympt\u00f4mes d&#8217;overdose peuvent inclure : la nervosit\u00e9 sudation extr\u00eame excessive, le battement de coeur rapide\/irr\u00e9gulier, la douleur de poitrine, les saisies.<br \/>\nConservation<br \/>\nEntreposer \u00e0 la temp\u00e9rature ambiante entre 15 et 30 degr\u00e9s Celsius (59 et 86 degr\u00e9s Fahrenheit). Garder le contenant bien ferm\u00e9 hors de la port\u00e9e des enfants.<br \/>\nNe conservez pas vos medicaments dans la salle de bains.<br \/>\nDisclaimer (avis de non responsabilit\u00e9)<br \/>\nNous fournissons des renseignements \u00e0 caract\u00e8res uniquement g\u00e9n\u00e9raux sur les m\u00e9dicaments qui n\u2019englobent pas tous les domaines, les polyvalences possibles du m\u00e9dicament, ou les pr\u00e9cautions. Les renseignements sur le site ne peuvent \u00eatre utilis\u00e9s pour un traitement personnel et un diagnostic personnel. Toute instruction sp\u00e9cifique pour un patient particulier devrait \u00eatre consult\u00e9e avec votre conseiller de soins de sant\u00e9 ou votre m\u00e9decin responsable du cas. Nous refusons toute r\u00e9f\u00e9rence au caract\u00e8re ind\u00e9niable de ces renseignements et des erreurs qu&#8217;ils pourraient contenir. Nous ne sommes pas responsables de tout dommage direct ou indirect, sp\u00e9cial ou d\u2019autre dommage \u00e0 la suite de toute utilisation des renseignements sur ce site et \u00e9galement pour les cons\u00e9quences de l\u2019auto-traitement.<\/p>\n","protected":false},"excerpt":{"rendered":"<p>Diflucan est un antibiotique antifongique utilis\u00e9 contre la candidose de diff\u00e9rents organes, y compris de la r\u00e9gion g\u00e9nitale.<\/p>\n","protected":false},"featured_media":8623,"comment_status":"open","ping_status":"closed","template":"","meta":[],"product_brand":[],"product_cat":[570],"product_tag":[],"class_list":{"0":"post-8645","1":"product","2":"type-product","3":"status-publish","4":"has-post-thumbnail","6":"product_cat-sante-des-femmes-fr","7":"pa_active_substance-fluconazole","9":"first","10":"instock","11":"shipping-taxable","12":"product-type-variable"},"jetpack_sharing_enabled":true,"_links":{"self":[{"href":"https:\/\/pharmacy-content.com\/index.php?rest_route=\/wp\/v2\/product\/8645","targetHints":{"allow":["GET"]}}],"collection":[{"href":"https:\/\/pharmacy-content.com\/index.php?rest_route=\/wp\/v2\/product"}],"about":[{"href":"https:\/\/pharmacy-content.com\/index.php?rest_route=\/wp\/v2\/types\/product"}],"replies":[{"embeddable":true,"href":"https:\/\/pharmacy-content.com\/index.php?rest_route=%2Fwp%2Fv2%2Fcomments&post=8645"}],"wp:featuredmedia":[{"embeddable":true,"href":"https:\/\/pharmacy-content.com\/index.php?rest_route=\/wp\/v2\/media\/8623"}],"wp:attachment":[{"href":"https:\/\/pharmacy-content.com\/index.php?rest_route=%2Fwp%2Fv2%2Fmedia&parent=8645"}],"wp:term":[{"taxonomy":"product_brand","embeddable":true,"href":"https:\/\/pharmacy-content.com\/index.php?rest_route=%2Fwp%2Fv2%2Fproduct_brand&post=8645"},{"taxonomy":"product_cat","embeddable":true,"href":"https:\/\/pharmacy-content.com\/index.php?rest_route=%2Fwp%2Fv2%2Fproduct_cat&post=8645"},{"taxonomy":"product_tag","embeddable":true,"href":"https:\/\/pharmacy-content.com\/index.php?rest_route=%2Fwp%2Fv2%2Fproduct_tag&post=8645"}],"curies":[{"name":"wp","href":"https:\/\/api.w.org\/{rel}","templated":true}]}}