{"id":8722,"date":"2026-04-22T07:10:37","date_gmt":"2026-04-22T07:10:37","guid":{"rendered":""},"modified":"2026-04-22T07:10:41","modified_gmt":"2026-04-22T07:10:41","slug":"diflucan-10","status":"publish","type":"product","link":"https:\/\/pharmacy-content.com\/?product=diflucan-10&lang=cs","title":{"rendered":"Diflucan"},"content":{"rendered":"<p>B\u011b\u017en\u00e9 pou\u017eit\u00ed<br \/>\nDiflucan pat\u0159\u00ed do t\u0159\u00eddy antifung\u00e1ln\u00edch antibiotik. Tento l\u00e9k se pou\u017e\u00edv\u00e1 k l\u00e9\u010db\u011b houbov\u00fdch infekc\u00ed, zn\u00e1m\u00fdch jako kandid\u00f3za. Je p\u0159edeps\u00e1n k l\u00e9\u010db\u011b infekc\u00ed, jako jsou vagin\u00e1ln\u00ed, kr\u010dn\u00ed a houbov\u00e9 infekce, infekce mo\u010dov\u00fdch cest, peritonitida a pneumonie. Diflucan p\u016fsob\u00ed tak, \u017ee ni\u010d\u00ed citliv\u00e9 houby t\u00edm, \u017ee zasahuje do tvorby bun\u011b\u010dn\u00e9 membr\u00e1ny hub.<br \/>\nD\u00e1vkov\u00e1n\u00ed a pokyny<br \/>\nU\u017e\u00edvejte jej \u00fastn\u011b jednou denn\u011b, s j\u00eddlem nebo bez n\u011bj, pomoc\u00ed odm\u011brn\u00e9 l\u017e\u00edce. U\u017eijte jej ve stejnou dobu ka\u017ed\u00fd den pro nejlep\u0161\u00ed v\u00fdsledek s plnou sklenic\u00ed vody. Diflucan za\u010dne p\u016fsobit do 24 hodin. Va\u0161e p\u0159\u00edznaky by m\u011bly \u00fapln\u011b vymizet b\u011bhem n\u011bkolika dn\u016f. Pokud se va\u0161e zdrav\u00ed po n\u011bkolika dnech nezlep\u0161\u00ed, okam\u017eit\u011b se pora\u010fte se sv\u00fdm l\u00e9ka\u0159em.<br \/>\nD\u00e1vkov\u00e1n\u00ed pro dosp\u011bl\u00e9 se li\u0161\u00ed podle typu infekce a zahrnuje:<br \/>\n1) Genit\u00e1ln\u00ed myk\u00f3za &#8211; 150 mg jako jednor\u00e1zov\u00e1 d\u00e1vka<br \/>\n2) Muko\u0161\u00e1ln\u00ed myk\u00f3za &#8211; d\u00e1vka z\u00e1vis\u00ed na m\u00edst\u011b infekce, 50 mg jednou denn\u011b po dobu jednoho m\u011bs\u00edce.<br \/>\n3) Houbov\u00e9 ko\u017en\u00ed infekce &#8211; 50 mg jednou denn\u011b po dobu 2-4 t\u00fddn\u016f;<br \/>\n4) Vnit\u0159n\u00ed houbov\u00e9 infekce &#8211; 400 mg prvn\u00ed den, pot\u00e9 200-400 mg jednou denn\u011b po dobu 6-8 t\u00fddn\u016f nebo d\u00e9le, pokud je to nutn\u00e9.<br \/>\n5) Prevence houbov\u00fdch infekc\u00ed &#8211; 50-400 mg jednou denn\u011b, pokud jste v riziku vzniku infekce;<br \/>\n6) Prevence recidivy infekce zp\u016fsoben\u00e9 Cryptococcus &#8211; 100-200 mg jednou denn\u011b na dobu neur\u010ditou.<br \/>\nD\u00e1vkov\u00e1n\u00ed pro d\u011bti od 4 t\u00fddn\u016f do 15 let se tak\u00e9 li\u0161\u00ed podle typu infekce a zahrnuje:<br \/>\n1) Muko\u0161\u00e1ln\u00ed infekce &#8211; 3 mg\/kg jednou denn\u011b;<br \/>\n2) Vnit\u0159n\u00ed houbov\u00e9 infekce &#8211; 6-12 mg\/kg jednou denn\u011b;<br \/>\n3) Prevence houbov\u00fdch infekc\u00ed &#8211; 3-12 mg\/kg jednou denn\u011b, pokud jste v riziku vzniku infekce.<br \/>\nPro d\u011bti 2-4 t\u00fddny star\u00e9 se pod\u00e1v\u00e1 stejn\u00e1 d\u00e1vka, ale jednou ka\u017ed\u00e9 2 dny, s maxim\u00e1ln\u00ed d\u00e1vkou 12 mg\/kg ka\u017ed\u00e9 2 dny. Pro d\u011bti mlad\u0161\u00ed ne\u017e 2 t\u00fddny se pod\u00e1v\u00e1 stejn\u00e1 d\u00e1vka, ale jednou ka\u017ed\u00e9 3 dny. Nepod\u00e1vejte v\u00edce ne\u017e 12 mg\/kg ka\u017ed\u00e9 3 dny.<br \/>\nPozn\u00e1mka: Tento n\u00e1vod je uveden pouze k p\u0159ehledu. Je velmi d\u016fle\u017eit\u00e9 se p\u0159ed pou\u017eit\u00edm poradit se sv\u00fdm l\u00e9ka\u0159em, aby se dos\u00e1hlo nejlep\u0161\u00edch v\u00fdsledk\u016f.<br \/>\nOpat\u0159en\u00ed<br \/>\nP\u0159i vagin\u00e1ln\u00edch kvasinkov\u00fdch infekc\u00edch obvykle l\u00e9ka\u0159i p\u0159edepisuj\u00ed jednor\u00e1zovou d\u00e1vku Diflucanu. Pokud se kvasinkov\u00e1 infekce po 5 dnech nezlep\u0161\u00ed, kontaktujte sv\u00e9ho l\u00e9ka\u0159e co nejd\u0159\u00edve. Bu\u010fte opatrn\u00ed s t\u00edmto l\u00e9kem, pokud m\u00e1te v anamn\u00e9ze jatern\u00ed nebo ledvinov\u00e9 onemocn\u011bn\u00ed. I kdy\u017e to nen\u00ed b\u011b\u017en\u00e9, tento l\u00e9k v\u00e1s m\u016f\u017ee m\u00edt za d\u016fsledek z\u00e1vrat\u011b, bu\u010fte tedy opatrn\u00ed p\u0159i \u0159\u00edzen\u00ed nebo pou\u017e\u00edv\u00e1n\u00ed stroj\u016f. Omezte p\u0159\u00edjem alkoholu. Diflucan by nem\u011bl b\u00fdt pou\u017e\u00edv\u00e1n b\u011bhem t\u011bhotenstv\u00ed, p\u0159i ot\u011bhotn\u011bn\u00ed nebo kojen\u00ed bez l\u00e9ka\u0159sk\u00e9ho doporu\u010den\u00ed. Nepou\u017e\u00edvejte ho p\u0159ed kojen\u00edm bez l\u00e9ka\u0159sk\u00e9ho doporu\u010den\u00ed.<br \/>\nKontraindikace<br \/>\nDiflucan nen\u00ed povolen lidem, kte\u0159\u00ed maj\u00ed hypersenzitivn\u00ed reakci na Fluconazol nebo jin\u00e9 antifung\u00e1ln\u00ed azolov\u00e9 p\u0159\u00edpravky, jako jsou klotrimazol, ketokonazol, itrakonazol a dal\u0161\u00ed. Diflucan je tak\u00e9 kontraindikov\u00e1n u:<br \/>\n&#8211; Onemocn\u011bn\u00ed ledvin a jater;<br \/>\n&#8211; Kardiovaskul\u00e1rn\u00ed onemocn\u011bn\u00ed v\u010detn\u011b srde\u010dn\u00edch onemocn\u011bn\u00ed (poruchy srde\u010dn\u00edho rytmu);<br \/>\n&#8211; N\u00edzk\u00e9 hladiny v\u00e1pn\u00edku, ho\u0159\u010d\u00edku nebo drasl\u00edku v krvi.<br \/>\nMo\u017en\u00e9 vedlej\u0161\u00ed \u00fa\u010dinky<br \/>\nMohou zahrnovat alergickou reakci: kop\u0159ivku; pot\u00ed\u017ee s d\u00fdch\u00e1n\u00edm; otok obli\u010deje, rt\u016f, jazyka nebo krku. Mezi nejb\u011b\u017en\u011bj\u0161\u00ed vedlej\u0161\u00ed \u00fa\u010dinky pat\u0159\u00ed:<br \/>\n&#8211; Nevolnost, bolest b\u0159icha, n\u00edzk\u00e1 hore\u010dka, ztr\u00e1ta chuti k j\u00eddlu, tmav\u00e1 mo\u010d, bled\u00e9 stolice, \u017eloutenka (ze\u017eloutnut\u00ed pleti nebo o\u010d\u00ed);<br \/>\n&#8211; Hore\u010dka, zimnice, bolest t\u011bla, p\u0159\u00edznaky ch\u0159ipky;<br \/>\n&#8211; T\u011b\u017ek\u00e9 puch\u00fd\u0159e, odlupuj\u00edc\u00ed se a \u010derven\u00e1 ko\u017en\u00ed vyr\u00e1\u017eka;<br \/>\n&#8211; Snadn\u00e9 mod\u0159iny nebo krv\u00e1cen\u00ed, neobvykl\u00e1 slabost; nebo<br \/>\n&#8211; Z\u00e1chvat (konvulze).<br \/>\nM\u00e9n\u011b z\u00e1va\u017en\u00e9 vedlej\u0161\u00ed \u00fa\u010dinky zahrnuj\u00ed:<br \/>\n&#8211; M\u00edrn\u00e1 nevolnost, zvracen\u00ed, pr\u016fjem nebo rozru\u0161en\u00fd \u017ealudek;<br \/>\n&#8211; Bolest hlavy;<br \/>\n&#8211; Z\u00e1vrat\u011b;<br \/>\n&#8211; Neobvykl\u00e1 nebo nep\u0159\u00edjemn\u00e1 chu\u0165 v \u00fastech; nebo<br \/>\n&#8211; Ko\u017en\u00ed vyr\u00e1\u017eka nebo sv\u011bd\u011bn\u00ed.<br \/>\nPokud za\u017eijete n\u011bkter\u00fd z t\u011bchto p\u0159\u00edznak\u016f, p\u0159esta\u0148te u\u017e\u00edvat Diflucan a co nejd\u0159\u00edve informujte sv\u00e9ho l\u00e9ka\u0159e. Tak\u00e9 se pora\u010fte se sv\u00fdm l\u00e9ka\u0159em o jak\u00e9mkoli vedlej\u0161\u00edm \u00fa\u010dinku, kter\u00fd se zd\u00e1 b\u00fdt neobvykl\u00fd.<br \/>\nInterakce s l\u00e9ky<br \/>\nDiflucan interaguje s l\u00e9ky jako:<br \/>\n&#8211; Antikoagulant, jako je warfarin (Coumadin)<br \/>\n&#8211; Cyklosporin (Gengraf, Sandimmune, Neoral);<br \/>\n&#8211; Or\u00e1ln\u00ed l\u00e9ky na cukrovku, jako je glipizid (Glucotrol), glyburid (Diabeta, Micronase, Glynase), tolbutamid (Orinase), tolazamid (Tolinase), chlorpropamid (Diabinese) a dal\u0161\u00ed;<br \/>\n&#8211; Rifabutin (Mycobutin) nebo rifampin (Rifadin, Rifater, Rifamate, Rimactane);<br \/>\n&#8211; Sedativa, jako je diazepam (Valium), lorazepam (Ativan), alprazolam (Xanax) nebo midazolam (Versed);<br \/>\n&#8211; L\u00e9ky na epilepsii, jako je fenytoin (Dilantin) nebo valproov\u00e1 kyselina (Depakene);<br \/>\n&#8211; Takrolimus (Prograf);<br \/>\n&#8211; Teofylin (Theo-Dur, Theolair, Theochron, Elixophyllin, Slo-Phyllin a dal\u0161\u00ed).<br \/>\nPamatujte, \u017ee interakce mezi dv\u011bma l\u00e9ky neznamen\u00e1 v\u017edy, \u017ee mus\u00edte p\u0159estat u\u017e\u00edvat jeden z nich. Obvykle to ovliv\u0148uje \u00fa\u010dinnost l\u00e9k\u016f, proto se pora\u010fte se sv\u00fdm l\u00e9ka\u0159em, jak tyto interakce \u0159\u00eddit nebo by m\u011bly b\u00fdt \u0159\u00edzeny.<br \/>\nVynechan\u00e1 d\u00e1vka<br \/>\nPokud jste zapomn\u011bli vz\u00edt svou d\u00e1vku v\u010das, ud\u011blejte to hned, jak si vzpomenete. Ale nepou\u017e\u00edvejte ji, pokud je p\u0159\u00edli\u0161 pozd\u011b nebo se bl\u00ed\u017e\u00ed \u010das na dal\u0161\u00ed d\u00e1vku. Nepou\u017e\u00edvejte dvojn\u00e1sobn\u00e9 nebo extra d\u00e1vky. Dal\u0161\u00ed den si vezm\u011bte svou obvyklou d\u00e1vku ve stejnou pravidelnou dobu.<br \/>\nP\u0159ed\u00e1vkov\u00e1n\u00ed<br \/>\nP\u0159\u00edznaky p\u0159ed\u00e1vkov\u00e1n\u00ed Diflucanem mohou zahrnovat zmatenost nebo neobvykl\u00e9 my\u0161lenky \u010di chov\u00e1n\u00ed. Pokud za\u017eijete n\u011bkter\u00fd z t\u011bchto p\u0159\u00edznak\u016f, okam\u017eit\u011b zavolejte sv\u00e9mu l\u00e9ka\u0159i.<br \/>\nSkladov\u00e1n\u00ed<br \/>\nUchov\u00e1vejte p\u0159i pokojov\u00e9 teplot\u011b mezi 59-77 \u00b0F (15-25 \u00b0C), mimo sv\u011btlo a vlhkost, mimo dosah d\u011bt\u00ed a dom\u00e1c\u00edch zv\u00ed\u0159at. Nepou\u017e\u00edvejte po uplynut\u00ed doby pou\u017eitelnosti.<br \/>\nZ\u0159eknut\u00ed se odpov\u011bdnosti<br \/>\nPoskytujeme pouze obecn\u00e9 informace o l\u00e9c\u00edch, kter\u00e9 nezahrnuj\u00ed v\u0161echny pokyny, mo\u017en\u00e9 l\u00e9kov\u00e9 interakce nebo opat\u0159en\u00ed. Informace na webu nelze pou\u017e\u00edt pro samol\u00e9\u010dbu a sebediagn\u00f3zu. Jak\u00e9koli konkr\u00e9tn\u00ed pokyny pro konkr\u00e9tn\u00edho pacienta by m\u011bly b\u00fdt projedn\u00e1ny s va\u0161\u00edm zdravotnick\u00fdm poradcem nebo l\u00e9ka\u0159em, kter\u00fd se o p\u0159\u00edpad star\u00e1. Z\u0159\u00edk\u00e1me se odpov\u011bdnosti za spolehlivost t\u011bchto informac\u00ed a jak\u00e9koli chyby, kter\u00e9 by mohly obsahovat. Nejsme odpov\u011bdn\u00ed za \u017e\u00e1dn\u00e9 p\u0159\u00edm\u00e9, nep\u0159\u00edm\u00e9, zvl\u00e1\u0161tn\u00ed nebo jin\u00e9 \u0161kody, kter\u00e9 mohou vzniknout v d\u016fsledku pou\u017eit\u00ed informac\u00ed na tomto webu, a tak\u00e9 za n\u00e1sledky samol\u00e9\u010dby.<\/p>\n","protected":false},"excerpt":{"rendered":"<p>Diflucan Generic je antifung\u00e1ln\u00ed antibiotikum pou\u017e\u00edvan\u00e9 proti kandid\u00f3ze r\u016fzn\u00fdch org\u00e1n\u016f v\u010detn\u011b oblasti genit\u00e1li\u00ed.<\/p>\n","protected":false},"featured_media":8623,"comment_status":"open","ping_status":"closed","template":"","meta":[],"product_brand":[],"product_cat":[591],"product_tag":[],"class_list":{"0":"post-8722","1":"product","2":"type-product","3":"status-publish","4":"has-post-thumbnail","6":"product_cat-zdravi-zen-cs","7":"pa_active_substance-fluconazole","9":"first","10":"instock","11":"shipping-taxable","12":"product-type-variable"},"jetpack_sharing_enabled":true,"_links":{"self":[{"href":"https:\/\/pharmacy-content.com\/index.php?rest_route=\/wp\/v2\/product\/8722","targetHints":{"allow":["GET"]}}],"collection":[{"href":"https:\/\/pharmacy-content.com\/index.php?rest_route=\/wp\/v2\/product"}],"about":[{"href":"https:\/\/pharmacy-content.com\/index.php?rest_route=\/wp\/v2\/types\/product"}],"replies":[{"embeddable":true,"href":"https:\/\/pharmacy-content.com\/index.php?rest_route=%2Fwp%2Fv2%2Fcomments&post=8722"}],"wp:featuredmedia":[{"embeddable":true,"href":"https:\/\/pharmacy-content.com\/index.php?rest_route=\/wp\/v2\/media\/8623"}],"wp:attachment":[{"href":"https:\/\/pharmacy-content.com\/index.php?rest_route=%2Fwp%2Fv2%2Fmedia&parent=8722"}],"wp:term":[{"taxonomy":"product_brand","embeddable":true,"href":"https:\/\/pharmacy-content.com\/index.php?rest_route=%2Fwp%2Fv2%2Fproduct_brand&post=8722"},{"taxonomy":"product_cat","embeddable":true,"href":"https:\/\/pharmacy-content.com\/index.php?rest_route=%2Fwp%2Fv2%2Fproduct_cat&post=8722"},{"taxonomy":"product_tag","embeddable":true,"href":"https:\/\/pharmacy-content.com\/index.php?rest_route=%2Fwp%2Fv2%2Fproduct_tag&post=8722"}],"curies":[{"name":"wp","href":"https:\/\/api.w.org\/{rel}","templated":true}]}}